{"id":1045,"date":"2022-06-15T10:48:04","date_gmt":"2022-06-15T08:48:04","guid":{"rendered":"https:\/\/www.hagainitiativet.se\/?post_type=foretag&#038;p=1045"},"modified":"2026-02-04T11:55:11","modified_gmt":"2026-02-04T10:55:11","slug":"varopreem","status":"publish","type":"foretag","link":"http:\/\/www.hagainitiativet.se\/en\/foretag\/varopreem\/","title":{"rendered":"VAROPreem"},"content":{"rendered":"","protected":false},"featured_media":1047,"template":"","class_list":["post-1045","foretag","type-foretag","status-publish","has-post-thumbnail","hentry"],"meta_box":{"klimatm\u00e5l":"<p><strong>Klimatm\u00e5l<br \/>\n<\/strong>VAROPreem m\u00e5l \u00e4r att uppvisa en helt klimatneutral v\u00e4rdekedja senast \u00e5r 2035. Utsl\u00e4ppen ska minska i samtliga led med s\u00e4rskilt fokus p\u00e5 utsl\u00e4ppsminskningar i de delar av v\u00e4rdekedjan d\u00e4r de \u00e4r som h\u00f6gst, och d\u00e4r klimatp\u00e5verkan snabbast kan minska. Till \u00e5r 2030 ska utsl\u00e4ppen ha minskat med 30 procent, och utsl\u00e4ppen i Scope 1 och 2 halveras, j\u00e4mf\u00f6rt bas\u00e5ret 2018.<\/p>\n<p><strong>Hur skall m\u00e5len n\u00e5s?<br \/>\n<\/strong>VAROPreem n\u00e5r klimatm\u00e5let genom att anpassa raffinaderierna till en f\u00f6rnybar och minskad produktion, v\u00e4xla till h\u00e5llbara resurser, f\u00e5nga in och binda koldioxid samt anpassa kunderbjudandet till behoven i ett h\u00e5llbart samh\u00e4lle. St\u00f6rst fokus ligger p\u00e5 att v\u00e4xla \u00f6ver produktionen till f\u00f6rnybara drivmedel. M\u00e5let \u00e4r att producera minst 5 miljoner kubikmeter f\u00f6rnybara drivmedel \u00e5r 2035.<\/p>\n<p><strong>Kontaktperson<\/strong><br \/>\nKatarina Thorling , Chef h\u00e5llbarhetsutveckling, VAROPreem<br \/>\n<a href=\"mailto:Katarina.Thorling@preem.se\">Katarina.Thorling@preem.se<\/a><\/p>\n","vd":"Magnus Heimburg","titel":"vd, VAROPreem","citat":"VAROPreems vision \u00e4r att leda omst\u00e4llningen till ett h\u00e5llbart samh\u00e4lle, och h\u00e5llbarhetsarbetet har sedan l\u00e4nge varit en integrerad del i v\u00e5r aff\u00e4rsverksamhet d\u00e4r alla inom f\u00f6retaget \u00e4r engagerade i omst\u00e4llningen fr\u00e5n fossilt till f\u00f6rnybart. V\u00e5r omst\u00e4llning m\u00f6jligg\u00f6r att utsl\u00e4ppen fr\u00e5n transportsektorn kan minska i linje med de uppsatta klimatm\u00e5len. Medlemskapet i Hagainitiativet ger oss en stark plattform, att tillsammans med andra ambiti\u00f6sa f\u00f6retag, visa att n\u00e4ringslivet kan genomf\u00f6ra klimatomst\u00e4llningen p\u00e5 ett ekonomiskt h\u00e5llbart och konkurrenskraftigt s\u00e4tt."},"_links":{"self":[{"href":"http:\/\/www.hagainitiativet.se\/en\/wp-json\/wp\/v2\/foretag\/1045","targetHints":{"allow":["GET"]}}],"collection":[{"href":"http:\/\/www.hagainitiativet.se\/en\/wp-json\/wp\/v2\/foretag"}],"about":[{"href":"http:\/\/www.hagainitiativet.se\/en\/wp-json\/wp\/v2\/types\/foretag"}],"wp:featuredmedia":[{"embeddable":true,"href":"http:\/\/www.hagainitiativet.se\/en\/wp-json\/wp\/v2\/media\/1047"}],"wp:attachment":[{"href":"http:\/\/www.hagainitiativet.se\/en\/wp-json\/wp\/v2\/media?parent=1045"}],"curies":[{"name":"wp","href":"https:\/\/api.w.org\/{rel}","templated":true}]}}

<p><strong>Klimatmål<br />
</strong>VAROPreem mål är att uppvisa en helt klimatneutral värdekedja senast år 2035. Utsläppen ska minska i samtliga led med särskilt fokus på utsläppsminskningar i de delar av värdekedjan där de är som högst, och där klimatpåverkan snabbast kan minska. Till år 2030 ska utsläppen ha minskat med 30 procent, och utsläppen i Scope 1 och 2 halveras, jämfört basåret 2018.</p>
<p><strong>Hur skall målen nås?<br />
</strong>VAROPreem når klimatmålet genom att anpassa raffinaderierna till en förnybar och minskad produktion, växla till hållbara resurser, fånga in och binda koldioxid samt anpassa kunderbjudandet till behoven i ett hållbart samhälle. Störst fokus ligger på att växla över produktionen till förnybara drivmedel. Målet är att producera minst 5 miljoner kubikmeter förnybara drivmedel år 2035.</p>
<p><strong>Kontaktperson</strong><br />
Katarina Thorling , Chef hållbarhetsutveckling, VAROPreem<br />
<a href="mailto:Katarina.Thorling@preem.se">Katarina.Thorling@preem.se</a></p>

VAROPreems vision är att leda omställningen till ett hållbart samhälle, och hållbarhetsarbetet har sedan länge varit en integrerad del i vår affärsverksamhet där alla inom företaget är engagerade i omställningen från fossilt till förnybart. Vår omställning möjliggör att utsläppen från transportsektorn kan minska i linje med de uppsatta klimatmålen. Medlemskapet i Hagainitiativet ger oss en stark plattform, att tillsammans med andra ambitiösa företag, visa att näringslivet kan genomföra klimatomställningen på ett ekonomiskt hållbart och konkurrenskraftigt sätt.
