{"id":2185,"date":"2014-05-20T16:55:00","date_gmt":"2014-05-20T14:55:00","guid":{"rendered":"https:\/\/www.hagainitiativet.se\/?post_type=inlagg&#038;p=2185"},"modified":"2022-08-12T10:26:35","modified_gmt":"2022-08-12T08:26:35","slug":"intervju-jens-henriksson-vd-folksam","status":"publish","type":"inlagg","link":"https:\/\/www.hagainitiativet.se\/en\/inlagg\/intervju-jens-henriksson-vd-folksam\/","title":{"rendered":"Intervju: Jens Henriksson, VD, Folksam"},"content":{"rendered":"","protected":false},"excerpt":{"rendered":"","protected":false},"featured_media":2187,"parent":0,"template":"","kategori":[18,17],"class_list":["post-2185","inlagg","type-inlagg","status-publish","has-post-thumbnail","hentry","kategori-intervjuer","kategori-nyheter"],"meta_box":{"show_post_en":"0","text":"<p><strong>Vad fick er att bli intresserade av att g\u00e5 med i Hagainitiativet?\u00a0<\/strong>\u00a0Hagainitiativet \u00e4r en professionell plattform f\u00f6r de f\u00f6retag inom n\u00e4ringslivet som vill visa p\u00e5 vikten av att ta l\u00e5ngsiktigt ansvar. Folksam ser potentialen i att n\u00e4tverka och diskutera b\u00e5de risk och m\u00f6jliga l\u00f6sningar kopplade till klimatf\u00f6r\u00e4ndringarna.<\/p>\n<p><strong>P\u00e5 vilket s\u00e4tt kan f\u00f6rs\u00e4kringsbranschen bidra till\u00a0klimatomst\u00e4llningen?<\/strong>\u00a0Genom att aktivt p\u00e5verka de branscher vi verkar i och det kapital vi f\u00f6rvaltar. En viktig fr\u00e5ga f\u00f6r v\u00e5ra kunder \u00e4r hur de sj\u00e4lva kan g\u00f6ra mer h\u00e5llbara val i sin vardag, tex vilken bil som \u00e4r b\u00e4st ur s\u00e4ker- och milj\u00f6synpunkt och vilken v\u00e4ggf\u00e4rg som h\u00e5ller b\u00e4st utan farliga kemikalier. Som bevis p\u00e5 v\u00e5rt arbete \u00e4r vi certifierade med Naturskyddsf\u00f6reningens Bra Milj\u00f6val f\u00f6r b\u00e5de v\u00e5r bil och villaf\u00f6rs\u00e4kring<em>.<\/em><\/p>\n<p><strong>Vilka \u00e4r de viktigaste drivkrafterna bakom att ni\u00a0p\u00e5 Folksam arbetar\u00a0med milj\u00f6- och klimatfr\u00e5gor?\u00a0<\/strong>\u00a0Vi tror p\u00e5 att l\u00f6nsamhet ligger i att kombinera hj\u00e4rna och hj\u00e4rta i aff\u00e4ren. Folksams ekonomiska styrka bygger p\u00e5 att v\u00e5ra kunder ska k\u00e4nna sig trygga i en h\u00e5llbar v\u00e4rld.<\/p>\n","qoute":"","name":"","title-company":""},"_links":{"self":[{"href":"https:\/\/www.hagainitiativet.se\/en\/wp-json\/wp\/v2\/inlagg\/2185","targetHints":{"allow":["GET"]}}],"collection":[{"href":"https:\/\/www.hagainitiativet.se\/en\/wp-json\/wp\/v2\/inlagg"}],"about":[{"href":"https:\/\/www.hagainitiativet.se\/en\/wp-json\/wp\/v2\/types\/inlagg"}],"wp:featuredmedia":[{"embeddable":true,"href":"https:\/\/www.hagainitiativet.se\/en\/wp-json\/wp\/v2\/media\/2187"}],"wp:attachment":[{"href":"https:\/\/www.hagainitiativet.se\/en\/wp-json\/wp\/v2\/media?parent=2185"}],"wp:term":[{"taxonomy":"kategori","embeddable":true,"href":"https:\/\/www.hagainitiativet.se\/en\/wp-json\/wp\/v2\/kategori?post=2185"}],"curies":[{"name":"wp","href":"https:\/\/api.w.org\/{rel}","templated":true}]}}

<p><strong>Vad fick er att bli intresserade av att gå med i Hagainitiativet? </strong> Hagainitiativet är en professionell plattform för de företag inom näringslivet som vill visa på vikten av att ta långsiktigt ansvar. Folksam ser potentialen i att nätverka och diskutera både risk och möjliga lösningar kopplade till klimatförändringarna.</p>
<p><strong>På vilket sätt kan försäkringsbranschen bidra till klimatomställningen?</strong> Genom att aktivt påverka de branscher vi verkar i och det kapital vi förvaltar. En viktig fråga för våra kunder är hur de själva kan göra mer hållbara val i sin vardag, tex vilken bil som är bäst ur säker- och miljösynpunkt och vilken väggfärg som håller bäst utan farliga kemikalier. Som bevis på vårt arbete är vi certifierade med Naturskyddsföreningens Bra Miljöval för både vår bil och villaförsäkring<em>.</em></p>
<p><strong>Vilka är de viktigaste drivkrafterna bakom att ni på Folksam arbetar med miljö- och klimatfrågor? </strong> Vi tror på att lönsamhet ligger i att kombinera hjärna och hjärta i affären. Folksams ekonomiska styrka bygger på att våra kunder ska känna sig trygga i en hållbar värld.</p>
