{"id":2241,"date":"2014-10-16T14:27:00","date_gmt":"2014-10-16T12:27:00","guid":{"rendered":"https:\/\/www.hagainitiativet.se\/?post_type=inlagg&#038;p=2241"},"modified":"2022-08-12T10:49:34","modified_gmt":"2022-08-12T08:49:34","slug":"sammanfattning-av-intervjusvar","status":"publish","type":"inlagg","link":"https:\/\/www.hagainitiativet.se\/en\/inlagg\/sammanfattning-av-intervjusvar\/","title":{"rendered":"Sammanfattning av intervjusvar"},"content":{"rendered":"","protected":false},"excerpt":{"rendered":"","protected":false},"featured_media":2243,"parent":0,"template":"","kategori":[18,17],"class_list":["post-2241","inlagg","type-inlagg","status-publish","has-post-thumbnail","hentry","kategori-intervjuer","kategori-nyheter"],"meta_box":{"show_post_en":"0","text":"<p>Syftet med unders\u00f6kningen var att ta reda p\u00e5 hur v\u00e5ra riksdagspartier ser p\u00e5 l\u00f6nsamhet och det svenska n\u00e4ringslivets m\u00f6jligheter kopplat till klimatomst\u00e4llningen. Vi har bland annat st\u00e4llt f\u00f6ljande fr\u00e5gor: \u00c4r klimatomst\u00e4llningen positiv eller negativ f\u00f6r svensk v\u00e4lf\u00e4rd? Anser du att klimatomst\u00e4llningen \u00e4r jobbskapande? Gynnas Sveriges konkurrenskraft av klimatomst\u00e4llningen, sett ur ett europeiskt perspektiv? B\u00f6r statens bolag g\u00e5 f\u00f6re i klimatomst\u00e4llningen?<\/p>\n<p><a href=\"https:\/\/www.hagainitiativet.se\/files\/import\/wp-content\/uploads\/2014\/10\/Sammanst%C3%A4llning-intervjuer-hemsida.pdf\" target=\"_blank\" rel=\"noopener\">L\u00e4s sammanfattning av \u00a0intervjusvar &gt;&gt;<\/a><\/p>\n","qoute":"","name":"","title-company":""},"_links":{"self":[{"href":"https:\/\/www.hagainitiativet.se\/en\/wp-json\/wp\/v2\/inlagg\/2241","targetHints":{"allow":["GET"]}}],"collection":[{"href":"https:\/\/www.hagainitiativet.se\/en\/wp-json\/wp\/v2\/inlagg"}],"about":[{"href":"https:\/\/www.hagainitiativet.se\/en\/wp-json\/wp\/v2\/types\/inlagg"}],"wp:featuredmedia":[{"embeddable":true,"href":"https:\/\/www.hagainitiativet.se\/en\/wp-json\/wp\/v2\/media\/2243"}],"wp:attachment":[{"href":"https:\/\/www.hagainitiativet.se\/en\/wp-json\/wp\/v2\/media?parent=2241"}],"wp:term":[{"taxonomy":"kategori","embeddable":true,"href":"https:\/\/www.hagainitiativet.se\/en\/wp-json\/wp\/v2\/kategori?post=2241"}],"curies":[{"name":"wp","href":"https:\/\/api.w.org\/{rel}","templated":true}]}}

<p>Syftet med undersökningen var att ta reda på hur våra riksdagspartier ser på lönsamhet och det svenska näringslivets möjligheter kopplat till klimatomställningen. Vi har bland annat ställt följande frågor: Är klimatomställningen positiv eller negativ för svensk välfärd? Anser du att klimatomställningen är jobbskapande? Gynnas Sveriges konkurrenskraft av klimatomställningen, sett ur ett europeiskt perspektiv? Bör statens bolag gå före i klimatomställningen?</p>
<p><a href="https://www.hagainitiativet.se/files/import/wp-content/uploads/2014/10/Sammanst%C3%A4llning-intervjuer-hemsida.pdf" target="_blank" rel="noopener">Läs sammanfattning av  intervjusvar &gt;&gt;</a></p>
