{"id":2290,"date":"2016-11-10T16:04:00","date_gmt":"2016-11-10T15:04:00","guid":{"rendered":"https:\/\/www.hagainitiativet.se\/?post_type=inlagg&#038;p=2290"},"modified":"2022-08-10T11:01:56","modified_gmt":"2022-08-10T09:01:56","slug":"intervju-goran-holm-vd-pa-hkscan","status":"publish","type":"inlagg","link":"https:\/\/www.hagainitiativet.se\/en\/inlagg\/intervju-goran-holm-vd-pa-hkscan\/","title":{"rendered":"Intervju: G\u00f6ran Holm, vd p\u00e5 HKScan"},"content":{"rendered":"","protected":false},"excerpt":{"rendered":"","protected":false},"featured_media":2292,"parent":0,"template":"","kategori":[18],"class_list":["post-2290","inlagg","type-inlagg","status-publish","has-post-thumbnail","hentry","kategori-intervjuer"],"meta_box":{"show_post_en":"0","text":"<p><strong>Grattis, ni har tagit beslut om nya klimatm\u00e5l f\u00f6r HKScan. Vad \u00e4r det f\u00f6r m\u00e5l?\u00a0<\/strong><\/p>\n<p>- V\u00e5rt klimatm\u00e5l \u00e4r att minska v\u00e5r p\u00e5verkan av utsl\u00e4pp med hela -95 procent till 2030 j\u00e4mf\u00f6rt med n\u00e4r vi startade 2003. I m\u00e5let ing\u00e5r utsl\u00e4pp fr\u00e5n f\u00f6retagets produktionsanl\u00e4ggningar, personalens tj\u00e4nsteresor och djurtransporter.<\/p>\n<p><strong>Varf\u00f6r har ni h\u00f6jt ambitionen i era klimatm\u00e5l?\u00a0<\/strong><\/p>\n<p>- I och med Parisavtalet har v\u00e4rlden satt riktningen mot en fossilfri ekonomi. Vi vill ta v\u00e5rt ansvar och bidra till en h\u00e5llbar v\u00e4rld. Vi n\u00e5dde v\u00e5rt tidigare m\u00e5l i f\u00f6rtid, nu m\u00e5ste vi h\u00f6ja ribban, innovationer och investeringar i fossilfria l\u00f6sningar v\u00e4xer snabbt, s\u00e5 det g\u00e5r om vi vill och anstr\u00e4nger oss.<\/p>\n<p><strong>Hur st\u00e4rker ert klimatarbete er aff\u00e4r?<\/strong><\/p>\n<p>-\u00a0 Att arbeta med milj\u00f6-och klimatfr\u00e5gor \u00e4r en l\u00f6nsam aff\u00e4r. Vi f\u00e5r \u00f6kat f\u00f6rtroende i hela v\u00e5r omv\u00e4rld, medarbetare, kunder, leverant\u00f6rer och konsumenter visar tydligt att detta \u00e4r viktigt. Hela v\u00e5rt ledningssystem genomsyras av f\u00f6rb\u00e4ttringsarbete inom alla omr\u00e5den inte minst milj\u00f6-och klimatf\u00f6rb\u00e4ttringar<\/p>\n<p><strong>Varf\u00f6r ing\u00e5r inte idisslande kossor i m\u00e5let?<\/strong><\/p>\n<p>- Prim\u00e4rproduktionen ing\u00e5r i m\u00e5let men i det perspektivet att vi ska ta fram underlag och formulera strategier f\u00f6r hur och vad vi kan g\u00f6ra. N\u00e4r vi har det framme kan vi starta aktiviteter och s\u00e4tta m\u00e5l.<\/p>\n","qoute":"","name":"","title-company":""},"_links":{"self":[{"href":"https:\/\/www.hagainitiativet.se\/en\/wp-json\/wp\/v2\/inlagg\/2290","targetHints":{"allow":["GET"]}}],"collection":[{"href":"https:\/\/www.hagainitiativet.se\/en\/wp-json\/wp\/v2\/inlagg"}],"about":[{"href":"https:\/\/www.hagainitiativet.se\/en\/wp-json\/wp\/v2\/types\/inlagg"}],"wp:featuredmedia":[{"embeddable":true,"href":"https:\/\/www.hagainitiativet.se\/en\/wp-json\/wp\/v2\/media\/2292"}],"wp:attachment":[{"href":"https:\/\/www.hagainitiativet.se\/en\/wp-json\/wp\/v2\/media?parent=2290"}],"wp:term":[{"taxonomy":"kategori","embeddable":true,"href":"https:\/\/www.hagainitiativet.se\/en\/wp-json\/wp\/v2\/kategori?post=2290"}],"curies":[{"name":"wp","href":"https:\/\/api.w.org\/{rel}","templated":true}]}}

Intervju: Göran Holm, vd på HKScan

<p><strong>Grattis, ni har tagit beslut om nya klimatmål för HKScan. Vad är det för mål? </strong></p>
<p>- Vårt klimatmål är att minska vår påverkan av utsläpp med hela -95 procent till 2030 jämfört med när vi startade 2003. I målet ingår utsläpp från företagets produktionsanläggningar, personalens tjänsteresor och djurtransporter.</p>
<p><strong>Varför har ni höjt ambitionen i era klimatmål? </strong></p>
<p>- I och med Parisavtalet har världen satt riktningen mot en fossilfri ekonomi. Vi vill ta vårt ansvar och bidra till en hållbar värld. Vi nådde vårt tidigare mål i förtid, nu måste vi höja ribban, innovationer och investeringar i fossilfria lösningar växer snabbt, så det går om vi vill och anstränger oss.</p>
<p><strong>Hur stärker ert klimatarbete er affär?</strong></p>
<p>-  Att arbeta med miljö-och klimatfrågor är en lönsam affär. Vi får ökat förtroende i hela vår omvärld, medarbetare, kunder, leverantörer och konsumenter visar tydligt att detta är viktigt. Hela vårt ledningssystem genomsyras av förbättringsarbete inom alla områden inte minst miljö-och klimatförbättringar</p>
<p><strong>Varför ingår inte idisslande kossor i målet?</strong></p>
<p>- Primärproduktionen ingår i målet men i det perspektivet att vi ska ta fram underlag och formulera strategier för hur och vad vi kan göra. När vi har det framme kan vi starta aktiviteter och sätta mål.</p>
