{"id":2523,"date":"2020-03-23T10:13:00","date_gmt":"2020-03-23T09:13:00","guid":{"rendered":"https:\/\/www.hagainitiativet.se\/?post_type=inlagg&#038;p=2523"},"modified":"2022-08-10T10:47:24","modified_gmt":"2022-08-10T08:47:24","slug":"ekonomi-for-klimatet","status":"publish","type":"inlagg","link":"https:\/\/www.hagainitiativet.se\/en\/inlagg\/ekonomi-for-klimatet\/","title":{"rendered":"Ekonomi f\u00f6r klimatet"},"content":{"rendered":"","protected":false},"excerpt":{"rendered":"","protected":false},"featured_media":2525,"parent":0,"template":"","kategori":[27],"class_list":["post-2523","inlagg","type-inlagg","status-publish","has-post-thumbnail","hentry","kategori-styrmedel-sv"],"meta_box":{"show_post_en":"0","text":"<p><strong>Hagainitiativets f\u00f6rslag f\u00f6r en ekonomi inom planetens gr\u00e4nser:<\/strong><\/p>\n<p>- F\u00f6rdubbla januariavtalets skattev\u00e4xling fr\u00e5n 15 till 30 miljarder SEK.<\/p>\n<p>- Investeringsst\u00f6d b\u00f6r ges till moderna kylanl\u00e4ggningar. (<a href=\"http:\/\/www.hagainitiativet.se\/files\/Rapporter\/klimatarbete-rapport-2016.pdf\">L\u00e4s h\u00e4r<\/a>)<\/p>\n<p>- Regeringen beh\u00f6ver f\u00e5 till ett storskaligt samarbete \u2013 ett handslag mellan olika sektorer och samh\u00e4llsakt\u00f6rer f\u00f6r att minska utsl\u00e4ppen. (<a href=\"http:\/\/www.hagainitiativet.se\/files\/Rapporter\/klimatarbete-rapport-2016.pdf\">L\u00e4s h\u00e4r<\/a>)<\/p>\n<p>- Inr\u00e4tta en statlig gr\u00f6n investeringsbank. (<a href=\"http:\/\/www.hagainitiativet.se\/files\/Rapporter\/klimatarbete-rapport-2016.pdf\">L\u00e4s mer<\/a>)<\/p>\n<p>- Krav b\u00f6r inf\u00f6ras p\u00e5 att finanssektorn redovisar sin verksamhet utifr\u00e5n ett bredare riskperspektiv som \u00e4ven tar in klimataspekter, st\u00e4rkta krav p\u00e5 obligatorisk redovisning av kolinnehav i noterade bolag, samt koldioxidrapportering f\u00f6r institutionella investerare. (<a href=\"http:\/\/www.hagainitiativet.se\/files\/Rapporter\/klimatarbete-rapport-2016.pdf\">L\u00e4s mer<\/a>)<\/p>\n<p><strong>L\u00e4s ocks\u00e5:<\/strong><br \/>\nHagainitiativets intervju med Johan Forsell, vd Investor, om halvering av utsl\u00e4ppen (11\/2-20) (<a href=\"http:\/\/www.hagainitiativet.se\/sv\/nyhet\/Intervju-med-Johan-Forsell-vd-Investor-om-halvering-av-utsl%C3%A4ppen\">L\u00e4s h\u00e4r<\/a>)<\/p>\n","qoute":"","name":"","title-company":""},"_links":{"self":[{"href":"https:\/\/www.hagainitiativet.se\/en\/wp-json\/wp\/v2\/inlagg\/2523","targetHints":{"allow":["GET"]}}],"collection":[{"href":"https:\/\/www.hagainitiativet.se\/en\/wp-json\/wp\/v2\/inlagg"}],"about":[{"href":"https:\/\/www.hagainitiativet.se\/en\/wp-json\/wp\/v2\/types\/inlagg"}],"wp:featuredmedia":[{"embeddable":true,"href":"https:\/\/www.hagainitiativet.se\/en\/wp-json\/wp\/v2\/media\/2525"}],"wp:attachment":[{"href":"https:\/\/www.hagainitiativet.se\/en\/wp-json\/wp\/v2\/media?parent=2523"}],"wp:term":[{"taxonomy":"kategori","embeddable":true,"href":"https:\/\/www.hagainitiativet.se\/en\/wp-json\/wp\/v2\/kategori?post=2523"}],"curies":[{"name":"wp","href":"https:\/\/api.w.org\/{rel}","templated":true}]}}

Ekonomi för klimatet

<p><strong>Hagainitiativets förslag för en ekonomi inom planetens gränser:</strong></p>
<p>- Fördubbla januariavtalets skatteväxling från 15 till 30 miljarder SEK.</p>
<p>- Investeringsstöd bör ges till moderna kylanläggningar. (<a href="http://www.hagainitiativet.se/files/Rapporter/klimatarbete-rapport-2016.pdf">Läs här</a>)</p>
<p>- Regeringen behöver få till ett storskaligt samarbete – ett handslag mellan olika sektorer och samhällsaktörer för att minska utsläppen. (<a href="http://www.hagainitiativet.se/files/Rapporter/klimatarbete-rapport-2016.pdf">Läs här</a>)</p>
<p>- Inrätta en statlig grön investeringsbank. (<a href="http://www.hagainitiativet.se/files/Rapporter/klimatarbete-rapport-2016.pdf">Läs mer</a>)</p>
<p>- Krav bör införas på att finanssektorn redovisar sin verksamhet utifrån ett bredare riskperspektiv som även tar in klimataspekter, stärkta krav på obligatorisk redovisning av kolinnehav i noterade bolag, samt koldioxidrapportering för institutionella investerare. (<a href="http://www.hagainitiativet.se/files/Rapporter/klimatarbete-rapport-2016.pdf">Läs mer</a>)</p>
<p><strong>Läs också:</strong><br />
Hagainitiativets intervju med Johan Forsell, vd Investor, om halvering av utsläppen (11/2-20) (<a href="http://www.hagainitiativet.se/sv/nyhet/Intervju-med-Johan-Forsell-vd-Investor-om-halvering-av-utsl%C3%A4ppen">Läs här</a>)</p>
