{"id":2526,"date":"2020-03-23T10:25:00","date_gmt":"2020-03-23T09:25:00","guid":{"rendered":"https:\/\/www.hagainitiativet.se\/?post_type=inlagg&#038;p=2526"},"modified":"2022-08-10T13:21:15","modified_gmt":"2022-08-10T11:21:15","slug":"negativa-utslapp-och-kompletterande-atgarder","status":"publish","type":"inlagg","link":"https:\/\/www.hagainitiativet.se\/en\/inlagg\/negativa-utslapp-och-kompletterande-atgarder\/","title":{"rendered":"Negativa utsl\u00e4pp och kompletterande \u00e5tg\u00e4rder"},"content":{"rendered":"","protected":false},"excerpt":{"rendered":"","protected":false},"featured_media":2528,"parent":0,"template":"","kategori":[27],"class_list":["post-2526","inlagg","type-inlagg","status-publish","has-post-thumbnail","hentry","kategori-styrmedel-sv"],"meta_box":{"show_post_en":"0","text":"<p><strong>Hagainitiativets f\u00f6rslag f\u00f6r kompletterande \u00e5tg\u00e4rder:<\/strong><\/p>\n<p>- Det beh\u00f6vs utvecklings- och investeringsst\u00f6d f\u00f6r stora teknikspr\u00e5ng som leder fram till s\u00e5 kallade negativa utsl\u00e4pp, b\u00e5de f\u00f6r BECCS och CCS.<\/p>\n<p>- Inr\u00e4tta en fond f\u00f6r negativa koldioxidutsl\u00e4pp, med medverkan av n\u00e4ringslivet och andra akt\u00f6rer, som ges i uppdrag att k\u00f6pa minusutsl\u00e4pp. (<a href=\"http:\/\/www.aktuellhallbarhet.se\/miljo\/klimat\/sa-kan-insamling-och-lagring-av-koldioxid-finansieras\/\">L\u00e4s h\u00e4r<\/a>)<\/p>\n<p><strong>L\u00e4s ocks\u00e5:<\/strong><br \/>\nHagainitiativets intervju med \u00c5sa-Britt Karlsson, utredare av V\u00e4gen till en klimatpositiv framtid (7\/2-20) (<a href=\"http:\/\/www.hagainitiativet.se\/sv\/nyhet\/%C3%85sa-Britt-Karlsson-generaldirekt%C3%B6r-vid-Statens-geotekniska-institut\">L\u00e4s h\u00e4r<\/a>)<\/p>\n","qoute":"","name":"","title-company":""},"_links":{"self":[{"href":"https:\/\/www.hagainitiativet.se\/en\/wp-json\/wp\/v2\/inlagg\/2526","targetHints":{"allow":["GET"]}}],"collection":[{"href":"https:\/\/www.hagainitiativet.se\/en\/wp-json\/wp\/v2\/inlagg"}],"about":[{"href":"https:\/\/www.hagainitiativet.se\/en\/wp-json\/wp\/v2\/types\/inlagg"}],"wp:featuredmedia":[{"embeddable":true,"href":"https:\/\/www.hagainitiativet.se\/en\/wp-json\/wp\/v2\/media\/2528"}],"wp:attachment":[{"href":"https:\/\/www.hagainitiativet.se\/en\/wp-json\/wp\/v2\/media?parent=2526"}],"wp:term":[{"taxonomy":"kategori","embeddable":true,"href":"https:\/\/www.hagainitiativet.se\/en\/wp-json\/wp\/v2\/kategori?post=2526"}],"curies":[{"name":"wp","href":"https:\/\/api.w.org\/{rel}","templated":true}]}}

Negativa utsläpp och kompletterande åtgärder

<p><strong>Hagainitiativets förslag för kompletterande åtgärder:</strong></p>
<p>- Det behövs utvecklings- och investeringsstöd för stora tekniksprång som leder fram till så kallade negativa utsläpp, både för BECCS och CCS.</p>
<p>- Inrätta en fond för negativa koldioxidutsläpp, med medverkan av näringslivet och andra aktörer, som ges i uppdrag att köpa minusutsläpp. (<a href="http://www.aktuellhallbarhet.se/miljo/klimat/sa-kan-insamling-och-lagring-av-koldioxid-finansieras/">Läs här</a>)</p>
<p><strong>Läs också:</strong><br />
Hagainitiativets intervju med Åsa-Britt Karlsson, utredare av Vägen till en klimatpositiv framtid (7/2-20) (<a href="http://www.hagainitiativet.se/sv/nyhet/%C3%85sa-Britt-Karlsson-generaldirekt%C3%B6r-vid-Statens-geotekniska-institut">Läs här</a>)</p>
