{"id":2532,"date":"2020-03-23T10:30:00","date_gmt":"2020-03-23T09:30:00","guid":{"rendered":"https:\/\/www.hagainitiativet.se\/?post_type=inlagg&#038;p=2532"},"modified":"2022-08-10T10:45:06","modified_gmt":"2022-08-10T08:45:06","slug":"cirkulara-resurser-i-ett-cirkulart-samhalle","status":"publish","type":"inlagg","link":"https:\/\/www.hagainitiativet.se\/en\/inlagg\/cirkulara-resurser-i-ett-cirkulart-samhalle\/","title":{"rendered":"Cirkul\u00e4ra resurser i ett cirkul\u00e4rt samh\u00e4lle"},"content":{"rendered":"","protected":false},"excerpt":{"rendered":"","protected":false},"featured_media":2534,"parent":0,"template":"","kategori":[27],"class_list":["post-2532","inlagg","type-inlagg","status-publish","has-post-thumbnail","hentry","kategori-styrmedel-sv"],"meta_box":{"show_post_en":"0","text":"<div class=\"eight s-twelve artcontent\">\n<p><strong>Hagainitiativets f\u00f6rslag f\u00f6r att snabba upp den cirkul\u00e4ra ekonomin:<\/strong><\/p>\n<p>- Inf\u00f6r en strategi f\u00f6r cirkul\u00e4r och biobaserad ekonomi.<\/p>\n<p>- Naturv\u00e5rdsverket b\u00f6r ges i uppdrag att ta fram End-of-Waste-kriterier f\u00f6r flera material som har f\u00f6ruts\u00e4ttningar f\u00f6r att material\u00e5tervinnas, bla f\u00f6r ballastmaterial.<\/p>\n<p>- Dagens f\u00f6rpackningsavgifter b\u00f6r differentieras s\u00e5 att biobaserade och \u00e5tervunna material gynnas i f\u00f6rh\u00e5llande till fossilbaserade alternativ. (<a href=\"http:\/\/www.hagainitiativet.se\/files\/Rapporter\/klimatarbete-rapport-2016.pdf\">L\u00e4s h\u00e4r<\/a>)<\/p>\n<p>- Instifta en svensk plaststrategi f\u00f6r \u00e5tervinning f\u00f6r att \u00f6ka resurseffektiviteten. (<a href=\"http:\/\/www.dn.se\/debatt\/sverige-bor-bli-utslappsfritt-tidigare-vi-vet-att-det-gar\/\">L\u00e4s h\u00e4r<\/a>)<\/p>\n<p><strong>L\u00e4s ocks\u00e5:<\/strong><br \/>\nHagainitiativets intervju med Fredrik Pettersson, vd Stena Recycling. (<a href=\"http:\/\/www.hagainitiativet.se\/sv\/blogg\/Mattias-Lindahl-Cirkul%C3%A4ra-aff%C3%A4rsmodeller-en-nyckel-f%C3%B6r-att-klara-klimatutmaningen\">L\u00e4s h\u00e4r<\/a>)<\/p>\n<p>Hagainitiativets intervju med Mattias Lindahl: Cirkul\u00e4ra aff\u00e4rsmodeller- en nyckel f\u00f6r att klara klimatutmaningen (28\/5-19) (<a href=\"http:\/\/www.hagainitiativet.se\/sv\/blogg\/Mattias-Lindahl-Cirkul%C3%A4ra-aff%C3%A4rsmodeller-en-nyckel-f%C3%B6r-att-klara-klimatutmaningen\">L\u00e4s h\u00e4r<\/a>)<\/p>\n<p>&nbsp;<\/p>\n<\/div>\n<div class=\"four s-twelve\"><\/div>\n","qoute":"","name":"","title-company":""},"_links":{"self":[{"href":"https:\/\/www.hagainitiativet.se\/en\/wp-json\/wp\/v2\/inlagg\/2532","targetHints":{"allow":["GET"]}}],"collection":[{"href":"https:\/\/www.hagainitiativet.se\/en\/wp-json\/wp\/v2\/inlagg"}],"about":[{"href":"https:\/\/www.hagainitiativet.se\/en\/wp-json\/wp\/v2\/types\/inlagg"}],"wp:featuredmedia":[{"embeddable":true,"href":"https:\/\/www.hagainitiativet.se\/en\/wp-json\/wp\/v2\/media\/2534"}],"wp:attachment":[{"href":"https:\/\/www.hagainitiativet.se\/en\/wp-json\/wp\/v2\/media?parent=2532"}],"wp:term":[{"taxonomy":"kategori","embeddable":true,"href":"https:\/\/www.hagainitiativet.se\/en\/wp-json\/wp\/v2\/kategori?post=2532"}],"curies":[{"name":"wp","href":"https:\/\/api.w.org\/{rel}","templated":true}]}}

Cirkulära resurser i ett cirkulärt samhälle

<div class="eight s-twelve artcontent">
<p><strong>Hagainitiativets förslag för att snabba upp den cirkulära ekonomin:</strong></p>
<p>- Inför en strategi för cirkulär och biobaserad ekonomi.</p>
<p>- Naturvårdsverket bör ges i uppdrag att ta fram End-of-Waste-kriterier för flera material som har förutsättningar för att materialåtervinnas, bla för ballastmaterial.</p>
<p>- Dagens förpackningsavgifter bör differentieras så att biobaserade och återvunna material gynnas i förhållande till fossilbaserade alternativ. (<a href="http://www.hagainitiativet.se/files/Rapporter/klimatarbete-rapport-2016.pdf">Läs här</a>)</p>
<p>- Instifta en svensk plaststrategi för återvinning för att öka resurseffektiviteten. (<a href="http://www.dn.se/debatt/sverige-bor-bli-utslappsfritt-tidigare-vi-vet-att-det-gar/">Läs här</a>)</p>
<p><strong>Läs också:</strong><br />
Hagainitiativets intervju med Fredrik Pettersson, vd Stena Recycling. (<a href="http://www.hagainitiativet.se/sv/blogg/Mattias-Lindahl-Cirkul%C3%A4ra-aff%C3%A4rsmodeller-en-nyckel-f%C3%B6r-att-klara-klimatutmaningen">Läs här</a>)</p>
<p>Hagainitiativets intervju med Mattias Lindahl: Cirkulära affärsmodeller- en nyckel för att klara klimatutmaningen (28/5-19) (<a href="http://www.hagainitiativet.se/sv/blogg/Mattias-Lindahl-Cirkul%C3%A4ra-aff%C3%A4rsmodeller-en-nyckel-f%C3%B6r-att-klara-klimatutmaningen">Läs här</a>)</p>
<p>&nbsp;</p>
</div>
<div class="four s-twelve"></div>
