{"id":2535,"date":"2022-03-23T10:31:00","date_gmt":"2022-03-23T09:31:00","guid":{"rendered":"https:\/\/www.hagainitiativet.se\/?post_type=inlagg&#038;p=2535"},"modified":"2022-08-10T10:48:42","modified_gmt":"2022-08-10T08:48:42","slug":"guld-och-grona-skogar-skog-och-jordbruk-i-bioekonomin","status":"publish","type":"inlagg","link":"https:\/\/www.hagainitiativet.se\/en\/inlagg\/guld-och-grona-skogar-skog-och-jordbruk-i-bioekonomin\/","title":{"rendered":"Guld och gr\u00f6na skogar: Skog och jordbruk i bioekonomin"},"content":{"rendered":"","protected":false},"excerpt":{"rendered":"","protected":false},"featured_media":2537,"parent":0,"template":"","kategori":[27],"class_list":["post-2535","inlagg","type-inlagg","status-publish","has-post-thumbnail","hentry","kategori-styrmedel-sv"],"meta_box":{"show_post_en":"0","text":"<p><strong>Hagainitiativets f\u00f6rslag f\u00f6r ett h\u00e5llbart jord- och skogsbruk:<\/strong><\/p>\n<p>- Tills\u00e4tt en grupp som samlar relevanta akt\u00f6rer och tar fram f\u00f6rslag f\u00f6r hur jord- och skogsbrukets utsl\u00e4pp kan minska samtidigt som sektorernas konkurrenskraft \u00f6kar. (<a href=\"http:\/\/www.hagainitiativet.se\/files\/Rapporter\/klimatarbete-rapport-2016.pdf\">L\u00e4s h\u00e4r<\/a>)<\/p>\n<p>- Inf\u00f6r en strategi f\u00f6r cirkul\u00e4r och biobaserad ekonomi.<\/p>\n<p><strong>L\u00e4s ocks\u00e5:<\/strong><br \/>\nHagainitiativets intervju med Per Arfvidsson, vice vd Lantm\u00e4nnen (18\/12-19) (<a href=\"http:\/\/www.hagainitiativet.se\/sv\/nyhet\/Intervju-med-Per-Arfvidsson-vice-vd-Lantm%C3%A4nnen\">L\u00e4s h\u00e4r<\/a>)<\/p>\n<p>Hagainitiativets intervju med Hannele Arvonen, vd Sveaskog (13\/9-19) (<a href=\"http:\/\/www.hagainitiativet.se\/sv\/nyhet\/Intervju-med-Hannele-Arvonen\">L\u00e4s h\u00e4r<\/a>)<\/p>\n","qoute":"","name":"","title-company":""},"_links":{"self":[{"href":"https:\/\/www.hagainitiativet.se\/en\/wp-json\/wp\/v2\/inlagg\/2535","targetHints":{"allow":["GET"]}}],"collection":[{"href":"https:\/\/www.hagainitiativet.se\/en\/wp-json\/wp\/v2\/inlagg"}],"about":[{"href":"https:\/\/www.hagainitiativet.se\/en\/wp-json\/wp\/v2\/types\/inlagg"}],"wp:featuredmedia":[{"embeddable":true,"href":"https:\/\/www.hagainitiativet.se\/en\/wp-json\/wp\/v2\/media\/2537"}],"wp:attachment":[{"href":"https:\/\/www.hagainitiativet.se\/en\/wp-json\/wp\/v2\/media?parent=2535"}],"wp:term":[{"taxonomy":"kategori","embeddable":true,"href":"https:\/\/www.hagainitiativet.se\/en\/wp-json\/wp\/v2\/kategori?post=2535"}],"curies":[{"name":"wp","href":"https:\/\/api.w.org\/{rel}","templated":true}]}}

Guld och gröna skogar: Skog och jordbruk i bioekonomin

<p><strong>Hagainitiativets förslag för ett hållbart jord- och skogsbruk:</strong></p>
<p>- Tillsätt en grupp som samlar relevanta aktörer och tar fram förslag för hur jord- och skogsbrukets utsläpp kan minska samtidigt som sektorernas konkurrenskraft ökar. (<a href="http://www.hagainitiativet.se/files/Rapporter/klimatarbete-rapport-2016.pdf">Läs här</a>)</p>
<p>- Inför en strategi för cirkulär och biobaserad ekonomi.</p>
<p><strong>Läs också:</strong><br />
Hagainitiativets intervju med Per Arfvidsson, vice vd Lantmännen (18/12-19) (<a href="http://www.hagainitiativet.se/sv/nyhet/Intervju-med-Per-Arfvidsson-vice-vd-Lantm%C3%A4nnen">Läs här</a>)</p>
<p>Hagainitiativets intervju med Hannele Arvonen, vd Sveaskog (13/9-19) (<a href="http://www.hagainitiativet.se/sv/nyhet/Intervju-med-Hannele-Arvonen">Läs här</a>)</p>
