{"id":2547,"date":"2020-03-23T10:36:00","date_gmt":"2020-03-23T09:36:00","guid":{"rendered":"https:\/\/www.hagainitiativet.se\/?post_type=inlagg&#038;p=2547"},"modified":"2022-08-10T13:31:07","modified_gmt":"2022-08-10T11:31:07","slug":"stark-den-grona-konkurrenskraften-internationellt","status":"publish","type":"inlagg","link":"https:\/\/www.hagainitiativet.se\/en\/inlagg\/stark-den-grona-konkurrenskraften-internationellt\/","title":{"rendered":"St\u00e4rk den gr\u00f6na konkurrenskraften internationellt"},"content":{"rendered":"","protected":false},"excerpt":{"rendered":"","protected":false},"featured_media":2549,"parent":0,"template":"","kategori":[27],"class_list":["post-2547","inlagg","type-inlagg","status-publish","has-post-thumbnail","hentry","kategori-styrmedel-sv"],"meta_box":{"show_post_en":"0","text":"<p><strong>Hagainitiativets f\u00f6rslag f\u00f6r den internationella politiken:<\/strong><\/p>\n<p>- Sverige borde l\u00e4mna en egen landrapport (SUB-NDC) till FN och inte n\u00f6ja sig med den som ligger under EU-paraplyet. (<a href=\"http:\/\/www.aktuellhallbarhet.se\/miljo\/klimat\/hagainitiativet-stark-svenska-koldioxidsnala-foretag-internationellt\/\">L\u00e4s mer<\/a>)<\/p>\n<p>- Ordna Fossil Free Challenge-m\u00f6ten mellan svenska ambassader och regeringsrepresentanter fr\u00e5n l\u00e4nderna i syfte att utmana andra l\u00e4nder att marknadsf\u00f6ra svenska f\u00f6retag som antagit visionen om fossilfritt. (<a href=\"http:\/\/www.aktuellhallbarhet.se\/miljo\/klimat\/hagainitiativet-stark-svenska-koldioxidsnala-foretag-internationellt\/\">L\u00e4s mer<\/a>)<\/p>\n<p>- Ge Business Sweden i uppdrag att koppla samman sin strategiska r\u00e5dgivning internationellt med klimatfr\u00e5gan. (<a href=\"http:\/\/www.aktuellhallbarhet.se\/miljo\/klimat\/hagainitiativet-stark-svenska-koldioxidsnala-foretag-internationellt\/\">L\u00e4s mer<\/a>)<\/p>\n<p><strong>L\u00e4s ocks\u00e5:<\/strong><br \/>\nHagainitiativets intervju med Helen Mountford, Vice President for Climate and Economics World Resources Institute (18\/12-19) (<a href=\"http:\/\/www.hagainitiativet.se\/sv\/nyhet\/COP25-i-Madrid-intervju-med-Helen-Mountford-Vice-President-for-Climate-and-Economics-World-Resources-Institute\">L\u00e4s mer<\/a>)<\/p>\n","qoute":"","name":"","title-company":""},"_links":{"self":[{"href":"https:\/\/www.hagainitiativet.se\/en\/wp-json\/wp\/v2\/inlagg\/2547","targetHints":{"allow":["GET"]}}],"collection":[{"href":"https:\/\/www.hagainitiativet.se\/en\/wp-json\/wp\/v2\/inlagg"}],"about":[{"href":"https:\/\/www.hagainitiativet.se\/en\/wp-json\/wp\/v2\/types\/inlagg"}],"wp:featuredmedia":[{"embeddable":true,"href":"https:\/\/www.hagainitiativet.se\/en\/wp-json\/wp\/v2\/media\/2549"}],"wp:attachment":[{"href":"https:\/\/www.hagainitiativet.se\/en\/wp-json\/wp\/v2\/media?parent=2547"}],"wp:term":[{"taxonomy":"kategori","embeddable":true,"href":"https:\/\/www.hagainitiativet.se\/en\/wp-json\/wp\/v2\/kategori?post=2547"}],"curies":[{"name":"wp","href":"https:\/\/api.w.org\/{rel}","templated":true}]}}

Stärk den gröna konkurrenskraften internationellt

<p><strong>Hagainitiativets förslag för den internationella politiken:</strong></p>
<p>- Sverige borde lämna en egen landrapport (SUB-NDC) till FN och inte nöja sig med den som ligger under EU-paraplyet. (<a href="http://www.aktuellhallbarhet.se/miljo/klimat/hagainitiativet-stark-svenska-koldioxidsnala-foretag-internationellt/">Läs mer</a>)</p>
<p>- Ordna Fossil Free Challenge-möten mellan svenska ambassader och regeringsrepresentanter från länderna i syfte att utmana andra länder att marknadsföra svenska företag som antagit visionen om fossilfritt. (<a href="http://www.aktuellhallbarhet.se/miljo/klimat/hagainitiativet-stark-svenska-koldioxidsnala-foretag-internationellt/">Läs mer</a>)</p>
<p>- Ge Business Sweden i uppdrag att koppla samman sin strategiska rådgivning internationellt med klimatfrågan. (<a href="http://www.aktuellhallbarhet.se/miljo/klimat/hagainitiativet-stark-svenska-koldioxidsnala-foretag-internationellt/">Läs mer</a>)</p>
<p><strong>Läs också:</strong><br />
Hagainitiativets intervju med Helen Mountford, Vice President for Climate and Economics World Resources Institute (18/12-19) (<a href="http://www.hagainitiativet.se/sv/nyhet/COP25-i-Madrid-intervju-med-Helen-Mountford-Vice-President-for-Climate-and-Economics-World-Resources-Institute">Läs mer</a>)</p>
