{"id":3238,"date":"2015-10-02T15:08:00","date_gmt":"2015-10-02T13:08:00","guid":{"rendered":"https:\/\/www.hagainitiativet.se\/?post_type=inlagg&#038;p=3238"},"modified":"2022-08-15T11:34:23","modified_gmt":"2022-08-15T09:34:23","slug":"hagainitiativets-nyhetsbrev-september","status":"publish","type":"inlagg","link":"https:\/\/www.hagainitiativet.se\/en\/inlagg\/hagainitiativets-nyhetsbrev-september\/","title":{"rendered":"Hagainitiativets nyhetsbrev september"},"content":{"rendered":"","protected":false},"excerpt":{"rendered":"","protected":false},"featured_media":3240,"parent":0,"template":"","kategori":[17,15],"class_list":["post-3238","inlagg","type-inlagg","status-publish","has-post-thumbnail","hentry","kategori-nyheter","kategori-nyhetsbrev"],"meta_box":{"show_post_en":"0","text":"<p>N\u00e5gra h\u00f6jdpunkter fr\u00e5n m\u00e5nadens nyhetsbrev:<\/p>\n<p>-Intervju med\u00a0\u00c5sa Romson, klimat-och milj\u00f6minister och vice statsminister<\/p>\n<p>-Intervju med Kristina Yngwe, milj\u00f6politisk talesperson (C) och vice ordf\u00f6rande i milj\u00f6- och jordbruksutskottet<\/p>\n<p>-V\u00e4lkommen till n\u00e4ringslivshearing: Sveriges klimatansvar och n\u00e4ringslivets klimatnytta<\/p>\n<p>-Kulturhuset f\u00f6rvandlas till Klimathuset med Naturskyddsf\u00f6reningen<\/p>\n<p>-Coca-Cola Enterprises seminarium: Samarbete \u00f6kar h\u00e5llbarheten i samh\u00e4llet<\/p>\n<p>L\u00e4s nyhetsbrevet\u00a0<a href=\"http:\/\/us6.campaign-archive2.com\/?u=3a7db5c8e3f52352154e1692d&amp;id=5236013834&amp;e=cab0af1200\">h\u00e4r.<\/a><\/p>\n","qoute":"","name":"","title-company":""},"_links":{"self":[{"href":"https:\/\/www.hagainitiativet.se\/en\/wp-json\/wp\/v2\/inlagg\/3238","targetHints":{"allow":["GET"]}}],"collection":[{"href":"https:\/\/www.hagainitiativet.se\/en\/wp-json\/wp\/v2\/inlagg"}],"about":[{"href":"https:\/\/www.hagainitiativet.se\/en\/wp-json\/wp\/v2\/types\/inlagg"}],"wp:featuredmedia":[{"embeddable":true,"href":"https:\/\/www.hagainitiativet.se\/en\/wp-json\/wp\/v2\/media\/3240"}],"wp:attachment":[{"href":"https:\/\/www.hagainitiativet.se\/en\/wp-json\/wp\/v2\/media?parent=3238"}],"wp:term":[{"taxonomy":"kategori","embeddable":true,"href":"https:\/\/www.hagainitiativet.se\/en\/wp-json\/wp\/v2\/kategori?post=3238"}],"curies":[{"name":"wp","href":"https:\/\/api.w.org\/{rel}","templated":true}]}}

<p>Några höjdpunkter från månadens nyhetsbrev:</p>
<p>-Intervju med Åsa Romson, klimat-och miljöminister och vice statsminister</p>
<p>-Intervju med Kristina Yngwe, miljöpolitisk talesperson (C) och vice ordförande i miljö- och jordbruksutskottet</p>
<p>-Välkommen till näringslivshearing: Sveriges klimatansvar och näringslivets klimatnytta</p>
<p>-Kulturhuset förvandlas till Klimathuset med Naturskyddsföreningen</p>
<p>-Coca-Cola Enterprises seminarium: Samarbete ökar hållbarheten i samhället</p>
<p>Läs nyhetsbrevet <a href="http://us6.campaign-archive2.com/?u=3a7db5c8e3f52352154e1692d&amp;id=5236013834&amp;e=cab0af1200">här.</a></p>
