{"id":3247,"date":"2016-02-04T15:18:00","date_gmt":"2016-02-04T14:18:00","guid":{"rendered":"https:\/\/www.hagainitiativet.se\/?post_type=inlagg&#038;p=3247"},"modified":"2022-08-12T12:17:22","modified_gmt":"2022-08-12T10:17:22","slug":"hagainitiativets-nyhetsbrev-januari","status":"publish","type":"inlagg","link":"https:\/\/www.hagainitiativet.se\/en\/inlagg\/hagainitiativets-nyhetsbrev-januari\/","title":{"rendered":"Hagainitiativets nyhetsbrev januari"},"content":{"rendered":"","protected":false},"excerpt":{"rendered":"","protected":false},"featured_media":3248,"parent":0,"template":"","kategori":[17,15],"class_list":["post-3247","inlagg","type-inlagg","status-publish","has-post-thumbnail","hentry","kategori-nyheter","kategori-nyhetsbrev"],"meta_box":{"show_post_en":"0","text":"<p>N\u00e5gra h\u00f6jdpunkter fr\u00e5n m\u00e5nadens nyhetsbrev:<\/p>\n<ul>\n<li>Intervju med Ola Alter\u00e5, regeringens nya utredare f\u00f6r cirkul\u00e4r ekonomi<\/li>\n<li>Inbjudan till frukostm\u00f6te om Parisavtal och h\u00e5llbarhetsm\u00e5len med civilminister Ardalan Shekarabi, Yvonne Ruwaida, statssekreterare, milj\u00f6- och energidepartementet m.fl.<\/li>\n<li>EU ETS Remissammanst\u00e4llning inklusive Hagainitiativets remissvar<\/li>\n<li>Goda exempel p\u00e5 minskad klimatp\u00e5verkan fr\u00e5n f\u00f6retagen<\/li>\n<\/ul>\n<p>L\u00e4s nyhetsbrevet\u00a0<a href=\"http:\/\/us6.campaign-archive1.com\/?u=3a7db5c8e3f52352154e1692d&amp;id=ea06fa4213&amp;e=cab0af1200\">h\u00e4r.<\/a><\/p>\n","qoute":"","name":"","title-company":""},"_links":{"self":[{"href":"https:\/\/www.hagainitiativet.se\/en\/wp-json\/wp\/v2\/inlagg\/3247","targetHints":{"allow":["GET"]}}],"collection":[{"href":"https:\/\/www.hagainitiativet.se\/en\/wp-json\/wp\/v2\/inlagg"}],"about":[{"href":"https:\/\/www.hagainitiativet.se\/en\/wp-json\/wp\/v2\/types\/inlagg"}],"wp:featuredmedia":[{"embeddable":true,"href":"https:\/\/www.hagainitiativet.se\/en\/wp-json\/wp\/v2\/media\/3248"}],"wp:attachment":[{"href":"https:\/\/www.hagainitiativet.se\/en\/wp-json\/wp\/v2\/media?parent=3247"}],"wp:term":[{"taxonomy":"kategori","embeddable":true,"href":"https:\/\/www.hagainitiativet.se\/en\/wp-json\/wp\/v2\/kategori?post=3247"}],"curies":[{"name":"wp","href":"https:\/\/api.w.org\/{rel}","templated":true}]}}

<p>Några höjdpunkter från månadens nyhetsbrev:</p>
<ul>
<li>Intervju med Ola Alterå, regeringens nya utredare för cirkulär ekonomi</li>
<li>Inbjudan till frukostmöte om Parisavtal och hållbarhetsmålen med civilminister Ardalan Shekarabi, Yvonne Ruwaida, statssekreterare, miljö- och energidepartementet m.fl.</li>
<li>EU ETS Remissammanställning inklusive Hagainitiativets remissvar</li>
<li>Goda exempel på minskad klimatpåverkan från företagen</li>
</ul>
<p>Läs nyhetsbrevet <a href="http://us6.campaign-archive1.com/?u=3a7db5c8e3f52352154e1692d&amp;id=ea06fa4213&amp;e=cab0af1200">här.</a></p>
