{"id":3271,"date":"2016-12-16T15:32:00","date_gmt":"2016-12-16T14:32:00","guid":{"rendered":"https:\/\/www.hagainitiativet.se\/?post_type=inlagg&#038;p=3271"},"modified":"2022-08-15T11:35:32","modified_gmt":"2022-08-15T09:35:32","slug":"nyhetsbrev-december","status":"publish","type":"inlagg","link":"https:\/\/www.hagainitiativet.se\/en\/inlagg\/nyhetsbrev-december\/","title":{"rendered":"Nyhetsbrev december"},"content":{"rendered":"","protected":false},"excerpt":{"rendered":"","protected":false},"featured_media":3272,"parent":0,"template":"","kategori":[17,15],"class_list":["post-3271","inlagg","type-inlagg","status-publish","has-post-thumbnail","hentry","kategori-nyheter","kategori-nyhetsbrev"],"meta_box":{"show_post_en":"0","text":"<p>Vilket klimat\u00e5r f\u00f6r f\u00f6retagen!<\/p>\n<ul>\n<li>Intervju med Carl von Schantz, tf vd, Lantm\u00e4nnen Agroetanol<\/li>\n<li>Frukostm\u00f6te 25 januari: Har vi r\u00e4tt ledare i v\u00e4rlden f\u00f6r att r\u00e4dda klimatet?<\/li>\n<li>Inspelning fr\u00e5n frukostm\u00f6te 9 november om hur klimatpolitiken kan bli l\u00f6nsam<\/li>\n<li>Debattartikel:\u00a0Nu kr\u00e4vs block\u00f6verskridande samarbete kring EU:s viktigaste styrmedel<\/li>\n<li>mm<\/li>\n<\/ul>\n<p>L\u00e4s nyhetsbrevet\u00a0<a href=\"http:\/\/us6.campaign-archive1.com\/?u=3a7db5c8e3f52352154e1692d&amp;id=a809b5953a&amp;e=cab0af1200\">h\u00e4r<\/a><\/p>\n<p>Trevlig l\u00e4sning!<\/p>\n","qoute":"","name":"","title-company":""},"_links":{"self":[{"href":"https:\/\/www.hagainitiativet.se\/en\/wp-json\/wp\/v2\/inlagg\/3271","targetHints":{"allow":["GET"]}}],"collection":[{"href":"https:\/\/www.hagainitiativet.se\/en\/wp-json\/wp\/v2\/inlagg"}],"about":[{"href":"https:\/\/www.hagainitiativet.se\/en\/wp-json\/wp\/v2\/types\/inlagg"}],"wp:featuredmedia":[{"embeddable":true,"href":"https:\/\/www.hagainitiativet.se\/en\/wp-json\/wp\/v2\/media\/3272"}],"wp:attachment":[{"href":"https:\/\/www.hagainitiativet.se\/en\/wp-json\/wp\/v2\/media?parent=3271"}],"wp:term":[{"taxonomy":"kategori","embeddable":true,"href":"https:\/\/www.hagainitiativet.se\/en\/wp-json\/wp\/v2\/kategori?post=3271"}],"curies":[{"name":"wp","href":"https:\/\/api.w.org\/{rel}","templated":true}]}}

<p>Vilket klimatår för företagen!</p>
<ul>
<li>Intervju med Carl von Schantz, tf vd, Lantmännen Agroetanol</li>
<li>Frukostmöte 25 januari: Har vi rätt ledare i världen för att rädda klimatet?</li>
<li>Inspelning från frukostmöte 9 november om hur klimatpolitiken kan bli lönsam</li>
<li>Debattartikel: Nu krävs blocköverskridande samarbete kring EU:s viktigaste styrmedel</li>
<li>mm</li>
</ul>
<p>Läs nyhetsbrevet <a href="http://us6.campaign-archive1.com/?u=3a7db5c8e3f52352154e1692d&amp;id=a809b5953a&amp;e=cab0af1200">här</a></p>
<p>Trevlig läsning!</p>
