{"id":3289,"date":"2017-09-08T15:45:00","date_gmt":"2017-09-08T13:45:00","guid":{"rendered":"https:\/\/www.hagainitiativet.se\/?post_type=inlagg&#038;p=3289"},"modified":"2022-08-15T11:39:21","modified_gmt":"2022-08-15T09:39:21","slug":"nyhetsbrev-september-2","status":"publish","type":"inlagg","link":"https:\/\/www.hagainitiativet.se\/en\/inlagg\/nyhetsbrev-september-2\/","title":{"rendered":"Nyhetsbrev september"},"content":{"rendered":"","protected":false},"excerpt":{"rendered":"","protected":false},"featured_media":3290,"parent":0,"template":"","kategori":[17,15],"class_list":["post-3289","inlagg","type-inlagg","status-publish","has-post-thumbnail","hentry","kategori-nyheter","kategori-nyhetsbrev"],"meta_box":{"show_post_en":"0","text":"<p>Tveka inte, klimatarbete \u00e4r l\u00f6nsamt!<\/p>\n<p>- Intervju med Per Espen Stoknes, ledare av centrum f\u00f6r gr\u00f6n tillv\u00e4xt p\u00e5 Handelsh\u00f6gskolan i Oslo<br \/>\n- Intervju med Per Bolund, finansmarknads- och konsumentminister (MP)<br \/>\n- Frukostm\u00f6te 16 oktober: Naket eller p\u00e5kl\u00e4tt - vilka f\u00f6retag vinner klimatf\u00f6rtroende?<br \/>\n- Haga i Almedalen, se bl.a. kortfilm fr\u00e5n vd med fika<br \/>\n- Ny rapport ute snart: Klimatarbete l\u00f6nsamt<br \/>\n- Med mera<\/p>\n<p>L\u00e4s nyhetsbrevet\u00a0<a href=\"http:\/\/mailchi.mp\/hagainitiativet\/c9sl00oke7-218317?e=%5BUNIQID%5D\">h\u00e4r.<\/a><\/p>\n","qoute":"","name":"","title-company":""},"_links":{"self":[{"href":"https:\/\/www.hagainitiativet.se\/en\/wp-json\/wp\/v2\/inlagg\/3289","targetHints":{"allow":["GET"]}}],"collection":[{"href":"https:\/\/www.hagainitiativet.se\/en\/wp-json\/wp\/v2\/inlagg"}],"about":[{"href":"https:\/\/www.hagainitiativet.se\/en\/wp-json\/wp\/v2\/types\/inlagg"}],"wp:featuredmedia":[{"embeddable":true,"href":"https:\/\/www.hagainitiativet.se\/en\/wp-json\/wp\/v2\/media\/3290"}],"wp:attachment":[{"href":"https:\/\/www.hagainitiativet.se\/en\/wp-json\/wp\/v2\/media?parent=3289"}],"wp:term":[{"taxonomy":"kategori","embeddable":true,"href":"https:\/\/www.hagainitiativet.se\/en\/wp-json\/wp\/v2\/kategori?post=3289"}],"curies":[{"name":"wp","href":"https:\/\/api.w.org\/{rel}","templated":true}]}}

<p>Tveka inte, klimatarbete är lönsamt!</p>
<p>- Intervju med Per Espen Stoknes, ledare av centrum för grön tillväxt på Handelshögskolan i Oslo<br />
- Intervju med Per Bolund, finansmarknads- och konsumentminister (MP)<br />
- Frukostmöte 16 oktober: Naket eller påklätt - vilka företag vinner klimatförtroende?<br />
- Haga i Almedalen, se bl.a. kortfilm från vd med fika<br />
- Ny rapport ute snart: Klimatarbete lönsamt<br />
- Med mera</p>
<p>Läs nyhetsbrevet <a href="http://mailchi.mp/hagainitiativet/c9sl00oke7-218317?e=%5BUNIQID%5D">här.</a></p>
