{"id":3304,"date":"2018-05-23T15:55:00","date_gmt":"2018-05-23T13:55:00","guid":{"rendered":"https:\/\/www.hagainitiativet.se\/?post_type=inlagg&#038;p=3304"},"modified":"2022-08-15T11:37:41","modified_gmt":"2022-08-15T09:37:41","slug":"nyhetsbrev-maj-2","status":"publish","type":"inlagg","link":"https:\/\/www.hagainitiativet.se\/en\/inlagg\/nyhetsbrev-maj-2\/","title":{"rendered":"Nyhetsbrev maj"},"content":{"rendered":"","protected":false},"excerpt":{"rendered":"","protected":false},"featured_media":3306,"parent":0,"template":"","kategori":[17,15],"class_list":["post-3304","inlagg","type-inlagg","status-publish","has-post-thumbnail","hentry","kategori-nyheter","kategori-nyhetsbrev"],"meta_box":{"show_post_en":"0","text":"<p><strong>Ingen tvekan \u2013 att g\u00e5 f\u00f6re st\u00e4rker konkurrenskraften<\/strong><\/p>\n<ul>\n<li>Nordisk rapport om l\u00f6nsamhet och klimat presenterades p\u00e5 Grand Hotel den 12 april samt f\u00f6r de nordiska milj\u00f6ministrarna den 13 april.<\/li>\n<li>Intervju med Flemming Besenbacher, styrelseordf\u00f6rande Carlsberg Group och Henrik Ehrnrooth, styrelseordf\u00f6rande P\u00f6yry, om klimat och konkurrenskraft.<\/li>\n<li>Hagas seminarier under Almedalen 2018<\/li>\n<li>Frukostseminarium f\u00f6r Hagas klimatbokslutet 2017<\/li>\n<li>Karin Stenmar, h\u00e5llbarhetschef Folksam, i Hagabloggen<\/li>\n<\/ul>\n<p>&nbsp;<\/p>\n<p>L\u00e4s hela nyhetsbrevet\u00a0<a href=\"https:\/\/mailchi.mp\/hagainitiativet\/nyhetsbrev-maj\">h\u00e4r<\/a><\/p>\n","qoute":"","name":"","title-company":""},"_links":{"self":[{"href":"https:\/\/www.hagainitiativet.se\/en\/wp-json\/wp\/v2\/inlagg\/3304","targetHints":{"allow":["GET"]}}],"collection":[{"href":"https:\/\/www.hagainitiativet.se\/en\/wp-json\/wp\/v2\/inlagg"}],"about":[{"href":"https:\/\/www.hagainitiativet.se\/en\/wp-json\/wp\/v2\/types\/inlagg"}],"wp:featuredmedia":[{"embeddable":true,"href":"https:\/\/www.hagainitiativet.se\/en\/wp-json\/wp\/v2\/media\/3306"}],"wp:attachment":[{"href":"https:\/\/www.hagainitiativet.se\/en\/wp-json\/wp\/v2\/media?parent=3304"}],"wp:term":[{"taxonomy":"kategori","embeddable":true,"href":"https:\/\/www.hagainitiativet.se\/en\/wp-json\/wp\/v2\/kategori?post=3304"}],"curies":[{"name":"wp","href":"https:\/\/api.w.org\/{rel}","templated":true}]}}

<p><strong>Ingen tvekan – att gå före stärker konkurrenskraften</strong></p>
<ul>
<li>Nordisk rapport om lönsamhet och klimat presenterades på Grand Hotel den 12 april samt för de nordiska miljöministrarna den 13 april.</li>
<li>Intervju med Flemming Besenbacher, styrelseordförande Carlsberg Group och Henrik Ehrnrooth, styrelseordförande Pöyry, om klimat och konkurrenskraft.</li>
<li>Hagas seminarier under Almedalen 2018</li>
<li>Frukostseminarium för Hagas klimatbokslutet 2017</li>
<li>Karin Stenmar, hållbarhetschef Folksam, i Hagabloggen</li>
</ul>
<p>&nbsp;</p>
<p>Läs hela nyhetsbrevet <a href="https://mailchi.mp/hagainitiativet/nyhetsbrev-maj">här</a></p>
