{"id":3319,"date":"2019-02-06T16:01:00","date_gmt":"2019-02-06T15:01:00","guid":{"rendered":"https:\/\/www.hagainitiativet.se\/?post_type=inlagg&#038;p=3319"},"modified":"2022-08-15T11:36:06","modified_gmt":"2022-08-15T09:36:06","slug":"nyhetsbrev-februari-3","status":"publish","type":"inlagg","link":"https:\/\/www.hagainitiativet.se\/en\/inlagg\/nyhetsbrev-februari-3\/","title":{"rendered":"Nyhetsbrev februari"},"content":{"rendered":"","protected":false},"excerpt":{"rendered":"","protected":false},"featured_media":3321,"parent":0,"template":"","kategori":[17,15],"class_list":["post-3319","inlagg","type-inlagg","status-publish","has-post-thumbnail","hentry","kategori-nyheter","kategori-nyhetsbrev"],"meta_box":{"show_post_en":"0","text":"<p><strong>Fler f\u00f6retagsledare blir klimatledare<\/strong><\/p>\n<ul>\n<li>Intervju med Annica Ekman, professor i meteorologi, Stockholms universitet, om klimatfr\u00e5gan och vad som kr\u00e4vs nu<\/li>\n<li>Frukostseminarium: \u00c4r \u00d6steuropa i framkant eller i bakvattnet f\u00f6r klimatet - Nya perspektiv fr\u00e5n Polen och Baltikum<\/li>\n<li>Sju s\u00e4tt f\u00f6r f\u00f6retag att vara en positiv kraft<\/li>\n<li>mm<\/li>\n<\/ul>\n<p>L\u00e4s hela nyhetsbrevet\u00a0<a href=\"https:\/\/mailchi.mp\/hagainitiativet\/nyhetsbrev-jan2019?e=026414f41a\">h\u00e4r<\/a><\/p>\n","qoute":"","name":"","title-company":""},"_links":{"self":[{"href":"https:\/\/www.hagainitiativet.se\/en\/wp-json\/wp\/v2\/inlagg\/3319","targetHints":{"allow":["GET"]}}],"collection":[{"href":"https:\/\/www.hagainitiativet.se\/en\/wp-json\/wp\/v2\/inlagg"}],"about":[{"href":"https:\/\/www.hagainitiativet.se\/en\/wp-json\/wp\/v2\/types\/inlagg"}],"wp:featuredmedia":[{"embeddable":true,"href":"https:\/\/www.hagainitiativet.se\/en\/wp-json\/wp\/v2\/media\/3321"}],"wp:attachment":[{"href":"https:\/\/www.hagainitiativet.se\/en\/wp-json\/wp\/v2\/media?parent=3319"}],"wp:term":[{"taxonomy":"kategori","embeddable":true,"href":"https:\/\/www.hagainitiativet.se\/en\/wp-json\/wp\/v2\/kategori?post=3319"}],"curies":[{"name":"wp","href":"https:\/\/api.w.org\/{rel}","templated":true}]}}

<p><strong>Fler företagsledare blir klimatledare</strong></p>
<ul>
<li>Intervju med Annica Ekman, professor i meteorologi, Stockholms universitet, om klimatfrågan och vad som krävs nu</li>
<li>Frukostseminarium: Är Östeuropa i framkant eller i bakvattnet för klimatet - Nya perspektiv från Polen och Baltikum</li>
<li>Sju sätt för företag att vara en positiv kraft</li>
<li>mm</li>
</ul>
<p>Läs hela nyhetsbrevet <a href="https://mailchi.mp/hagainitiativet/nyhetsbrev-jan2019?e=026414f41a">här</a></p>
