{"id":3367,"date":"2021-02-02T16:17:00","date_gmt":"2021-02-02T15:17:00","guid":{"rendered":"https:\/\/www.hagainitiativet.se\/?post_type=inlagg&#038;p=3367"},"modified":"2022-08-15T11:36:01","modified_gmt":"2022-08-15T09:36:01","slug":"nyhetsbrev-februari-5","status":"publish","type":"inlagg","link":"https:\/\/www.hagainitiativet.se\/en\/inlagg\/nyhetsbrev-februari-5\/","title":{"rendered":"Nyhetsbrev februari"},"content":{"rendered":"","protected":false},"excerpt":{"rendered":"","protected":false},"featured_media":3369,"parent":0,"template":"","kategori":[17,15],"class_list":["post-3367","inlagg","type-inlagg","status-publish","has-post-thumbnail","hentry","kategori-nyheter","kategori-nyhetsbrev"],"meta_box":{"show_post_en":"0","text":"<p><strong>2021 \u00e4r v\u00e4rdekedjans och de negativa utsl\u00e4ppens \u00e5r<\/strong><\/p>\n<ul>\n<li>Intervju med Cecilia Hermansson, vice ordf\u00f6rande Klimatpolitiska r\u00e5det<\/li>\n<li>Intervju med Lars Appelqvist, ny vd p\u00e5 HKScan<\/li>\n<li>Webinar 16 February \"Negative emissions - cutting emissions or avoiding cutting emissions?\"<\/li>\n<li>Webinarium 23 februari \"F\u00f6r mycket snack och f\u00f6r lite verkstad - hur f\u00e5r vi fart p\u00e5 den cirkul\u00e4ra ekonomin?\"<\/li>\n<li>Nytt fr\u00e5n Hagaf\u00f6retagen<\/li>\n<\/ul>\n<p>&nbsp;<\/p>\n<p><a href=\"https:\/\/mailchi.mp\/58cc4c114f1c\/nyhetsbrev-jan2019-218585\" target=\"_blank\" rel=\"noopener\">L\u00e4s nyhetsbrevet h\u00e4r.<\/a><\/p>\n","qoute":"","name":"","title-company":""},"_links":{"self":[{"href":"https:\/\/www.hagainitiativet.se\/en\/wp-json\/wp\/v2\/inlagg\/3367","targetHints":{"allow":["GET"]}}],"collection":[{"href":"https:\/\/www.hagainitiativet.se\/en\/wp-json\/wp\/v2\/inlagg"}],"about":[{"href":"https:\/\/www.hagainitiativet.se\/en\/wp-json\/wp\/v2\/types\/inlagg"}],"wp:featuredmedia":[{"embeddable":true,"href":"https:\/\/www.hagainitiativet.se\/en\/wp-json\/wp\/v2\/media\/3369"}],"wp:attachment":[{"href":"https:\/\/www.hagainitiativet.se\/en\/wp-json\/wp\/v2\/media?parent=3367"}],"wp:term":[{"taxonomy":"kategori","embeddable":true,"href":"https:\/\/www.hagainitiativet.se\/en\/wp-json\/wp\/v2\/kategori?post=3367"}],"curies":[{"name":"wp","href":"https:\/\/api.w.org\/{rel}","templated":true}]}}

<p><strong>2021 är värdekedjans och de negativa utsläppens år</strong></p>
<ul>
<li>Intervju med Cecilia Hermansson, vice ordförande Klimatpolitiska rådet</li>
<li>Intervju med Lars Appelqvist, ny vd på HKScan</li>
<li>Webinar 16 February "Negative emissions - cutting emissions or avoiding cutting emissions?"</li>
<li>Webinarium 23 februari "För mycket snack och för lite verkstad - hur får vi fart på den cirkulära ekonomin?"</li>
<li>Nytt från Hagaföretagen</li>
</ul>
<p>&nbsp;</p>
<p><a href="https://mailchi.mp/58cc4c114f1c/nyhetsbrev-jan2019-218585" target="_blank" rel="noopener">Läs nyhetsbrevet här.</a></p>
