{"id":3379,"date":"2021-08-26T16:23:00","date_gmt":"2021-08-26T14:23:00","guid":{"rendered":"https:\/\/www.hagainitiativet.se\/?post_type=inlagg&#038;p=3379"},"modified":"2022-08-15T11:35:11","modified_gmt":"2022-08-15T09:35:11","slug":"nyhetsbrev-augusti","status":"publish","type":"inlagg","link":"https:\/\/www.hagainitiativet.se\/en\/inlagg\/nyhetsbrev-augusti\/","title":{"rendered":"Nyhetsbrev augusti"},"content":{"rendered":"","protected":false},"excerpt":{"rendered":"","protected":false},"featured_media":3381,"parent":0,"template":"","kategori":[17,15],"class_list":["post-3379","inlagg","type-inlagg","status-publish","has-post-thumbnail","hentry","kategori-nyheter","kategori-nyhetsbrev"],"meta_box":{"show_post_en":"0","text":"<p><strong>Tre fr\u00e5gor till ditt f\u00f6retag med anledning av IPCC:s klimatrapport<\/strong><\/p>\n<ul>\n<li>\n<h4>Intervju med Markku Rummukainen<\/h4>\n<\/li>\n<li>\n<h4>Webinarium 13 september \"Ett \u00e5r kvar - klimatpolitiken i valet\"<\/h4>\n<\/li>\n<li>Hagainitiativets klimatbokslut \"Klimatm\u00e5let f\u00f6r 2020 uppn\u00e5tt med r\u00e5ge\"<\/li>\n<\/ul>\n<p>L\u00e4s hela nyhetsbrevet\u00a0<a href=\"https:\/\/mailchi.mp\/1b7093e0800f\/nyhetsbrev-jan2019-218641\">h\u00e4r<\/a>.<\/p>\n","qoute":"","name":"","title-company":""},"_links":{"self":[{"href":"https:\/\/www.hagainitiativet.se\/en\/wp-json\/wp\/v2\/inlagg\/3379","targetHints":{"allow":["GET"]}}],"collection":[{"href":"https:\/\/www.hagainitiativet.se\/en\/wp-json\/wp\/v2\/inlagg"}],"about":[{"href":"https:\/\/www.hagainitiativet.se\/en\/wp-json\/wp\/v2\/types\/inlagg"}],"wp:featuredmedia":[{"embeddable":true,"href":"https:\/\/www.hagainitiativet.se\/en\/wp-json\/wp\/v2\/media\/3381"}],"wp:attachment":[{"href":"https:\/\/www.hagainitiativet.se\/en\/wp-json\/wp\/v2\/media?parent=3379"}],"wp:term":[{"taxonomy":"kategori","embeddable":true,"href":"https:\/\/www.hagainitiativet.se\/en\/wp-json\/wp\/v2\/kategori?post=3379"}],"curies":[{"name":"wp","href":"https:\/\/api.w.org\/{rel}","templated":true}]}}

<p><strong>Tre frågor till ditt företag med anledning av IPCC:s klimatrapport</strong></p>
<ul>
<li>
<h4>Intervju med Markku Rummukainen</h4>
</li>
<li>
<h4>Webinarium 13 september "Ett år kvar - klimatpolitiken i valet"</h4>
</li>
<li>Hagainitiativets klimatbokslut "Klimatmålet för 2020 uppnått med råge"</li>
</ul>
<p>Läs hela nyhetsbrevet <a href="https://mailchi.mp/1b7093e0800f/nyhetsbrev-jan2019-218641">här</a>.</p>
