{"id":3434,"date":"2015-01-08T13:57:00","date_gmt":"2015-01-08T12:57:00","guid":{"rendered":"https:\/\/www.hagainitiativet.se\/?post_type=inlagg&#038;p=3434"},"modified":"2022-08-10T13:58:03","modified_gmt":"2022-08-10T11:58:03","slug":"miljoaktuellt-klimatmal-visar-vagen-till-langsiktig-lonsamhet","status":"publish","type":"inlagg","link":"https:\/\/www.hagainitiativet.se\/en\/inlagg\/miljoaktuellt-klimatmal-visar-vagen-till-langsiktig-lonsamhet\/","title":{"rendered":"Milj\u00f6aktuellt: Klimatm\u00e5l visar v\u00e4gen till l\u00e5ngsiktig l\u00f6nsamhet"},"content":{"rendered":"","protected":false},"excerpt":{"rendered":"","protected":false},"featured_media":0,"parent":0,"template":"","kategori":[30],"class_list":["post-3434","inlagg","type-inlagg","status-publish","hentry","kategori-debattartiklar"],"meta_box":{"show_post_en":"0","text":"<p><a href=\"http:\/\/miljoaktuellt.idg.se\/2.1845\/1.602968\/klimatmal-visar-vagen-till-langsiktig-lonsamhet\" target=\"_blank\" rel=\"noopener\">L\u00e4s debattartikel<\/a><\/p>\n","qoute":"","name":"","title-company":""},"_links":{"self":[{"href":"https:\/\/www.hagainitiativet.se\/en\/wp-json\/wp\/v2\/inlagg\/3434","targetHints":{"allow":["GET"]}}],"collection":[{"href":"https:\/\/www.hagainitiativet.se\/en\/wp-json\/wp\/v2\/inlagg"}],"about":[{"href":"https:\/\/www.hagainitiativet.se\/en\/wp-json\/wp\/v2\/types\/inlagg"}],"wp:attachment":[{"href":"https:\/\/www.hagainitiativet.se\/en\/wp-json\/wp\/v2\/media?parent=3434"}],"wp:term":[{"taxonomy":"kategori","embeddable":true,"href":"https:\/\/www.hagainitiativet.se\/en\/wp-json\/wp\/v2\/kategori?post=3434"}],"curies":[{"name":"wp","href":"https:\/\/api.w.org\/{rel}","templated":true}]}}

Miljöaktuellt: Klimatmål visar vägen till långsiktig lönsamhet

<p><a href="http://miljoaktuellt.idg.se/2.1845/1.602968/klimatmal-visar-vagen-till-langsiktig-lonsamhet" target="_blank" rel="noopener">Läs debattartikel</a></p>
