{"id":3495,"date":"2014-08-21T15:22:00","date_gmt":"2014-08-21T13:22:00","guid":{"rendered":"https:\/\/www.hagainitiativet.se\/?post_type=inlagg&#038;p=3495"},"modified":"2022-08-10T15:23:10","modified_gmt":"2022-08-10T13:23:10","slug":"gront-mojligheterna-finns-redan-varfor-vanta","status":"publish","type":"inlagg","link":"https:\/\/www.hagainitiativet.se\/en\/inlagg\/gront-mojligheterna-finns-redan-varfor-vanta\/","title":{"rendered":"Gr\u00f6nt: M\u00f6jligheterna finns redan &#8211; varf\u00f6r v\u00e4nta?"},"content":{"rendered":"","protected":false},"excerpt":{"rendered":"","protected":false},"featured_media":0,"parent":0,"template":"","kategori":[31],"class_list":["post-3495","inlagg","type-inlagg","status-publish","hentry","kategori-artiklar"],"meta_box":{"show_post_en":"0","text":"<p><strong><i class=\"fa fa-download\"><a href=\"https:\/\/www.hagainitiativet.se\/files\/import\/wp-content\/uploads\/2014\/08\/Nina-kr%C3%B6nika-i-Gr%C3%B6nt-april-2014.pdf\" target=\"_blank\" rel=\"noopener\">L\u00e4s artikeln h\u00e4r<\/a><\/i><\/strong><\/p>\n","qoute":"","name":"","title-company":""},"_links":{"self":[{"href":"https:\/\/www.hagainitiativet.se\/en\/wp-json\/wp\/v2\/inlagg\/3495","targetHints":{"allow":["GET"]}}],"collection":[{"href":"https:\/\/www.hagainitiativet.se\/en\/wp-json\/wp\/v2\/inlagg"}],"about":[{"href":"https:\/\/www.hagainitiativet.se\/en\/wp-json\/wp\/v2\/types\/inlagg"}],"wp:attachment":[{"href":"https:\/\/www.hagainitiativet.se\/en\/wp-json\/wp\/v2\/media?parent=3495"}],"wp:term":[{"taxonomy":"kategori","embeddable":true,"href":"https:\/\/www.hagainitiativet.se\/en\/wp-json\/wp\/v2\/kategori?post=3495"}],"curies":[{"name":"wp","href":"https:\/\/api.w.org\/{rel}","templated":true}]}}

Grönt: Möjligheterna finns redan &#8211; varför vänta?

<p><strong><i class="fa fa-download"><a href="https://www.hagainitiativet.se/files/import/wp-content/uploads/2014/08/Nina-kr%C3%B6nika-i-Gr%C3%B6nt-april-2014.pdf" target="_blank" rel="noopener">Läs artikeln här</a></i></strong></p>
