{"id":3501,"date":"2015-09-11T15:25:00","date_gmt":"2015-09-11T13:25:00","guid":{"rendered":"https:\/\/www.hagainitiativet.se\/?post_type=inlagg&#038;p=3501"},"modified":"2022-08-10T15:25:46","modified_gmt":"2022-08-10T13:25:46","slug":"miljorapporten-kommuner-och-foretag-vill-in-i-klimatforhandlingarna","status":"publish","type":"inlagg","link":"https:\/\/www.hagainitiativet.se\/en\/inlagg\/miljorapporten-kommuner-och-foretag-vill-in-i-klimatforhandlingarna\/","title":{"rendered":"Milj\u00f6rapporten: Kommuner och f\u00f6retag vill in i klimatf\u00f6rhandlingarna"},"content":{"rendered":"","protected":false},"excerpt":{"rendered":"","protected":false},"featured_media":0,"parent":0,"template":"","kategori":[31],"class_list":["post-3501","inlagg","type-inlagg","status-publish","hentry","kategori-artiklar"],"meta_box":{"show_post_en":"0","text":"<p><a href=\"https:\/\/www.hagainitiativet.se\/files\/import\/wp-content\/uploads\/2015\/09\/2015nr5_Milj%C3%B6rapporten.jpg\">L\u00e4s artikeln h\u00e4r<\/a><\/p>\n","qoute":"","name":"","title-company":""},"_links":{"self":[{"href":"https:\/\/www.hagainitiativet.se\/en\/wp-json\/wp\/v2\/inlagg\/3501","targetHints":{"allow":["GET"]}}],"collection":[{"href":"https:\/\/www.hagainitiativet.se\/en\/wp-json\/wp\/v2\/inlagg"}],"about":[{"href":"https:\/\/www.hagainitiativet.se\/en\/wp-json\/wp\/v2\/types\/inlagg"}],"wp:attachment":[{"href":"https:\/\/www.hagainitiativet.se\/en\/wp-json\/wp\/v2\/media?parent=3501"}],"wp:term":[{"taxonomy":"kategori","embeddable":true,"href":"https:\/\/www.hagainitiativet.se\/en\/wp-json\/wp\/v2\/kategori?post=3501"}],"curies":[{"name":"wp","href":"https:\/\/api.w.org\/{rel}","templated":true}]}}

Miljörapporten: Kommuner och företag vill in i klimatförhandlingarna

<p><a href="https://www.hagainitiativet.se/files/import/wp-content/uploads/2015/09/2015nr5_Milj%C3%B6rapporten.jpg">Läs artikeln här</a></p>
