{"id":3528,"date":"2017-11-29T15:52:00","date_gmt":"2017-11-29T14:52:00","guid":{"rendered":"https:\/\/www.hagainitiativet.se\/?post_type=inlagg&#038;p=3528"},"modified":"2022-08-10T15:55:37","modified_gmt":"2022-08-10T13:55:37","slug":"klimatpodden-naringslivet-behover-en-mer-ambitios-klimatpolitik","status":"publish","type":"inlagg","link":"https:\/\/www.hagainitiativet.se\/en\/inlagg\/klimatpodden-naringslivet-behover-en-mer-ambitios-klimatpolitik\/","title":{"rendered":"Klimatpodden: N\u00e4ringslivet beh\u00f6ver en mer ambiti\u00f6s klimatpolitik"},"content":{"rendered":"","protected":false},"excerpt":{"rendered":"","protected":false},"featured_media":0,"parent":0,"template":"","kategori":[31],"class_list":["post-3528","inlagg","type-inlagg","status-publish","hentry","kategori-artiklar"],"meta_box":{"show_post_en":"0","text":"<p><a href=\"https:\/\/soundcloud.com\/klimatpodden\/44-nina-ekelund-naringslivet-behover-en-mer-ambitios-klimatpolitik\">Lyssna p\u00e5 podden<\/a><\/p>\n","qoute":"","name":"","title-company":""},"_links":{"self":[{"href":"https:\/\/www.hagainitiativet.se\/en\/wp-json\/wp\/v2\/inlagg\/3528","targetHints":{"allow":["GET"]}}],"collection":[{"href":"https:\/\/www.hagainitiativet.se\/en\/wp-json\/wp\/v2\/inlagg"}],"about":[{"href":"https:\/\/www.hagainitiativet.se\/en\/wp-json\/wp\/v2\/types\/inlagg"}],"wp:attachment":[{"href":"https:\/\/www.hagainitiativet.se\/en\/wp-json\/wp\/v2\/media?parent=3528"}],"wp:term":[{"taxonomy":"kategori","embeddable":true,"href":"https:\/\/www.hagainitiativet.se\/en\/wp-json\/wp\/v2\/kategori?post=3528"}],"curies":[{"name":"wp","href":"https:\/\/api.w.org\/{rel}","templated":true}]}}

Klimatpodden: Näringslivet behöver en mer ambitiös klimatpolitik

<p><a href="https://soundcloud.com/klimatpodden/44-nina-ekelund-naringslivet-behover-en-mer-ambitios-klimatpolitik">Lyssna på podden</a></p>
