{"id":3542,"date":"2019-07-18T16:43:00","date_gmt":"2019-07-18T14:43:00","guid":{"rendered":"https:\/\/www.hagainitiativet.se\/?post_type=inlagg&#038;p=3542"},"modified":"2022-08-10T16:45:53","modified_gmt":"2022-08-10T14:45:53","slug":"dagens-industri-preem-masta-klara-malet-eller-lamna-hagainitiativet","status":"publish","type":"inlagg","link":"https:\/\/www.hagainitiativet.se\/en\/inlagg\/dagens-industri-preem-masta-klara-malet-eller-lamna-hagainitiativet\/","title":{"rendered":"Dagens industri: Preem m\u00e5sta klara m\u00e5let eller l\u00e4mna Hagainitiativet"},"content":{"rendered":"","protected":false},"excerpt":{"rendered":"","protected":false},"featured_media":0,"parent":0,"template":"","kategori":[31],"class_list":["post-3542","inlagg","type-inlagg","status-publish","hentry","kategori-artiklar"],"meta_box":{"show_post_en":"0","text":"<p><a href=\"https:\/\/www.di.se\/nyheter\/preem-maste-klara-malet-eller-lamna-hagainitiativet\/\">L\u00e4s artikeln h\u00e4r<\/a><\/p>\n","qoute":"","name":"","title-company":""},"_links":{"self":[{"href":"https:\/\/www.hagainitiativet.se\/en\/wp-json\/wp\/v2\/inlagg\/3542","targetHints":{"allow":["GET"]}}],"collection":[{"href":"https:\/\/www.hagainitiativet.se\/en\/wp-json\/wp\/v2\/inlagg"}],"about":[{"href":"https:\/\/www.hagainitiativet.se\/en\/wp-json\/wp\/v2\/types\/inlagg"}],"wp:attachment":[{"href":"https:\/\/www.hagainitiativet.se\/en\/wp-json\/wp\/v2\/media?parent=3542"}],"wp:term":[{"taxonomy":"kategori","embeddable":true,"href":"https:\/\/www.hagainitiativet.se\/en\/wp-json\/wp\/v2\/kategori?post=3542"}],"curies":[{"name":"wp","href":"https:\/\/api.w.org\/{rel}","templated":true}]}}

Dagens industri: Preem måsta klara målet eller lämna Hagainitiativet

<p><a href="https://www.di.se/nyheter/preem-maste-klara-malet-eller-lamna-hagainitiativet/">Läs artikeln här</a></p>
