{"id":3580,"date":"2012-03-05T17:13:00","date_gmt":"2012-03-05T16:13:00","guid":{"rendered":"https:\/\/www.hagainitiativet.se\/?post_type=inlagg&#038;p=3580"},"modified":"2022-08-12T09:06:17","modified_gmt":"2022-08-12T07:06:17","slug":"frukostmote-hur-vaxlar-vi-upp-klimatfragan-i-naringslivet","status":"publish","type":"inlagg","link":"https:\/\/www.hagainitiativet.se\/en\/inlagg\/frukostmote-hur-vaxlar-vi-upp-klimatfragan-i-naringslivet\/","title":{"rendered":"Frukostm\u00f6te: Hur v\u00e4xlar vi upp klimatfr\u00e5gan i n\u00e4ringslivet?"},"content":{"rendered":"","protected":false},"excerpt":{"rendered":"","protected":false},"featured_media":3582,"parent":0,"template":"","kategori":[17,16],"class_list":["post-3580","inlagg","type-inlagg","status-publish","has-post-thumbnail","hentry","kategori-nyheter","kategori-seminarier"],"meta_box":{"show_post_en":"0","text":"<p>Fler f\u00f6retag beh\u00f6ver ta klimatfr\u00e5gan p\u00e5 allvar och se att det \u00e4r aff\u00e4rsm\u00e4ssigt l\u00f6nsamt.\u00a0<strong>D\u00e4rf\u00f6r st\u00e4ller vi oss fr\u00e5gan; hur kan vi v\u00e4xla upp klimatfr\u00e5gan i n\u00e4ringslivet?\u00a0<\/strong>Vad kan politiken g\u00f6ra? Vad kan f\u00f6retagen g\u00f6ra?\u00a0<strong>Missar f\u00f6retagen l\u00f6nsamma chanser?<\/strong><\/p>\n<p><strong>Medverkande:<\/strong>\u00a0<strong>Daniel Johansson,<\/strong>\u00a0statssekreterare N\u00e4ringsdepartementet\u00a0<strong>Martina Kr\u00fcger,\u00a0<\/strong>ansvarig f\u00f6r klimat och energi p\u00e5 Greenpeace\u00a0<strong>Per Arfvidsson,<\/strong>\u00a0varufl\u00f6desdirekt\u00f6r Lantm\u00e4nnen (Hagainitiativet)\u00a0<strong>Anna Denell,<\/strong>\u00a0milj\u00f6chef Vasakronan (Hagainitiativet)\u00a0<strong>\u00c5sa Domeij,<\/strong>\u00a0chef milj\u00f6 och socialt ansvar Axfood (Hagainitiativet)\u00a0<strong>Maria Sun\u00e9r Fleming,<\/strong>\u00a0ansvarig energi och klimat Svenskt N\u00e4ringsliv<\/p>\n<p>Moderator: Nina Ekelund, program director p\u00e5 Hagainitiativet<\/p>\n<p><strong>Tid:<\/strong>\u00a0Tisdag 27 mars kl 8-9.30, frukost fr\u00e5n 7.30\u00a0<strong>Plats:<\/strong>\u00a0Nalen, Regeringsgatan 74, Stockholm\u00a0<strong>Anm\u00e4lan:<\/strong>\u00a0Senast fredag 23 mars.\u00a0<strong>Inbjudan:<\/strong>\u00a0<a href=\"https:\/\/www.hagainitiativet.se\/files\/import\/wp-content\/uploads\/2012\/03\/Inbjudan_Frukostmote_Haga-27-mars-2012.jpg\" target=\"_blank\" rel=\"noopener\">Ladda ner den h\u00e4r.<\/a>\u00a0Frukostm\u00f6tet \u00e4r fullbokat!<\/p>\n","qoute":"","name":"","title-company":""},"_links":{"self":[{"href":"https:\/\/www.hagainitiativet.se\/en\/wp-json\/wp\/v2\/inlagg\/3580","targetHints":{"allow":["GET"]}}],"collection":[{"href":"https:\/\/www.hagainitiativet.se\/en\/wp-json\/wp\/v2\/inlagg"}],"about":[{"href":"https:\/\/www.hagainitiativet.se\/en\/wp-json\/wp\/v2\/types\/inlagg"}],"wp:featuredmedia":[{"embeddable":true,"href":"https:\/\/www.hagainitiativet.se\/en\/wp-json\/wp\/v2\/media\/3582"}],"wp:attachment":[{"href":"https:\/\/www.hagainitiativet.se\/en\/wp-json\/wp\/v2\/media?parent=3580"}],"wp:term":[{"taxonomy":"kategori","embeddable":true,"href":"https:\/\/www.hagainitiativet.se\/en\/wp-json\/wp\/v2\/kategori?post=3580"}],"curies":[{"name":"wp","href":"https:\/\/api.w.org\/{rel}","templated":true}]}}

Frukostmöte: Hur växlar vi upp klimatfrågan i näringslivet?

<p>Fler företag behöver ta klimatfrågan på allvar och se att det är affärsmässigt lönsamt. <strong>Därför ställer vi oss frågan; hur kan vi växla upp klimatfrågan i näringslivet? </strong>Vad kan politiken göra? Vad kan företagen göra? <strong>Missar företagen lönsamma chanser?</strong></p>
<p><strong>Medverkande:</strong> <strong>Daniel Johansson,</strong> statssekreterare Näringsdepartementet <strong>Martina Krüger, </strong>ansvarig för klimat och energi på Greenpeace <strong>Per Arfvidsson,</strong> varuflödesdirektör Lantmännen (Hagainitiativet) <strong>Anna Denell,</strong> miljöchef Vasakronan (Hagainitiativet) <strong>Åsa Domeij,</strong> chef miljö och socialt ansvar Axfood (Hagainitiativet) <strong>Maria Sunér Fleming,</strong> ansvarig energi och klimat Svenskt Näringsliv</p>
<p>Moderator: Nina Ekelund, program director på Hagainitiativet</p>
<p><strong>Tid:</strong> Tisdag 27 mars kl 8-9.30, frukost från 7.30 <strong>Plats:</strong> Nalen, Regeringsgatan 74, Stockholm <strong>Anmälan:</strong> Senast fredag 23 mars. <strong>Inbjudan:</strong> <a href="https://www.hagainitiativet.se/files/import/wp-content/uploads/2012/03/Inbjudan_Frukostmote_Haga-27-mars-2012.jpg" target="_blank" rel="noopener">Ladda ner den här.</a> Frukostmötet är fullbokat!</p>
