{"id":3607,"date":"2013-03-27T17:34:00","date_gmt":"2013-03-27T16:34:00","guid":{"rendered":"https:\/\/www.hagainitiativet.se\/?post_type=inlagg&#038;p=3607"},"modified":"2022-08-12T09:58:53","modified_gmt":"2022-08-12T07:58:53","slug":"almedalen-vd-med-fika-2","status":"publish","type":"inlagg","link":"https:\/\/www.hagainitiativet.se\/en\/inlagg\/almedalen-vd-med-fika-2\/","title":{"rendered":"Almedalen: VD med fika"},"content":{"rendered":"","protected":false},"excerpt":{"rendered":"","protected":false},"featured_media":3609,"parent":0,"template":"","kategori":[17,16],"class_list":["post-3607","inlagg","type-inlagg","status-publish","has-post-thumbnail","hentry","kategori-nyheter","kategori-seminarier"],"meta_box":{"show_post_en":"0","text":"<p><em>V\u00e4lkomna till \u00e5rets mest ov\u00e4ntade torgm\u00f6te d\u00e4r dagens politiker st\u00e4ller sina vassaste fr\u00e5gor till vd:ar: Menar vd:arna allvar med sitt klimat- och h\u00e5llbarhetsengagemang? Vad driver dem till att agera? Vems \u00e4r ansvaret f\u00f6r klimatet egentligen?<\/em><\/p>\n<p><em><strong>Medverkande<\/strong><\/em>\u00a0<em>Onsdag<\/em>:\u00a0<strong>Johan Skoglund<\/strong>, vd JM;\u00a0<strong>Fredrik Wirdenius<\/strong>, vd Vasakronan,\u00a0<strong>Anders Egelrud<\/strong>, vd Fortum V\u00e4rme Dagens utfr\u00e5gare:\u00a0<strong>Per Ankersj\u00f6<\/strong>\u00a0(C),\u00a0<strong>Magnus Sj\u00f6dahl<\/strong>\u00a0(KD)<\/p>\n<p><em>Torsdag<\/em>:\u00a0<strong>John Atherton<\/strong>, vd McDonald's Sverige;\u00a0<strong>Carl von Schantz<\/strong>, vd Lantm\u00e4nnen Dagens utfr\u00e5gare:\u00a0<strong>Gustav Fridolin<\/strong>, spr\u00e5kr\u00f6r (MP),\u00a0<strong>Milad Mohammadi<\/strong>, Fryshuset,\u00a0<strong>Anders Wejryd<\/strong>, \u00e4rkebiskop.<\/p>\n<p><em>Tid<\/em>: 15-00-15.30 onsdag och torsdag\u00a0<em>Plats<\/em>: Vid L\u00f6fbergs rullande kaf\u00e9 p\u00e5 Cram\u00e9rgatan<\/p>\n<p>Se inbjudan\u00a0<a href=\"https:\/\/www.hagainitiativet.se\/files\/import\/wp-content\/uploads\/2013\/05\/Inbjudan_VD_fika_E.pdf\" target=\"_blank\" rel=\"noopener\">h\u00e4r<\/a>.\u00a0Ingen f\u00f6ranm\u00e4lan kr\u00e4vs.<\/p>\n","qoute":"","name":"","title-company":""},"_links":{"self":[{"href":"https:\/\/www.hagainitiativet.se\/en\/wp-json\/wp\/v2\/inlagg\/3607","targetHints":{"allow":["GET"]}}],"collection":[{"href":"https:\/\/www.hagainitiativet.se\/en\/wp-json\/wp\/v2\/inlagg"}],"about":[{"href":"https:\/\/www.hagainitiativet.se\/en\/wp-json\/wp\/v2\/types\/inlagg"}],"wp:featuredmedia":[{"embeddable":true,"href":"https:\/\/www.hagainitiativet.se\/en\/wp-json\/wp\/v2\/media\/3609"}],"wp:attachment":[{"href":"https:\/\/www.hagainitiativet.se\/en\/wp-json\/wp\/v2\/media?parent=3607"}],"wp:term":[{"taxonomy":"kategori","embeddable":true,"href":"https:\/\/www.hagainitiativet.se\/en\/wp-json\/wp\/v2\/kategori?post=3607"}],"curies":[{"name":"wp","href":"https:\/\/api.w.org\/{rel}","templated":true}]}}

<p><em>Välkomna till årets mest oväntade torgmöte där dagens politiker ställer sina vassaste frågor till vd:ar: Menar vd:arna allvar med sitt klimat- och hållbarhetsengagemang? Vad driver dem till att agera? Vems är ansvaret för klimatet egentligen?</em></p>
<p><em><strong>Medverkande</strong></em> <em>Onsdag</em>: <strong>Johan Skoglund</strong>, vd JM; <strong>Fredrik Wirdenius</strong>, vd Vasakronan, <strong>Anders Egelrud</strong>, vd Fortum Värme Dagens utfrågare: <strong>Per Ankersjö</strong> (C), <strong>Magnus Sjödahl</strong> (KD)</p>
<p><em>Torsdag</em>: <strong>John Atherton</strong>, vd McDonald's Sverige; <strong>Carl von Schantz</strong>, vd Lantmännen Dagens utfrågare: <strong>Gustav Fridolin</strong>, språkrör (MP), <strong>Milad Mohammadi</strong>, Fryshuset, <strong>Anders Wejryd</strong>, ärkebiskop.</p>
<p><em>Tid</em>: 15-00-15.30 onsdag och torsdag <em>Plats</em>: Vid Löfbergs rullande kafé på Cramérgatan</p>
<p>Se inbjudan <a href="https://www.hagainitiativet.se/files/import/wp-content/uploads/2013/05/Inbjudan_VD_fika_E.pdf" target="_blank" rel="noopener">här</a>. Ingen föranmälan krävs.</p>
