{"id":3610,"date":"2013-05-27T17:36:00","date_gmt":"2013-05-27T15:36:00","guid":{"rendered":"https:\/\/www.hagainitiativet.se\/?post_type=inlagg&#038;p=3610"},"modified":"2022-08-12T09:59:11","modified_gmt":"2022-08-12T07:59:11","slug":"almedalen-naringslivet-klimatracar-vilka-politiker-hjalper-dem-i-mal","status":"publish","type":"inlagg","link":"https:\/\/www.hagainitiativet.se\/en\/inlagg\/almedalen-naringslivet-klimatracar-vilka-politiker-hjalper-dem-i-mal\/","title":{"rendered":"Almedalen: N\u00e4ringslivet klimatracar &#8211; vilka politiker hj\u00e4lper dem i m\u00e5l?"},"content":{"rendered":"","protected":false},"excerpt":{"rendered":"","protected":false},"featured_media":3612,"parent":0,"template":"","kategori":[17,16],"class_list":["post-3610","inlagg","type-inlagg","status-publish","has-post-thumbnail","hentry","kategori-nyheter","kategori-seminarier"],"meta_box":{"show_post_en":"0","text":"<p><em>F\u00f6retag som vill, politiker som kan och drakn\u00e4stets h\u00e5rda utfr\u00e5gningar. Hur m\u00f6jligg\u00f6r politikerna ett klimatsmart n\u00e4ringsliv? Vad g\u00f6r f\u00f6retagen vinnare i det gr\u00f6na racet? Vad \u00f6nskar vd:ar fr\u00e5n politiken? Vad s\u00e4ger expertpanelen i drakn\u00e4stet \u2013 r\u00e4cker detta f\u00f6r att skapa v\u00e4lf\u00e4rd i den gr\u00f6na ekonomin?<\/em><\/p>\n<p><strong>Medverkande<\/strong>\u00a0<em>Hagarepresentanter<\/em>:\u00a0<strong>Lars Appelqvist<\/strong>, vd L\u00f6fbergs;\u00a0<strong>Fredrik Wirdenius,<\/strong>\u00a0vd Vasakronan;\u00a0<strong>Anders Egelrud<\/strong>, vd Fortum V\u00e4rme;\u00a0<strong>Carl von Schantz<\/strong>, vd Lantm\u00e4nnen Energi;\u00a0<strong>Staffan Persson<\/strong>, vd Stena Recycling;\u00a0<strong>John Atherton<\/strong>, vd McDonald's Sverige;\u00a0<strong>G\u00f6ran Holm<\/strong>, vd HKScan.<\/p>\n<p><em>Drakn\u00e4ste<\/em>:\u00a0<strong>J<\/strong><strong>ohan Rockstr\u00f6m<\/strong>, chef Stockholm Resilience Centre;\u00a0<strong>Kim Jacobsson<\/strong>, vd Ungdomar.se;\u00a0<strong>Anders Wijkman<\/strong>, ordf\u00f6rande Romklubben;\u00a0<strong>Svante Axelsson<\/strong>, generalsekreterare Naturskyddsf\u00f6reningen<\/p>\n<p><em>Politiker<\/em>:\u00a0<strong>Per Bolund<\/strong>, riksdagsledamot (MP),\u00a0<strong>Matilda Ernkrans<\/strong>, riksdagsledamot (S),\u00a0<strong>Lars Hj\u00e4lmered<\/strong>, riksdagsledamot (M),\u00a0<strong>Martin \u00c5dahl<\/strong>, chefsekonom (C).<\/p>\n<p><strong>Tid<\/strong>: Tisdagen den\u00a02 juli kl. 13.30-15.00\u00a0<strong>Plats<\/strong>: B\u00e5ten Blue Charm, Visby inre hamn<\/p>\n<p>Se inbjudan\u00a0<a href=\"https:\/\/www.hagainitiativet.se\/files\/import\/wp-content\/uploads\/2013\/05\/Inbjudan_Lunchsem_I.pdf\" target=\"_blank\" rel=\"noopener\">h\u00e4r<\/a>. Ingen f\u00f6ranm\u00e4lan kr\u00e4vs.<\/p>\n","qoute":"","name":"","title-company":""},"_links":{"self":[{"href":"https:\/\/www.hagainitiativet.se\/en\/wp-json\/wp\/v2\/inlagg\/3610","targetHints":{"allow":["GET"]}}],"collection":[{"href":"https:\/\/www.hagainitiativet.se\/en\/wp-json\/wp\/v2\/inlagg"}],"about":[{"href":"https:\/\/www.hagainitiativet.se\/en\/wp-json\/wp\/v2\/types\/inlagg"}],"wp:featuredmedia":[{"embeddable":true,"href":"https:\/\/www.hagainitiativet.se\/en\/wp-json\/wp\/v2\/media\/3612"}],"wp:attachment":[{"href":"https:\/\/www.hagainitiativet.se\/en\/wp-json\/wp\/v2\/media?parent=3610"}],"wp:term":[{"taxonomy":"kategori","embeddable":true,"href":"https:\/\/www.hagainitiativet.se\/en\/wp-json\/wp\/v2\/kategori?post=3610"}],"curies":[{"name":"wp","href":"https:\/\/api.w.org\/{rel}","templated":true}]}}

Almedalen: Näringslivet klimatracar &#8211; vilka politiker hjälper dem i mål?

<p><em>Företag som vill, politiker som kan och draknästets hårda utfrågningar. Hur möjliggör politikerna ett klimatsmart näringsliv? Vad gör företagen vinnare i det gröna racet? Vad önskar vd:ar från politiken? Vad säger expertpanelen i draknästet – räcker detta för att skapa välfärd i den gröna ekonomin?</em></p>
<p><strong>Medverkande</strong> <em>Hagarepresentanter</em>: <strong>Lars Appelqvist</strong>, vd Löfbergs; <strong>Fredrik Wirdenius,</strong> vd Vasakronan; <strong>Anders Egelrud</strong>, vd Fortum Värme; <strong>Carl von Schantz</strong>, vd Lantmännen Energi; <strong>Staffan Persson</strong>, vd Stena Recycling; <strong>John Atherton</strong>, vd McDonald's Sverige; <strong>Göran Holm</strong>, vd HKScan.</p>
<p><em>Draknäste</em>: <strong>J</strong><strong>ohan Rockström</strong>, chef Stockholm Resilience Centre; <strong>Kim Jacobsson</strong>, vd Ungdomar.se; <strong>Anders Wijkman</strong>, ordförande Romklubben; <strong>Svante Axelsson</strong>, generalsekreterare Naturskyddsföreningen</p>
<p><em>Politiker</em>: <strong>Per Bolund</strong>, riksdagsledamot (MP), <strong>Matilda Ernkrans</strong>, riksdagsledamot (S), <strong>Lars Hjälmered</strong>, riksdagsledamot (M), <strong>Martin Ådahl</strong>, chefsekonom (C).</p>
<p><strong>Tid</strong>: Tisdagen den 2 juli kl. 13.30-15.00 <strong>Plats</strong>: Båten Blue Charm, Visby inre hamn</p>
<p>Se inbjudan <a href="https://www.hagainitiativet.se/files/import/wp-content/uploads/2013/05/Inbjudan_Lunchsem_I.pdf" target="_blank" rel="noopener">här</a>. Ingen föranmälan krävs.</p>
