{"id":3628,"date":"2014-01-15T17:43:00","date_gmt":"2014-01-15T16:43:00","guid":{"rendered":"https:\/\/www.hagainitiativet.se\/?post_type=inlagg&#038;p=3628"},"modified":"2022-08-12T10:01:15","modified_gmt":"2022-08-12T08:01:15","slug":"frukostmote-infor-supervalaret-hur-lyfter-vi-klimatfragan-i-valrorelsen","status":"publish","type":"inlagg","link":"https:\/\/www.hagainitiativet.se\/en\/inlagg\/frukostmote-infor-supervalaret-hur-lyfter-vi-klimatfragan-i-valrorelsen\/","title":{"rendered":"Frukostm\u00f6te: Inf\u00f6r superval\u00e5ret &#8211; Hur lyfter vi klimatfr\u00e5gan i valr\u00f6relsen?"},"content":{"rendered":"","protected":false},"excerpt":{"rendered":"","protected":false},"featured_media":3630,"parent":0,"template":"","kategori":[17,16],"class_list":["post-3628","inlagg","type-inlagg","status-publish","has-post-thumbnail","hentry","kategori-nyheter","kategori-seminarier"],"meta_box":{"show_post_en":"0","text":"<p><em>Kan n\u00e4ringslivet bidra till att f\u00e5 upp klimatfr\u00e5gan p\u00e5 den politiska agendan? Klimat- och resursfr\u00e5gorna en viktig del av v\u00e4lf\u00e4rdsfr\u00e5gan \u2013 varf\u00f6r m\u00e4rks inte detta i den politiska debatten? Hur kan n\u00e4ringslivet och media bidra till att lyfta dessa perspektiv i valet?<\/em><\/p>\n<p><strong>Medverkande<\/strong>: PM Nilsson, politisk redakt\u00f6r och chef f\u00f6r ledar- och debattsidan, Dagens Industri Maria Ludvigsson, ledarskribent, Svenska Dagbladet Johan Rockstr\u00f6m, chef Stockholm Resilience Centre Lars Appelqvist, vd L\u00f6fbergs Anders Egelrud, vd Fortum V\u00e4rme<\/p>\n<p>Kommentarer fr\u00e5n: Matilda Ernkrans, riksdagsledamot (S) Johan Hultberg, riksdagsledamot (M)<\/p>\n<p>Moderator Nina Ekelund, programdirekt\u00f6r Hagainitiativet<\/p>\n<p><b>Frukostseminariet \u00e4r fullsatt.\u00a0<\/b>F\u00f6r reservlista, skicka namn, titel och mailadress till info@hagainitiativet.se Se inbjudan\u00a0<a href=\"https:\/\/www.hagainitiativet.se\/files\/import\/wp-content\/uploads\/2014\/01\/140205-Inbjudan_Haga_frukost2014.pdf\" target=\"_blank\" rel=\"noopener\">h\u00e4r<\/a><\/p>\n<p><b>Tid<\/b>: 7 februari, kl. 8.00 - 9.30. Frukostmacka med kaffe\/te serveras fr\u00e5n kl. 7.45.\u00a0<b>Plats<\/b>: Lokalen Harlem p\u00e5 Nalen, Regeringsgatan 74, Stockholm\u00a0<b>Anm\u00e4lan<\/b>: Senast den 3 februari (OBS fullbokat!)\u00a0<b>Twitter<\/b>: #Haga14<\/p>\n","qoute":"","name":"","title-company":""},"_links":{"self":[{"href":"https:\/\/www.hagainitiativet.se\/en\/wp-json\/wp\/v2\/inlagg\/3628","targetHints":{"allow":["GET"]}}],"collection":[{"href":"https:\/\/www.hagainitiativet.se\/en\/wp-json\/wp\/v2\/inlagg"}],"about":[{"href":"https:\/\/www.hagainitiativet.se\/en\/wp-json\/wp\/v2\/types\/inlagg"}],"wp:featuredmedia":[{"embeddable":true,"href":"https:\/\/www.hagainitiativet.se\/en\/wp-json\/wp\/v2\/media\/3630"}],"wp:attachment":[{"href":"https:\/\/www.hagainitiativet.se\/en\/wp-json\/wp\/v2\/media?parent=3628"}],"wp:term":[{"taxonomy":"kategori","embeddable":true,"href":"https:\/\/www.hagainitiativet.se\/en\/wp-json\/wp\/v2\/kategori?post=3628"}],"curies":[{"name":"wp","href":"https:\/\/api.w.org\/{rel}","templated":true}]}}

Frukostmöte: Inför supervalåret &#8211; Hur lyfter vi klimatfrågan i valrörelsen?

<p><em>Kan näringslivet bidra till att få upp klimatfrågan på den politiska agendan? Klimat- och resursfrågorna en viktig del av välfärdsfrågan – varför märks inte detta i den politiska debatten? Hur kan näringslivet och media bidra till att lyfta dessa perspektiv i valet?</em></p>
<p><strong>Medverkande</strong>: PM Nilsson, politisk redaktör och chef för ledar- och debattsidan, Dagens Industri Maria Ludvigsson, ledarskribent, Svenska Dagbladet Johan Rockström, chef Stockholm Resilience Centre Lars Appelqvist, vd Löfbergs Anders Egelrud, vd Fortum Värme</p>
<p>Kommentarer från: Matilda Ernkrans, riksdagsledamot (S) Johan Hultberg, riksdagsledamot (M)</p>
<p>Moderator Nina Ekelund, programdirektör Hagainitiativet</p>
<p><b>Frukostseminariet är fullsatt. </b>För reservlista, skicka namn, titel och mailadress till info@hagainitiativet.se Se inbjudan <a href="https://www.hagainitiativet.se/files/import/wp-content/uploads/2014/01/140205-Inbjudan_Haga_frukost2014.pdf" target="_blank" rel="noopener">här</a></p>
<p><b>Tid</b>: 7 februari, kl. 8.00 - 9.30. Frukostmacka med kaffe/te serveras från kl. 7.45. <b>Plats</b>: Lokalen Harlem på Nalen, Regeringsgatan 74, Stockholm <b>Anmälan</b>: Senast den 3 februari (OBS fullbokat!) <b>Twitter</b>: #Haga14</p>
