{"id":3700,"date":"2017-06-26T08:00:00","date_gmt":"2017-06-26T06:00:00","guid":{"rendered":"https:\/\/www.hagainitiativet.se\/?post_type=inlagg&#038;p=3700"},"modified":"2022-08-11T08:01:39","modified_gmt":"2022-08-11T06:01:39","slug":"almedalen-3-juli-eu-och-klimatet-allt-du-inte-visste-du-undrade","status":"publish","type":"inlagg","link":"https:\/\/www.hagainitiativet.se\/en\/inlagg\/almedalen-3-juli-eu-och-klimatet-allt-du-inte-visste-du-undrade\/","title":{"rendered":"Almedalen 3 juli: EU och klimatet \u2013 allt du inte visste du undrade"},"content":{"rendered":"","protected":false},"excerpt":{"rendered":"","protected":false},"featured_media":3702,"parent":0,"template":"","kategori":[16],"class_list":["post-3700","inlagg","type-inlagg","status-publish","has-post-thumbnail","hentry","kategori-seminarier"],"meta_box":{"show_post_en":"0","text":"<p>Hagainitiativets vd:ar grillar Hans Bergman, svensk head of unit p\u00e5 Kommissionens DG Climate Action och \u00c5sa Romson, ordf\u00f6rande i EU-n\u00e4mnden (MP) som sitter i heta stolen. Vad g\u00f6r EU:s klimatkommission\u00e4r p\u00e5 jobbet \u2013 egentligen? Hur ska EU-politiken g\u00f6ra skillnad p\u00e5 riktigt i de enskilda f\u00f6retagen? Hur f\u00e5r vi ig\u00e5ng klimatengagemanget? L\u00e4s mer\u00a0<a href=\"http:\/\/www.almedalsveckan.info\/event\/user-view\/47371\">h\u00e4r.<\/a><\/p>\n<p><strong>Tid:\u00a0<\/strong>M\u00e5ndag 3 juli kl 15:00-15.45<br \/>\n<strong>Plats:<\/strong>\u00a0Europahuset, Strandv\u00e4gen, H514<br \/>\n<strong>Arrang\u00f6rer:<\/strong>\u00a0EU-kommissionen i Sverige, Hagainitiativet<\/p>\n<p><strong>Medverkade:<\/strong><br \/>\nHans Bergman, svensk head of unit p\u00e5 DG CLIMA<br \/>\n\u00c5sa Romson, ordf\u00f6rande i EU-n\u00e4mnden (MP)<br \/>\nVd:ar<br \/>\nAnders Egelrud, vd, Stockholm Exergi<br \/>\nJens Henriksson, vd och koncernchef, Folksam<br \/>\nLars Andersson, nordendirekt\u00f6r, Nouryon<br \/>\nP-O Wedin, vd, Sveaskog<br \/>\nModerator:<br \/>\nNina Ekelund, generalsekreterare, Hagainitiativet<\/p>\n<p>Varmt v\u00e4lkommen!<\/p>\n","qoute":"","name":"","title-company":""},"_links":{"self":[{"href":"https:\/\/www.hagainitiativet.se\/en\/wp-json\/wp\/v2\/inlagg\/3700","targetHints":{"allow":["GET"]}}],"collection":[{"href":"https:\/\/www.hagainitiativet.se\/en\/wp-json\/wp\/v2\/inlagg"}],"about":[{"href":"https:\/\/www.hagainitiativet.se\/en\/wp-json\/wp\/v2\/types\/inlagg"}],"wp:featuredmedia":[{"embeddable":true,"href":"https:\/\/www.hagainitiativet.se\/en\/wp-json\/wp\/v2\/media\/3702"}],"wp:attachment":[{"href":"https:\/\/www.hagainitiativet.se\/en\/wp-json\/wp\/v2\/media?parent=3700"}],"wp:term":[{"taxonomy":"kategori","embeddable":true,"href":"https:\/\/www.hagainitiativet.se\/en\/wp-json\/wp\/v2\/kategori?post=3700"}],"curies":[{"name":"wp","href":"https:\/\/api.w.org\/{rel}","templated":true}]}}

<p>Hagainitiativets vd:ar grillar Hans Bergman, svensk head of unit på Kommissionens DG Climate Action och Åsa Romson, ordförande i EU-nämnden (MP) som sitter i heta stolen. Vad gör EU:s klimatkommissionär på jobbet – egentligen? Hur ska EU-politiken göra skillnad på riktigt i de enskilda företagen? Hur får vi igång klimatengagemanget? Läs mer <a href="http://www.almedalsveckan.info/event/user-view/47371">här.</a></p>
<p><strong>Tid: </strong>Måndag 3 juli kl 15:00-15.45<br />
<strong>Plats:</strong> Europahuset, Strandvägen, H514<br />
<strong>Arrangörer:</strong> EU-kommissionen i Sverige, Hagainitiativet</p>
<p><strong>Medverkade:</strong><br />
Hans Bergman, svensk head of unit på DG CLIMA<br />
Åsa Romson, ordförande i EU-nämnden (MP)<br />
Vd:ar<br />
Anders Egelrud, vd, Stockholm Exergi<br />
Jens Henriksson, vd och koncernchef, Folksam<br />
Lars Andersson, nordendirektör, Nouryon<br />
P-O Wedin, vd, Sveaskog<br />
Moderator:<br />
Nina Ekelund, generalsekreterare, Hagainitiativet</p>
<p>Varmt välkommen!</p>
