{"id":3709,"date":"2017-06-27T08:03:00","date_gmt":"2017-06-27T06:03:00","guid":{"rendered":"https:\/\/www.hagainitiativet.se\/?post_type=inlagg&#038;p=3709"},"modified":"2022-08-12T12:32:44","modified_gmt":"2022-08-12T10:32:44","slug":"almedalen-5-juli-vd-med-fika-politiker-fragar-ut-vdar-om-klimat","status":"publish","type":"inlagg","link":"https:\/\/www.hagainitiativet.se\/en\/inlagg\/almedalen-5-juli-vd-med-fika-politiker-fragar-ut-vdar-om-klimat\/","title":{"rendered":"Almedalen 5 juli: Vd med fika \u2013 politiker fr\u00e5gar ut vd:ar om klimat"},"content":{"rendered":"","protected":false},"excerpt":{"rendered":"","protected":false},"featured_media":3711,"parent":0,"template":"","kategori":[17,16],"class_list":["post-3709","inlagg","type-inlagg","status-publish","has-post-thumbnail","hentry","kategori-nyheter","kategori-seminarier"],"meta_box":{"show_post_en":"0","text":"<p>K\u00e4nda politiker fr\u00e5gar vd:arna i Hagainitiativet sina vassaste fr\u00e5gor om klimat och milj\u00f6. Menar verkligen vd:arna allvar med sitt klimat- och h\u00e5llbarhetsengagemang? Vad driver dem till att agera? Vems \u00e4r ansvaret f\u00f6r klimatet egentligen? \u00c4r det verkligen l\u00f6nsamt med klimatarbete? H\u00e4r grillas vd:arna. L\u00e4s mer\u00a0<a href=\"http:\/\/www.almedalsveckan.info\/event\/user-view\/46316\">h\u00e4r.<\/a><\/p>\n<p><strong>Tid och plats:<\/strong>\u00a0Onsdag 5 juli 12-13, Dagens Nyheters t\u00e4lt, Strandv\u00e4gen 4, Visby<br \/>\n<strong>Arrang\u00f6r:<\/strong>\u00a0Hagainitiativet och L\u00f6fbergs<\/p>\n<p><strong>Medverkande politiker:<\/strong><br \/>\nMikael Damberg, n\u00e4rings- och innovationsminister (S)<br \/>\nKarolina Skog, milj\u00f6minister (MP)<br \/>\nRickard Nordin, riksdagsledamot (C)<br \/>\nJohan Hultberg, riksdagsledamot (M)<br \/>\n\u00c5sa Romson, riksdagsledamot (MP)<br \/>\nMatilda Ernkrans, riksdagsledamot (S)<br \/>\nJens Holm, riksdagsledamot (V)<br \/>\nLars Tysklind, riksdagsledamot (L)<br \/>\nJakob Forssmed, riksdagsledamot (KD)<\/p>\n<p><strong>Medverkande f\u00f6retag:<\/strong><br \/>\nJens Henriksson, vd, Folksam<br \/>\nLars Appelqvist, vd, L\u00f6fbergs<br \/>\nSofia Hyl\u00e9en Toresson, vd, HKScan Sweden<br \/>\nPierre Decroix, vd, Coca-Cola European Partners Sverige<br \/>\nJan Kilstr\u00f6m, vd Green Cargo<br \/>\nAnders Egelrud, vd Stockholm Exergi<br \/>\nLars Andersson, vd Nouryon<br \/>\nPetter Holland, vd Preem<br \/>\nUlf Troedson, vd, Siemens<br \/>\nPer Arfvidsson, vice vd, Lantm\u00e4nnen<br \/>\nLena Bruce, aff\u00e4rsutvecklare, Sveaskog<\/p>\n<p>Varmt v\u00e4lkommen!<\/p>\n","qoute":"","name":"","title-company":""},"_links":{"self":[{"href":"https:\/\/www.hagainitiativet.se\/en\/wp-json\/wp\/v2\/inlagg\/3709","targetHints":{"allow":["GET"]}}],"collection":[{"href":"https:\/\/www.hagainitiativet.se\/en\/wp-json\/wp\/v2\/inlagg"}],"about":[{"href":"https:\/\/www.hagainitiativet.se\/en\/wp-json\/wp\/v2\/types\/inlagg"}],"wp:featuredmedia":[{"embeddable":true,"href":"https:\/\/www.hagainitiativet.se\/en\/wp-json\/wp\/v2\/media\/3711"}],"wp:attachment":[{"href":"https:\/\/www.hagainitiativet.se\/en\/wp-json\/wp\/v2\/media?parent=3709"}],"wp:term":[{"taxonomy":"kategori","embeddable":true,"href":"https:\/\/www.hagainitiativet.se\/en\/wp-json\/wp\/v2\/kategori?post=3709"}],"curies":[{"name":"wp","href":"https:\/\/api.w.org\/{rel}","templated":true}]}}

Almedalen 5 juli: Vd med fika – politiker frågar ut vd:ar om klimat

<p>Kända politiker frågar vd:arna i Hagainitiativet sina vassaste frågor om klimat och miljö. Menar verkligen vd:arna allvar med sitt klimat- och hållbarhetsengagemang? Vad driver dem till att agera? Vems är ansvaret för klimatet egentligen? Är det verkligen lönsamt med klimatarbete? Här grillas vd:arna. Läs mer <a href="http://www.almedalsveckan.info/event/user-view/46316">här.</a></p>
<p><strong>Tid och plats:</strong> Onsdag 5 juli 12-13, Dagens Nyheters tält, Strandvägen 4, Visby<br />
<strong>Arrangör:</strong> Hagainitiativet och Löfbergs</p>
<p><strong>Medverkande politiker:</strong><br />
Mikael Damberg, närings- och innovationsminister (S)<br />
Karolina Skog, miljöminister (MP)<br />
Rickard Nordin, riksdagsledamot (C)<br />
Johan Hultberg, riksdagsledamot (M)<br />
Åsa Romson, riksdagsledamot (MP)<br />
Matilda Ernkrans, riksdagsledamot (S)<br />
Jens Holm, riksdagsledamot (V)<br />
Lars Tysklind, riksdagsledamot (L)<br />
Jakob Forssmed, riksdagsledamot (KD)</p>
<p><strong>Medverkande företag:</strong><br />
Jens Henriksson, vd, Folksam<br />
Lars Appelqvist, vd, Löfbergs<br />
Sofia Hyléen Toresson, vd, HKScan Sweden<br />
Pierre Decroix, vd, Coca-Cola European Partners Sverige<br />
Jan Kilström, vd Green Cargo<br />
Anders Egelrud, vd Stockholm Exergi<br />
Lars Andersson, vd Nouryon<br />
Petter Holland, vd Preem<br />
Ulf Troedson, vd, Siemens<br />
Per Arfvidsson, vice vd, Lantmännen<br />
Lena Bruce, affärsutvecklare, Sveaskog</p>
<p>Varmt välkommen!</p>
