{"id":3751,"date":"2019-03-07T08:18:00","date_gmt":"2019-03-07T07:18:00","guid":{"rendered":"https:\/\/www.hagainitiativet.se\/?post_type=inlagg&#038;p=3751"},"modified":"2022-08-11T08:18:42","modified_gmt":"2022-08-11T06:18:42","slug":"frukostseminarium-ar-osteuropa-i-framkant-eller-i-bakvattnet-for-klimatet-nya-perspektiv-fran-polen-och-baltikum","status":"publish","type":"inlagg","link":"https:\/\/www.hagainitiativet.se\/en\/inlagg\/frukostseminarium-ar-osteuropa-i-framkant-eller-i-bakvattnet-for-klimatet-nya-perspektiv-fran-polen-och-baltikum\/","title":{"rendered":"Frukostseminarium: \u00c4r \u00d6steuropa i framkant eller i bakvattnet f\u00f6r klimatet \u2013 Nya perspektiv fr\u00e5n Polen och Baltikum"},"content":{"rendered":"","protected":false},"excerpt":{"rendered":"","protected":false},"featured_media":3753,"parent":0,"template":"","kategori":[16],"class_list":["post-3751","inlagg","type-inlagg","status-publish","has-post-thumbnail","hentry","kategori-seminarier"],"meta_box":{"show_post_en":"0","text":"<ul>\n<li>Hur bidrar nordiska f\u00f6retag till klimatomst\u00e4llningen p\u00e5 hemmaplan och i \u00d6steuropa?<\/li>\n<li>Vilka goda exempel kan skalas upp till globala klimatl\u00f6sningar?<\/li>\n<li>Hur kan ambiti\u00f6sa klimat\u00e5tg\u00e4rder ge aff\u00e4rsf\u00f6rdelar och konkurrenskraft?<\/li>\n<\/ul>\n<p><strong>Datum<\/strong>: torsdag 28 mars 2019<br \/>\n<strong>Tid:\u00a0<\/strong>08.00-10.00 (frukost fr\u00e5n 07.30)<br \/>\n<strong>Plats:<\/strong>\u00a0Kungliga Myntkabinettet, Slottsbacken 6, Stockholm<br \/>\n<strong>Arrang\u00f6rer:<\/strong>\u00a0Svensk-Polska Handelskammaren och Hagainitiativet<br \/>\n<strong>Medverkande:<\/strong><\/p>\n<ul>\n<li>Daniel Larsson , Head of Business Promotion and Communication, Svenska ambassaden i Polen, Warsawa<\/li>\n<li>Nina Ekelund, Generalsekreterare, Hagainitiativet<\/li>\n<li>Nils Westling, Forskningssamordnare, Hagainitiativet<\/li>\n<li>Oras Tynkkynen, senior r\u00e5dgivare, Sitra<\/li>\n<li>\u00c5sa Pettersson, Head of Public Affairs and Sustainability, Scania<\/li>\n<li>Fabian Levihn, Head of R&amp;D p\u00e5 Stockholm Exergi<\/li>\n<li>Anders Turesson, \u00e4mnesr\u00e5d p\u00e5 Milj\u00f6departementet<\/li>\n<\/ul>\n<p><strong>Moderator<\/strong>: Mikolaj Norek, vd, Svensk-Polska Handelskammaren<\/p>\n<p>Anm\u00e4lan sker per e-post till\u00a0<a href=\"mailto:mikolaj.norek@svenskpolska.se\">mikolaj.norek@svenskpolska.se<\/a><\/p>\n","qoute":"","name":"","title-company":""},"_links":{"self":[{"href":"https:\/\/www.hagainitiativet.se\/en\/wp-json\/wp\/v2\/inlagg\/3751","targetHints":{"allow":["GET"]}}],"collection":[{"href":"https:\/\/www.hagainitiativet.se\/en\/wp-json\/wp\/v2\/inlagg"}],"about":[{"href":"https:\/\/www.hagainitiativet.se\/en\/wp-json\/wp\/v2\/types\/inlagg"}],"wp:featuredmedia":[{"embeddable":true,"href":"https:\/\/www.hagainitiativet.se\/en\/wp-json\/wp\/v2\/media\/3753"}],"wp:attachment":[{"href":"https:\/\/www.hagainitiativet.se\/en\/wp-json\/wp\/v2\/media?parent=3751"}],"wp:term":[{"taxonomy":"kategori","embeddable":true,"href":"https:\/\/www.hagainitiativet.se\/en\/wp-json\/wp\/v2\/kategori?post=3751"}],"curies":[{"name":"wp","href":"https:\/\/api.w.org\/{rel}","templated":true}]}}

Frukostseminarium: Är Östeuropa i framkant eller i bakvattnet för klimatet – Nya perspektiv från Polen och Baltikum

<ul>
<li>Hur bidrar nordiska företag till klimatomställningen på hemmaplan och i Östeuropa?</li>
<li>Vilka goda exempel kan skalas upp till globala klimatlösningar?</li>
<li>Hur kan ambitiösa klimatåtgärder ge affärsfördelar och konkurrenskraft?</li>
</ul>
<p><strong>Datum</strong>: torsdag 28 mars 2019<br />
<strong>Tid: </strong>08.00-10.00 (frukost från 07.30)<br />
<strong>Plats:</strong> Kungliga Myntkabinettet, Slottsbacken 6, Stockholm<br />
<strong>Arrangörer:</strong> Svensk-Polska Handelskammaren och Hagainitiativet<br />
<strong>Medverkande:</strong></p>
<ul>
<li>Daniel Larsson , Head of Business Promotion and Communication, Svenska ambassaden i Polen, Warsawa</li>
<li>Nina Ekelund, Generalsekreterare, Hagainitiativet</li>
<li>Nils Westling, Forskningssamordnare, Hagainitiativet</li>
<li>Oras Tynkkynen, senior rådgivare, Sitra</li>
<li>Åsa Pettersson, Head of Public Affairs and Sustainability, Scania</li>
<li>Fabian Levihn, Head of R&amp;D på Stockholm Exergi</li>
<li>Anders Turesson, ämnesråd på Miljödepartementet</li>
</ul>
<p><strong>Moderator</strong>: Mikolaj Norek, vd, Svensk-Polska Handelskammaren</p>
<p>Anmälan sker per e-post till <a href="mailto:mikolaj.norek@svenskpolska.se">mikolaj.norek@svenskpolska.se</a></p>
