{"id":3787,"date":"2021-06-02T08:31:00","date_gmt":"2021-06-02T06:31:00","guid":{"rendered":"https:\/\/www.hagainitiativet.se\/?post_type=inlagg&#038;p=3787"},"modified":"2023-01-18T12:41:52","modified_gmt":"2023-01-18T11:41:52","slug":"money-talks-sa-formar-handelspolitiken-klimatomstallningen-webinarium-14-juni","status":"publish","type":"inlagg","link":"https:\/\/www.hagainitiativet.se\/en\/inlagg\/money-talks-sa-formar-handelspolitiken-klimatomstallningen-webinarium-14-juni\/","title":{"rendered":"Money talks \u2013 s\u00e5 formar handelspolitiken klimatomst\u00e4llningen webbinarium 14 juni"},"content":{"rendered":"","protected":false},"excerpt":{"rendered":"","protected":false},"featured_media":3789,"parent":0,"template":"","kategori":[16],"class_list":["post-3787","inlagg","type-inlagg","status-publish","has-post-thumbnail","hentry","kategori-seminarier"],"meta_box":{"show_post_en":"0","text":"<p>14 juni<br \/>\nkl. 10.00 - 11.15<\/p>\n<p>EU \u00e4r en av v\u00e4rldens st\u00f6rsta handelspartners, v\u00e4rdet av producerade varor och tj\u00e4nster inom unionen motsvarade \u00e5r 2019 16,4 biljoner euro (BNP). Att styra om EU:s handelspolitik mot gr\u00f6na investeringar \u00e4r helt avg\u00f6rande f\u00f6r att klara klimatomst\u00e4llningen. Just nu formas en ny handels- och finanspolitik inom EU med anledning av revidering EU ETS, Next Generation, CBAM, gr\u00f6na given och taxonomin. Utformningen av EU:s klimat- och handelspolitik kommer att s\u00e4tta agendan f\u00f6r all global handel och d\u00e4rmed hur vi n\u00e5r 1,5-gradersm\u00e5let. EU-minister Hans Dahlgren inleder webinariet med att ber\u00e4tta om Sveriges arbete med klimatpolitik i EU.<\/p>\n<ul>\n<li>Hur b\u00f6r EU:s handelspolitik utformas f\u00f6r att gynna klimatomst\u00e4llningen?<\/li>\n<li>Hur Sverige driver p\u00e5 EU:s klimat- och handelspolitik?<\/li>\n<li>Hur p\u00e5verkar taxonomin och gr\u00f6na given gr\u00f6na investeringar?<\/li>\n<\/ul>\n<p>I samband med webinariet kommer Hagainitiativets nya EU-rapport\u00a0<em>Time to step up<\/em>\u00a0att lanseras.<\/p>\n<p>&nbsp;<\/p>\n<p><strong>Medverkande<\/strong><\/p>\n<p>Hans Dahlgren, EU-minister<br \/>\nAnders Wijkman, styrelseordf\u00f6rande f\u00f6r Climate KIC<br \/>\nEmma Wiesner, europaparlamentariker (C)<br \/>\nJakop Dalunde, europaparlamentariker (MP)<br \/>\nEmma Lindberg, Public Affairs Manager, Folksamgruppen<br \/>\nOlof Johansson, skogspolitisk chef, Sveaskog<br \/>\nMarie Baumgarts, Chef Regulatory Affairs and Sustainability SEB<br \/>\nAlarik Sandrup, n\u00e4ringspolitisk chef, Lantm\u00e4nnen<br \/>\nDeniz Butros, policy- och kommunikationsansvarig, Hagainitiativet<br \/>\nNina Ekelund, generalsekreterare, Hagainitiativet (moderator)<\/p>\n","qoute":"<p><a href=\"https:\/\/www.hagainitiativet.se\/files\/2021-06\/1623932368_del-1.mp4\">\/files\/2021-06\/1623932368_del-1.mp4<\/a><\/p>\n<p><a href=\"https:\/\/www.hagainitiativet.se\/files\/2021-06\/del-2.mp4\">\/files\/2021-06\/del-2.mp4<\/a><\/p>\n","name":"","title-company":""},"_links":{"self":[{"href":"https:\/\/www.hagainitiativet.se\/en\/wp-json\/wp\/v2\/inlagg\/3787","targetHints":{"allow":["GET"]}}],"collection":[{"href":"https:\/\/www.hagainitiativet.se\/en\/wp-json\/wp\/v2\/inlagg"}],"about":[{"href":"https:\/\/www.hagainitiativet.se\/en\/wp-json\/wp\/v2\/types\/inlagg"}],"wp:featuredmedia":[{"embeddable":true,"href":"https:\/\/www.hagainitiativet.se\/en\/wp-json\/wp\/v2\/media\/3789"}],"wp:attachment":[{"href":"https:\/\/www.hagainitiativet.se\/en\/wp-json\/wp\/v2\/media?parent=3787"}],"wp:term":[{"taxonomy":"kategori","embeddable":true,"href":"https:\/\/www.hagainitiativet.se\/en\/wp-json\/wp\/v2\/kategori?post=3787"}],"curies":[{"name":"wp","href":"https:\/\/api.w.org\/{rel}","templated":true}]}}

Money talks – så formar handelspolitiken klimatomställningen webbinarium 14 juni

<p>14 juni<br />
kl. 10.00 - 11.15</p>
<p>EU är en av världens största handelspartners, värdet av producerade varor och tjänster inom unionen motsvarade år 2019 16,4 biljoner euro (BNP). Att styra om EU:s handelspolitik mot gröna investeringar är helt avgörande för att klara klimatomställningen. Just nu formas en ny handels- och finanspolitik inom EU med anledning av revidering EU ETS, Next Generation, CBAM, gröna given och taxonomin. Utformningen av EU:s klimat- och handelspolitik kommer att sätta agendan för all global handel och därmed hur vi når 1,5-gradersmålet. EU-minister Hans Dahlgren inleder webinariet med att berätta om Sveriges arbete med klimatpolitik i EU.</p>
<ul>
<li>Hur bör EU:s handelspolitik utformas för att gynna klimatomställningen?</li>
<li>Hur Sverige driver på EU:s klimat- och handelspolitik?</li>
<li>Hur påverkar taxonomin och gröna given gröna investeringar?</li>
</ul>
<p>I samband med webinariet kommer Hagainitiativets nya EU-rapport <em>Time to step up</em> att lanseras.</p>
<p>&nbsp;</p>
<p><strong>Medverkande</strong></p>
<p>Hans Dahlgren, EU-minister<br />
Anders Wijkman, styrelseordförande för Climate KIC<br />
Emma Wiesner, europaparlamentariker (C)<br />
Jakop Dalunde, europaparlamentariker (MP)<br />
Emma Lindberg, Public Affairs Manager, Folksamgruppen<br />
Olof Johansson, skogspolitisk chef, Sveaskog<br />
Marie Baumgarts, Chef Regulatory Affairs and Sustainability SEB<br />
Alarik Sandrup, näringspolitisk chef, Lantmännen<br />
Deniz Butros, policy- och kommunikationsansvarig, Hagainitiativet<br />
Nina Ekelund, generalsekreterare, Hagainitiativet (moderator)</p>
