{"id":3841,"date":"2011-04-11T09:51:00","date_gmt":"2011-04-11T07:51:00","guid":{"rendered":"https:\/\/www.hagainitiativet.se\/?post_type=inlagg&#038;p=3841"},"modified":"2022-08-11T09:51:48","modified_gmt":"2022-08-11T07:51:48","slug":"maria-suner-fleming-utsikt-fran-ett-alderdomshem-ar-2050","status":"publish","type":"inlagg","link":"https:\/\/www.hagainitiativet.se\/en\/inlagg\/maria-suner-fleming-utsikt-fran-ett-alderdomshem-ar-2050\/","title":{"rendered":"Maria Suner Fleming: Utsikt fr\u00e5n ett \u00e5lderdomshem \u00e5r 2050"},"content":{"rendered":"","protected":false},"excerpt":{"rendered":"","protected":false},"featured_media":3843,"parent":0,"template":"","kategori":[23],"class_list":["post-3841","inlagg","type-inlagg","status-publish","has-post-thumbnail","hentry","kategori-hagabloggen"],"meta_box":{"show_post_en":"0","text":"","qoute":"","name":"","title-company":""},"_links":{"self":[{"href":"https:\/\/www.hagainitiativet.se\/en\/wp-json\/wp\/v2\/inlagg\/3841","targetHints":{"allow":["GET"]}}],"collection":[{"href":"https:\/\/www.hagainitiativet.se\/en\/wp-json\/wp\/v2\/inlagg"}],"about":[{"href":"https:\/\/www.hagainitiativet.se\/en\/wp-json\/wp\/v2\/types\/inlagg"}],"wp:featuredmedia":[{"embeddable":true,"href":"https:\/\/www.hagainitiativet.se\/en\/wp-json\/wp\/v2\/media\/3843"}],"wp:attachment":[{"href":"https:\/\/www.hagainitiativet.se\/en\/wp-json\/wp\/v2\/media?parent=3841"}],"wp:term":[{"taxonomy":"kategori","embeddable":true,"href":"https:\/\/www.hagainitiativet.se\/en\/wp-json\/wp\/v2\/kategori?post=3841"}],"curies":[{"name":"wp","href":"https:\/\/api.w.org\/{rel}","templated":true}]}}

Maria Suner Fleming: Utsikt från ett ålderdomshem år 2050
