{"id":3876,"date":"2011-09-12T11:25:00","date_gmt":"2011-09-12T09:25:00","guid":{"rendered":"https:\/\/www.hagainitiativet.se\/?post_type=inlagg&#038;p=3876"},"modified":"2022-08-11T11:26:11","modified_gmt":"2022-08-11T09:26:11","slug":"gunilla-blomkvist-varje-liten-del-raknas-att-skapa-engagemang","status":"publish","type":"inlagg","link":"https:\/\/www.hagainitiativet.se\/en\/inlagg\/gunilla-blomkvist-varje-liten-del-raknas-att-skapa-engagemang\/","title":{"rendered":"Gunilla Blomkvist: Varje liten del r\u00e4knas \u2013 att skapa engagemang"},"content":{"rendered":"","protected":false},"excerpt":{"rendered":"","protected":false},"featured_media":0,"parent":0,"template":"","kategori":[23],"class_list":["post-3876","inlagg","type-inlagg","status-publish","hentry","kategori-hagabloggen"],"meta_box":{"show_post_en":"0","text":"<p>Ibland l\u00e4ser jag artiklar d\u00e4r klimatfr\u00e5gan fortfarande ifr\u00e5gas\u00e4tts. Vid tiden f\u00f6r klimatkonferensen i K\u00f6penhamn var fr\u00e5gan h\u00f6gt uppe p\u00e5 dagordningen b\u00e5de i media och hos v\u00e4rldens ledare. Nu har den mer och mer halkat ner p\u00e5 den mediala agendan och tyv\u00e4rr \u00e4ven bland m\u00e4nniskor i allm\u00e4nhet. Inf\u00f6r konferensen i Durban \u00e4r f\u00f6rv\u00e4ntningarna l\u00e5ga. Men klimatfr\u00e5gan \u00e4r lika viktig, eller \u00e4n mer akut, d\u00e5 vi \u201dtappat\u201d tv\u00e5 v\u00e4rdefulla \u00e5r f\u00f6r att kunna v\u00e4nda trenden och minska CO2utsl\u00e4ppen.<\/p>\n<p>Hur h\u00e5ller man engagemanget f\u00f6r klimatfr\u00e5gan kvar och hur motiverar man f\u00f6r att driva arbetet fram\u00e5t?<\/p>\n<p>Det \u00e4r en utmaning i sig att vara milj\u00f6chef p\u00e5 Statoil, d\u00e5 v\u00e5ra produkter bidrar till CO2utsl\u00e4ppen. Idag drivs 95 % av bilarna i Sverige med fossila br\u00e4nslen. Det \u00e4r en utopi att detta skulle upph\u00f6ra fr\u00e5n en dag till en annan. Dock hoppas vi att snart kunna \u00f6ka l\u00e5ginblandningen av biodrivmedel i bensin och diesel s\u00e5 att alla bilf\u00f6rare skulle minska sina CO2utsl\u00e4pp. Samtidigt ser vi sj\u00e4lvklart fram\u00e5t. I framtiden kommer det att finnas olika typer av fordon som drivs med olika sorters\u00a0 drivmedel.<\/p>\n<p>Men h\u00e4r och nu. Vad kan vi g\u00f6ra idag? Vi har ett tales\u00e4tt inom f\u00f6retaget: \u201dVarje liten del r\u00e4knas\u201d.<\/p>\n<p>F\u00f6rra \u00e5ret gjorde jag en enk\u00e4t bland personalen och 92,5% tyckte det var mycket viktigt eller oerh\u00f6rt viktigt att vi arbetade med klimat-och milj\u00f6fr\u00e5gor. Jag f\u00e5r ofta f\u00f6rslag; fr\u00e5n engagerade medarbetare, p\u00e5 vad man kan g\u00f6ra. Det \u00e4r enormt kul och inspirerande.<\/p>\n<p>Svenska Statoils klimatstrategi inneb\u00e4r en halvering v\u00e5ra egna CO2utsl\u00e4pp till \u00e5r 2020. H\u00e4r \u00e4r n\u00e5gra exempel p\u00e5 vad vi g\u00f6r f\u00f6r att n\u00e5 detta m\u00e5l.<\/p>\n<p>Vi tog reda p\u00e5 var vi stod och kartlade v\u00e5r elf\u00f6rbrukning p\u00e5 stationerna och dep\u00e5erna runt om i landet. Varf\u00f6r f\u00f6rbrukade station X s\u00e5 mycket mer energi \u00e4n station Y? Vilka smarta l\u00f6sningar har man p\u00e5 station Y som vi kan installera p\u00e5 andra stationer? Vi f\u00f6ljer hur elf\u00f6rbrukningen minskar d\u00e5 vi byter ut kylar och belysning, installerar r\u00f6relsedetektorer m.m. Det ger motivation och skapar engagemang!<\/p>\n<p>Vi utbildade \u00f6ver 2 000 medarbetare om hur vi kan bidra till att minska milj\u00f6p\u00e5verkan och energif\u00f6rbrukningen (och d\u00e4rmed CO2utsl\u00e4ppen).\u00a0 Utbildningen \u00e4r webbaserad och nu obligatorisk f\u00f6r alla nyanst\u00e4llda!<\/p>\n<p>Vi har i \u00e5r ersatt tankbilarna som k\u00f6r ut drivmedel till stationerna fr\u00e5n dep\u00e5erna till bilar med mer br\u00e4nsleeffektiva motorer och h\u00f6gre lastkapacitet. Detta i kombination med ytterligare fokus p\u00e5 optimerad lastplanering ber\u00e4knas minska v\u00e5ra utsl\u00e4pp fr\u00e5n transporterna v\u00e4sentligt.<\/p>\n<p>Vi \u00f6ppnar snart en station i M\u00f6lndal som \u00e4r den f\u00f6rsta i Europa som byggts och certifierats enligt U.S. Green Building Councils internationella milj\u00f6certifieringssystem LEED (Leadership in Energy and Environmental Design).\u00a0 Detta inneb\u00e4r att stationen byggts s\u00e5 milj\u00f6-och klimatsmart som m\u00f6jligt!<\/p>\n<p>Jag tycker det \u00e4r otroligt viktigt att alla medarbetare k\u00e4nner stolthet och vilja att bidra till v\u00e5rt m\u00e5l genom att p\u00e5verka och ifr\u00e5gas\u00e4tta.\u00a0 Varje liten del r\u00e4knas som bekant.<\/p>\n","qoute":"","name":"","title-company":""},"_links":{"self":[{"href":"https:\/\/www.hagainitiativet.se\/en\/wp-json\/wp\/v2\/inlagg\/3876","targetHints":{"allow":["GET"]}}],"collection":[{"href":"https:\/\/www.hagainitiativet.se\/en\/wp-json\/wp\/v2\/inlagg"}],"about":[{"href":"https:\/\/www.hagainitiativet.se\/en\/wp-json\/wp\/v2\/types\/inlagg"}],"wp:attachment":[{"href":"https:\/\/www.hagainitiativet.se\/en\/wp-json\/wp\/v2\/media?parent=3876"}],"wp:term":[{"taxonomy":"kategori","embeddable":true,"href":"https:\/\/www.hagainitiativet.se\/en\/wp-json\/wp\/v2\/kategori?post=3876"}],"curies":[{"name":"wp","href":"https:\/\/api.w.org\/{rel}","templated":true}]}}

Gunilla Blomkvist: Varje liten del räknas – att skapa engagemang

<p>Ibland läser jag artiklar där klimatfrågan fortfarande ifrågasätts. Vid tiden för klimatkonferensen i Köpenhamn var frågan högt uppe på dagordningen både i media och hos världens ledare. Nu har den mer och mer halkat ner på den mediala agendan och tyvärr även bland människor i allmänhet. Inför konferensen i Durban är förväntningarna låga. Men klimatfrågan är lika viktig, eller än mer akut, då vi ”tappat” två värdefulla år för att kunna vända trenden och minska CO2utsläppen.</p>
<p>Hur håller man engagemanget för klimatfrågan kvar och hur motiverar man för att driva arbetet framåt?</p>
<p>Det är en utmaning i sig att vara miljöchef på Statoil, då våra produkter bidrar till CO2utsläppen. Idag drivs 95 % av bilarna i Sverige med fossila bränslen. Det är en utopi att detta skulle upphöra från en dag till en annan. Dock hoppas vi att snart kunna öka låginblandningen av biodrivmedel i bensin och diesel så att alla bilförare skulle minska sina CO2utsläpp. Samtidigt ser vi självklart framåt. I framtiden kommer det att finnas olika typer av fordon som drivs med olika sorters  drivmedel.</p>
<p>Men här och nu. Vad kan vi göra idag? Vi har ett talesätt inom företaget: ”Varje liten del räknas”.</p>
<p>Förra året gjorde jag en enkät bland personalen och 92,5% tyckte det var mycket viktigt eller oerhört viktigt att vi arbetade med klimat-och miljöfrågor. Jag får ofta förslag; från engagerade medarbetare, på vad man kan göra. Det är enormt kul och inspirerande.</p>
<p>Svenska Statoils klimatstrategi innebär en halvering våra egna CO2utsläpp till år 2020. Här är några exempel på vad vi gör för att nå detta mål.</p>
<p>Vi tog reda på var vi stod och kartlade vår elförbrukning på stationerna och depåerna runt om i landet. Varför förbrukade station X så mycket mer energi än station Y? Vilka smarta lösningar har man på station Y som vi kan installera på andra stationer? Vi följer hur elförbrukningen minskar då vi byter ut kylar och belysning, installerar rörelsedetektorer m.m. Det ger motivation och skapar engagemang!</p>
<p>Vi utbildade över 2 000 medarbetare om hur vi kan bidra till att minska miljöpåverkan och energiförbrukningen (och därmed CO2utsläppen).  Utbildningen är webbaserad och nu obligatorisk för alla nyanställda!</p>
<p>Vi har i år ersatt tankbilarna som kör ut drivmedel till stationerna från depåerna till bilar med mer bränsleeffektiva motorer och högre lastkapacitet. Detta i kombination med ytterligare fokus på optimerad lastplanering beräknas minska våra utsläpp från transporterna väsentligt.</p>
<p>Vi öppnar snart en station i Mölndal som är den första i Europa som byggts och certifierats enligt U.S. Green Building Councils internationella miljöcertifieringssystem LEED (Leadership in Energy and Environmental Design).  Detta innebär att stationen byggts så miljö-och klimatsmart som möjligt!</p>
<p>Jag tycker det är otroligt viktigt att alla medarbetare känner stolthet och vilja att bidra till vårt mål genom att påverka och ifrågasätta.  Varje liten del räknas som bekant.</p>
