{"id":4501,"date":"2014-10-17T07:31:00","date_gmt":"2014-10-17T05:31:00","guid":{"rendered":"https:\/\/www.hagainitiativet.se\/?post_type=inlagg&#038;p=4501"},"modified":"2022-08-12T10:50:07","modified_gmt":"2022-08-12T08:50:07","slug":"forskare-utslappspriset-avgorande-for-minskad-klimatpaverkan","status":"publish","type":"inlagg","link":"https:\/\/www.hagainitiativet.se\/en\/inlagg\/forskare-utslappspriset-avgorande-for-minskad-klimatpaverkan\/","title":{"rendered":"Forskare: Utsl\u00e4ppspriset avg\u00f6rande f\u00f6r minskad klimatp\u00e5verkan"},"content":{"rendered":"","protected":false},"excerpt":{"rendered":"","protected":false},"featured_media":0,"parent":0,"template":"","kategori":[17,29],"class_list":["post-4501","inlagg","type-inlagg","status-publish","hentry","kategori-nyheter","kategori-pressmeddelanden"],"meta_box":{"show_post_en":"0","text":"<p><a href=\"https:\/\/www.hagainitiativet.se\/files\/import\/wp-content\/uploads\/2014\/10\/141017-Forskare1.pdf\">L\u00e4s pressmeddelande &gt;&gt;<\/a><\/p>\n<p>L\u00e4nk till\u00a0<a href=\"http:\/\/www.mynewsdesk.com\/se\/hagainitiativet\" target=\"_blank\" rel=\"noopener\">pressrum &gt;&gt;<\/a><\/p>\n","qoute":"","name":"","title-company":""},"_links":{"self":[{"href":"https:\/\/www.hagainitiativet.se\/en\/wp-json\/wp\/v2\/inlagg\/4501","targetHints":{"allow":["GET"]}}],"collection":[{"href":"https:\/\/www.hagainitiativet.se\/en\/wp-json\/wp\/v2\/inlagg"}],"about":[{"href":"https:\/\/www.hagainitiativet.se\/en\/wp-json\/wp\/v2\/types\/inlagg"}],"wp:attachment":[{"href":"https:\/\/www.hagainitiativet.se\/en\/wp-json\/wp\/v2\/media?parent=4501"}],"wp:term":[{"taxonomy":"kategori","embeddable":true,"href":"https:\/\/www.hagainitiativet.se\/en\/wp-json\/wp\/v2\/kategori?post=4501"}],"curies":[{"name":"wp","href":"https:\/\/api.w.org\/{rel}","templated":true}]}}

Forskare: Utsläppspriset avgörande för minskad klimatpåverkan

<p><a href="https://www.hagainitiativet.se/files/import/wp-content/uploads/2014/10/141017-Forskare1.pdf">Läs pressmeddelande &gt;&gt;</a></p>
<p>Länk till <a href="http://www.mynewsdesk.com/se/hagainitiativet" target="_blank" rel="noopener">pressrum &gt;&gt;</a></p>
