{"id":4636,"date":"2012-06-01T09:07:00","date_gmt":"2012-06-01T07:07:00","guid":{"rendered":"https:\/\/www.hagainitiativet.se\/?post_type=inlagg&#038;p=4636"},"modified":"2022-08-12T09:07:57","modified_gmt":"2022-08-12T07:07:57","slug":"forsta-gangen-gemensamt-klimatbokslut-fran-11-storforetag-2","status":"publish","type":"inlagg","link":"https:\/\/www.hagainitiativet.se\/en\/inlagg\/forsta-gangen-gemensamt-klimatbokslut-fran-11-storforetag-2\/","title":{"rendered":"F\u00f6rsta g\u00e5ngen: Gemensamt klimatbokslut fr\u00e5n 11 storf\u00f6retag"},"content":{"rendered":"","protected":false},"excerpt":{"rendered":"","protected":false},"featured_media":4638,"parent":0,"template":"","kategori":[17],"class_list":["post-4636","inlagg","type-inlagg","status-publish","has-post-thumbnail","hentry","kategori-nyheter"],"meta_box":{"show_post_en":"0","text":"<p>F\u00f6retagen i Hagainitiativet har tagit fram ett gemensamt klimatbokslut. I Klimatbokslut 2011 redovisas f\u00f6retagens m\u00e5l, klimatp\u00e5verkan och \u00e5tg\u00e4rder f\u00f6r att n\u00e5 m\u00e5len. Redovisningarna i klimatbokslutet baseras p\u00e5\u00a0<a href=\"http:\/\/www.ghgprotocol.org\/standards\/corporate-standard\" target=\"_blank\" rel=\"noopener\">GHG-protokollet<\/a>\u00a0som \u00e4r en internationell standard f\u00f6r ber\u00e4kningar av f\u00f6retags klimatp\u00e5verkan.<\/p>\n<p><a href=\"https:\/\/www.hagainitiativet.se\/files\/import\/wp-content\/uploads\/2012\/05\/Haga_klimatbokslut.pdf\" target=\"_blank\" rel=\"noopener\">Ladda ner Klimatbokslut 2011 h\u00e4r<\/a>\u00a0<a href=\"https:\/\/www.hagainitiativet.se\/files\/import\/wp-content\/uploads\/2012\/05\/Pressmeddelande-F%C3%B6rsta-g%C3%A5ngen-Gemensamt-klimatbokslut-fr%C3%A5n-11-storf%C3%B6retag.pdf\" target=\"_blank\" rel=\"noopener\">L\u00e4s pressmeddelandet h\u00e4r<\/a><\/p>\n","qoute":"","name":"","title-company":""},"_links":{"self":[{"href":"https:\/\/www.hagainitiativet.se\/en\/wp-json\/wp\/v2\/inlagg\/4636","targetHints":{"allow":["GET"]}}],"collection":[{"href":"https:\/\/www.hagainitiativet.se\/en\/wp-json\/wp\/v2\/inlagg"}],"about":[{"href":"https:\/\/www.hagainitiativet.se\/en\/wp-json\/wp\/v2\/types\/inlagg"}],"wp:featuredmedia":[{"embeddable":true,"href":"https:\/\/www.hagainitiativet.se\/en\/wp-json\/wp\/v2\/media\/4638"}],"wp:attachment":[{"href":"https:\/\/www.hagainitiativet.se\/en\/wp-json\/wp\/v2\/media?parent=4636"}],"wp:term":[{"taxonomy":"kategori","embeddable":true,"href":"https:\/\/www.hagainitiativet.se\/en\/wp-json\/wp\/v2\/kategori?post=4636"}],"curies":[{"name":"wp","href":"https:\/\/api.w.org\/{rel}","templated":true}]}}

Första gången: Gemensamt klimatbokslut från 11 storföretag

<p>Företagen i Hagainitiativet har tagit fram ett gemensamt klimatbokslut. I Klimatbokslut 2011 redovisas företagens mål, klimatpåverkan och åtgärder för att nå målen. Redovisningarna i klimatbokslutet baseras på <a href="http://www.ghgprotocol.org/standards/corporate-standard" target="_blank" rel="noopener">GHG-protokollet</a> som är en internationell standard för beräkningar av företags klimatpåverkan.</p>
<p><a href="https://www.hagainitiativet.se/files/import/wp-content/uploads/2012/05/Haga_klimatbokslut.pdf" target="_blank" rel="noopener">Ladda ner Klimatbokslut 2011 här</a> <a href="https://www.hagainitiativet.se/files/import/wp-content/uploads/2012/05/Pressmeddelande-F%C3%B6rsta-g%C3%A5ngen-Gemensamt-klimatbokslut-fr%C3%A5n-11-storf%C3%B6retag.pdf" target="_blank" rel="noopener">Läs pressmeddelandet här</a></p>
