{"id":4686,"date":"2012-11-20T09:49:00","date_gmt":"2012-11-20T08:49:00","guid":{"rendered":"https:\/\/www.hagainitiativet.se\/?post_type=inlagg&#038;p=4686"},"modified":"2022-08-12T09:49:39","modified_gmt":"2022-08-12T07:49:39","slug":"svante-axelsson-om-klimataret-2013","status":"publish","type":"inlagg","link":"https:\/\/www.hagainitiativet.se\/en\/inlagg\/svante-axelsson-om-klimataret-2013\/","title":{"rendered":"Svante Axelsson om klimat\u00e5ret 2013"},"content":{"rendered":"","protected":false},"excerpt":{"rendered":"","protected":false},"featured_media":0,"parent":0,"template":"","kategori":[17],"class_list":["post-4686","inlagg","type-inlagg","status-publish","hentry","kategori-nyheter"],"meta_box":{"show_post_en":"0","text":"<p>Svante Axelsson, generalsekreterare f\u00f6r Naturskyddsf\u00f6reningen, utfr\u00e5gas av Hagainitiativets Nina Ekelund om sina f\u00f6rv\u00e4ntningar p\u00e5 klimat\u00e5ret 2013.<\/p>\n<p>\"<em>Den ekonomiska krisen ligger som en skugga \u00f6ver alltihop. Om man inte kan kombinera milj\u00f6politiken med l\u00f6sningar av politikens kortsiktiga \u00e5ngest \u00f6ver jobb och tillv\u00e4xt, kommer man inte in i debatten. Man m\u00e5ste bli smartare i att f\u00f6rs\u00f6ka f\u00f6rl\u00f6sa den kortsiktiga \u00e5ngesten med det l\u00e5ngsiktiga.<\/em>\"<\/p>\n","qoute":"","name":"","title-company":""},"_links":{"self":[{"href":"https:\/\/www.hagainitiativet.se\/en\/wp-json\/wp\/v2\/inlagg\/4686","targetHints":{"allow":["GET"]}}],"collection":[{"href":"https:\/\/www.hagainitiativet.se\/en\/wp-json\/wp\/v2\/inlagg"}],"about":[{"href":"https:\/\/www.hagainitiativet.se\/en\/wp-json\/wp\/v2\/types\/inlagg"}],"wp:attachment":[{"href":"https:\/\/www.hagainitiativet.se\/en\/wp-json\/wp\/v2\/media?parent=4686"}],"wp:term":[{"taxonomy":"kategori","embeddable":true,"href":"https:\/\/www.hagainitiativet.se\/en\/wp-json\/wp\/v2\/kategori?post=4686"}],"curies":[{"name":"wp","href":"https:\/\/api.w.org\/{rel}","templated":true}]}}

Svante Axelsson om klimatåret 2013

<p>Svante Axelsson, generalsekreterare för Naturskyddsföreningen, utfrågas av Hagainitiativets Nina Ekelund om sina förväntningar på klimatåret 2013.</p>
<p>"<em>Den ekonomiska krisen ligger som en skugga över alltihop. Om man inte kan kombinera miljöpolitiken med lösningar av politikens kortsiktiga ångest över jobb och tillväxt, kommer man inte in i debatten. Man måste bli smartare i att försöka förlösa den kortsiktiga ångesten med det långsiktiga.</em>"</p>
