{"id":4733,"date":"2014-07-07T10:31:00","date_gmt":"2014-07-07T08:31:00","guid":{"rendered":"https:\/\/www.hagainitiativet.se\/?post_type=inlagg&#038;p=4733"},"modified":"2022-08-12T10:31:37","modified_gmt":"2022-08-12T08:31:37","slug":"hagainitiativet-intervjuar-politiker","status":"publish","type":"inlagg","link":"https:\/\/www.hagainitiativet.se\/en\/inlagg\/hagainitiativet-intervjuar-politiker\/","title":{"rendered":"Hagainitiativet intervjuar politiker"},"content":{"rendered":"","protected":false},"excerpt":{"rendered":"","protected":false},"featured_media":0,"parent":0,"template":"","kategori":[17],"class_list":["post-4733","inlagg","type-inlagg","status-publish","hentry","kategori-nyheter"],"meta_box":{"show_post_en":"0","text":"<h3><b>Hur ser riksdagens ekonomisk-politiska talespersoner p\u00e5 klimat, v\u00e4lf\u00e4rd och m\u00f6jligheter f\u00f6r Sverige?<\/b><\/h3>\n<p>Under v\u00e5ren 2014 har Hagainitiativet intervjuat riksdagspartiernas ekonomisk-politiska talespersoner, i n\u00e5got fall chefsekonom och gruppledare i finansutskottet. Alla partier har erbjudits m\u00f6jlighet att besvara enk\u00e4tfr\u00e5gorna.<\/p>\n<p>Resultatet fr\u00e5n intervjuerna visar att flertalet av partierna anser att Sverige b\u00f6r g\u00e5 f\u00f6re i klimatomst\u00e4llningen och dessutom att klimatomst\u00e4llningen i sig \u00e4r jobbskapande och positiv f\u00f6r svensk v\u00e4lf\u00e4rd.<\/p>\n<p><a href=\"http:\/\/hagainitiativet.se\/category\/politikerintervjuer\/\" target=\"_blank\" rel=\"noopener\">L\u00e4s alla intervjusvar h\u00e4r<\/a><\/p>\n","qoute":"","name":"","title-company":""},"_links":{"self":[{"href":"https:\/\/www.hagainitiativet.se\/en\/wp-json\/wp\/v2\/inlagg\/4733","targetHints":{"allow":["GET"]}}],"collection":[{"href":"https:\/\/www.hagainitiativet.se\/en\/wp-json\/wp\/v2\/inlagg"}],"about":[{"href":"https:\/\/www.hagainitiativet.se\/en\/wp-json\/wp\/v2\/types\/inlagg"}],"wp:attachment":[{"href":"https:\/\/www.hagainitiativet.se\/en\/wp-json\/wp\/v2\/media?parent=4733"}],"wp:term":[{"taxonomy":"kategori","embeddable":true,"href":"https:\/\/www.hagainitiativet.se\/en\/wp-json\/wp\/v2\/kategori?post=4733"}],"curies":[{"name":"wp","href":"https:\/\/api.w.org\/{rel}","templated":true}]}}

<h3><b>Hur ser riksdagens ekonomisk-politiska talespersoner på klimat, välfärd och möjligheter för Sverige?</b></h3>
<p>Under våren 2014 har Hagainitiativet intervjuat riksdagspartiernas ekonomisk-politiska talespersoner, i något fall chefsekonom och gruppledare i finansutskottet. Alla partier har erbjudits möjlighet att besvara enkätfrågorna.</p>
<p>Resultatet från intervjuerna visar att flertalet av partierna anser att Sverige bör gå före i klimatomställningen och dessutom att klimatomställningen i sig är jobbskapande och positiv för svensk välfärd.</p>
<p><a href="http://hagainitiativet.se/category/politikerintervjuer/" target="_blank" rel="noopener">Läs alla intervjusvar här</a></p>
