{"id":4747,"date":"2014-10-31T10:50:00","date_gmt":"2014-10-31T09:50:00","guid":{"rendered":"https:\/\/www.hagainitiativet.se\/?post_type=inlagg&#038;p=4747"},"modified":"2022-08-12T11:22:17","modified_gmt":"2022-08-12T09:22:17","slug":"film-kanda-profiler-om-klimat-och-media","status":"publish","type":"inlagg","link":"https:\/\/www.hagainitiativet.se\/en\/inlagg\/film-kanda-profiler-om-klimat-och-media\/","title":{"rendered":"Film: K\u00e4nda profiler om klimat och media"},"content":{"rendered":"","protected":false},"excerpt":{"rendered":"","protected":false},"featured_media":4749,"parent":0,"template":"","kategori":[17],"class_list":["post-4747","inlagg","type-inlagg","status-publish","has-post-thumbnail","hentry","kategori-nyheter"],"meta_box":{"show_post_en":"0","text":"<p>Missade du Klimatstrategidagen om mediernas roll och ansvar i klimatomst\u00e4llningen? Se filmen nedan f\u00f6r att f\u00e5 reda p\u00e5 hur du kan ta del av diskussionen i efterhand!<\/p>\n<p>&nbsp;<\/p>\n<p><a href=\"http:\/\/www.youtube.com\/watch?v=qrXwb_BA-1c&amp;feature=youtu.be\">http:\/\/www.youtube.com\/watch?v=qrXwb_BA-1c&amp;feature=youtu.be<\/a><\/p>\n<p>&nbsp;<\/p>\n<p>&nbsp;<\/p>\n<p><a href=\"https:\/\/soundcloud.com\/hagainitiativet\/klimatstrategidagen-2014\" target=\"_blank\" rel=\"noopener\">Lyssna p\u00e5 podden &gt;&gt;<\/a><\/p>\n","qoute":"","name":"","title-company":""},"_links":{"self":[{"href":"https:\/\/www.hagainitiativet.se\/en\/wp-json\/wp\/v2\/inlagg\/4747","targetHints":{"allow":["GET"]}}],"collection":[{"href":"https:\/\/www.hagainitiativet.se\/en\/wp-json\/wp\/v2\/inlagg"}],"about":[{"href":"https:\/\/www.hagainitiativet.se\/en\/wp-json\/wp\/v2\/types\/inlagg"}],"wp:featuredmedia":[{"embeddable":true,"href":"https:\/\/www.hagainitiativet.se\/en\/wp-json\/wp\/v2\/media\/4749"}],"wp:attachment":[{"href":"https:\/\/www.hagainitiativet.se\/en\/wp-json\/wp\/v2\/media?parent=4747"}],"wp:term":[{"taxonomy":"kategori","embeddable":true,"href":"https:\/\/www.hagainitiativet.se\/en\/wp-json\/wp\/v2\/kategori?post=4747"}],"curies":[{"name":"wp","href":"https:\/\/api.w.org\/{rel}","templated":true}]}}

Film: Kända profiler om klimat och media

<p>Missade du Klimatstrategidagen om mediernas roll och ansvar i klimatomställningen? Se filmen nedan för att få reda på hur du kan ta del av diskussionen i efterhand!</p>
<p>&nbsp;</p>
<p><a href="http://www.youtube.com/watch?v=qrXwb_BA-1c&amp;feature=youtu.be">http://www.youtube.com/watch?v=qrXwb_BA-1c&amp;feature=youtu.be</a></p>
<p>&nbsp;</p>
<p>&nbsp;</p>
<p><a href="https://soundcloud.com/hagainitiativet/klimatstrategidagen-2014" target="_blank" rel="noopener">Lyssna på podden &gt;&gt;</a></p>
