{"id":4769,"date":"2014-12-19T11:51:00","date_gmt":"2014-12-19T10:51:00","guid":{"rendered":"https:\/\/www.hagainitiativet.se\/?post_type=inlagg&#038;p=4769"},"modified":"2022-08-12T11:51:59","modified_gmt":"2022-08-12T09:51:59","slug":"nyhetsbrev-for-december","status":"publish","type":"inlagg","link":"https:\/\/www.hagainitiativet.se\/en\/inlagg\/nyhetsbrev-for-december\/","title":{"rendered":"Nyhetsbrev f\u00f6r december"},"content":{"rendered":"","protected":false},"excerpt":{"rendered":"","protected":false},"featured_media":4771,"parent":0,"template":"","kategori":[17],"class_list":["post-4769","inlagg","type-inlagg","status-publish","has-post-thumbnail","hentry","kategori-nyheter"],"meta_box":{"show_post_en":"0","text":"<p><strong>N\u00e5gra h\u00f6jdpunkter fr\u00e5n december m\u00e5nads nyhetsbrev:<\/strong><\/p>\n<ul>\n<li>Intervju med Johan Kuylenstierna, vd Stockholm Environment Institute<\/li>\n<li>Intervju med Lena Ek, vice ordf\u00f6rande i milj\u00f6- och jordbruksutskottet<\/li>\n<li>Fram\u00e5tblickar med n\u00e5gra av Hagaf\u00f6retagens vd:ar<\/li>\n<\/ul>\n<p><a href=\"http:\/\/us6.campaign-archive2.com\/?u=3a7db5c8e3f52352154e1692d&amp;id=31466be4a9\" target=\"_blank\" rel=\"noopener\">L\u00e4s nyhetsbrevet<\/a><\/p>\n","qoute":"","name":"","title-company":""},"_links":{"self":[{"href":"https:\/\/www.hagainitiativet.se\/en\/wp-json\/wp\/v2\/inlagg\/4769","targetHints":{"allow":["GET"]}}],"collection":[{"href":"https:\/\/www.hagainitiativet.se\/en\/wp-json\/wp\/v2\/inlagg"}],"about":[{"href":"https:\/\/www.hagainitiativet.se\/en\/wp-json\/wp\/v2\/types\/inlagg"}],"wp:featuredmedia":[{"embeddable":true,"href":"https:\/\/www.hagainitiativet.se\/en\/wp-json\/wp\/v2\/media\/4771"}],"wp:attachment":[{"href":"https:\/\/www.hagainitiativet.se\/en\/wp-json\/wp\/v2\/media?parent=4769"}],"wp:term":[{"taxonomy":"kategori","embeddable":true,"href":"https:\/\/www.hagainitiativet.se\/en\/wp-json\/wp\/v2\/kategori?post=4769"}],"curies":[{"name":"wp","href":"https:\/\/api.w.org\/{rel}","templated":true}]}}

Nyhetsbrev för december

<p><strong>Några höjdpunkter från december månads nyhetsbrev:</strong></p>
<ul>
<li>Intervju med Johan Kuylenstierna, vd Stockholm Environment Institute</li>
<li>Intervju med Lena Ek, vice ordförande i miljö- och jordbruksutskottet</li>
<li>Framåtblickar med några av Hagaföretagens vd:ar</li>
</ul>
<p><a href="http://us6.campaign-archive2.com/?u=3a7db5c8e3f52352154e1692d&amp;id=31466be4a9" target="_blank" rel="noopener">Läs nyhetsbrevet</a></p>
