{"id":4772,"date":"2015-01-05T11:53:00","date_gmt":"2015-01-05T10:53:00","guid":{"rendered":"https:\/\/www.hagainitiativet.se\/?post_type=inlagg&#038;p=4772"},"modified":"2022-08-12T11:54:30","modified_gmt":"2022-08-12T09:54:30","slug":"nyhetsbrev-for-januari","status":"publish","type":"inlagg","link":"https:\/\/www.hagainitiativet.se\/en\/inlagg\/nyhetsbrev-for-januari\/","title":{"rendered":"Nyhetsbrev f\u00f6r januari"},"content":{"rendered":"","protected":false},"excerpt":{"rendered":"","protected":false},"featured_media":4774,"parent":0,"template":"","kategori":[17],"class_list":["post-4772","inlagg","type-inlagg","status-publish","has-post-thumbnail","hentry","kategori-nyheter"],"meta_box":{"show_post_en":"0","text":"<p>N\u00e5gra h\u00f6jdpunkter fr\u00e5n januaris nyhetsbrev:<\/p>\n<ul>\n<li>Intervju med Anders Wijkman, ny ordf\u00f6rande i milj\u00f6m\u00e5lsberedningen<\/li>\n<li>Intervju med Lin Lerpold, vd Misum, Centrum f\u00f6r h\u00e5llbara marknader<\/li>\n<li>Information inf\u00f6r frukostm\u00f6te om l\u00f6nsamt klimatarbete<\/li>\n<li>Debattartikel: Klimatm\u00e5l visar v\u00e4gen till l\u00e5ngsiktig l\u00f6nsamhet<\/li>\n<\/ul>\n<p><a href=\"http:\/\/us6.campaign-archive1.com\/?u=3a7db5c8e3f52352154e1692d&amp;id=5c4d54c8f1\" target=\"_blank\" rel=\"noopener\">L\u00e4s nyhetsbrevet<\/a><\/p>\n","qoute":"","name":"","title-company":""},"_links":{"self":[{"href":"https:\/\/www.hagainitiativet.se\/en\/wp-json\/wp\/v2\/inlagg\/4772","targetHints":{"allow":["GET"]}}],"collection":[{"href":"https:\/\/www.hagainitiativet.se\/en\/wp-json\/wp\/v2\/inlagg"}],"about":[{"href":"https:\/\/www.hagainitiativet.se\/en\/wp-json\/wp\/v2\/types\/inlagg"}],"wp:featuredmedia":[{"embeddable":true,"href":"https:\/\/www.hagainitiativet.se\/en\/wp-json\/wp\/v2\/media\/4774"}],"wp:attachment":[{"href":"https:\/\/www.hagainitiativet.se\/en\/wp-json\/wp\/v2\/media?parent=4772"}],"wp:term":[{"taxonomy":"kategori","embeddable":true,"href":"https:\/\/www.hagainitiativet.se\/en\/wp-json\/wp\/v2\/kategori?post=4772"}],"curies":[{"name":"wp","href":"https:\/\/api.w.org\/{rel}","templated":true}]}}

Nyhetsbrev för januari

<p>Några höjdpunkter från januaris nyhetsbrev:</p>
<ul>
<li>Intervju med Anders Wijkman, ny ordförande i miljömålsberedningen</li>
<li>Intervju med Lin Lerpold, vd Misum, Centrum för hållbara marknader</li>
<li>Information inför frukostmöte om lönsamt klimatarbete</li>
<li>Debattartikel: Klimatmål visar vägen till långsiktig lönsamhet</li>
</ul>
<p><a href="http://us6.campaign-archive1.com/?u=3a7db5c8e3f52352154e1692d&amp;id=5c4d54c8f1" target="_blank" rel="noopener">Läs nyhetsbrevet</a></p>
