{"id":4780,"date":"2015-03-06T11:57:00","date_gmt":"2015-03-06T10:57:00","guid":{"rendered":"https:\/\/www.hagainitiativet.se\/?post_type=inlagg&#038;p=4780"},"modified":"2022-08-12T11:58:36","modified_gmt":"2022-08-12T09:58:36","slug":"nyhetsbrev-for-februari","status":"publish","type":"inlagg","link":"https:\/\/www.hagainitiativet.se\/en\/inlagg\/nyhetsbrev-for-februari\/","title":{"rendered":"Nyhetsbrev f\u00f6r februari"},"content":{"rendered":"","protected":false},"excerpt":{"rendered":"","protected":false},"featured_media":4782,"parent":0,"template":"","kategori":[17],"class_list":["post-4780","inlagg","type-inlagg","status-publish","has-post-thumbnail","hentry","kategori-nyheter"],"meta_box":{"show_post_en":"0","text":"<p>N\u00e5gra h\u00f6jdpunkter fr\u00e5n februaris nyhetsbrev:<\/p>\n<ul>\n<li>Intervju med Katarina Luhr, milj\u00f6borgarr\u00e5d Stockholms stad.<\/li>\n<li>Samlade slutsatser fr\u00e5n Hagainitiativets frukostm\u00f6te om l\u00f6nsamt klimatarbete<\/li>\n<\/ul>\n<p>-\u00a0Ny masteruppsats om n\u00e4ringslivets l\u00f6nsamma h\u00e5llbarhetsarbete<\/p>\n<ul>\n<li>Fr\u00e5gor till Linn\u00e9a Haeggstr\u00f6m, ny samordningsansvarig f\u00f6r Hagainitiativet<\/li>\n<\/ul>\n<p><a href=\"http:\/\/us6.campaign-archive2.com\/?u=3a7db5c8e3f52352154e1692d&amp;id=f0daa13e9c\">L\u00e4s mer<\/a><\/p>\n","qoute":"","name":"","title-company":""},"_links":{"self":[{"href":"https:\/\/www.hagainitiativet.se\/en\/wp-json\/wp\/v2\/inlagg\/4780","targetHints":{"allow":["GET"]}}],"collection":[{"href":"https:\/\/www.hagainitiativet.se\/en\/wp-json\/wp\/v2\/inlagg"}],"about":[{"href":"https:\/\/www.hagainitiativet.se\/en\/wp-json\/wp\/v2\/types\/inlagg"}],"wp:featuredmedia":[{"embeddable":true,"href":"https:\/\/www.hagainitiativet.se\/en\/wp-json\/wp\/v2\/media\/4782"}],"wp:attachment":[{"href":"https:\/\/www.hagainitiativet.se\/en\/wp-json\/wp\/v2\/media?parent=4780"}],"wp:term":[{"taxonomy":"kategori","embeddable":true,"href":"https:\/\/www.hagainitiativet.se\/en\/wp-json\/wp\/v2\/kategori?post=4780"}],"curies":[{"name":"wp","href":"https:\/\/api.w.org\/{rel}","templated":true}]}}

Nyhetsbrev för februari

<p>Några höjdpunkter från februaris nyhetsbrev:</p>
<ul>
<li>Intervju med Katarina Luhr, miljöborgarråd Stockholms stad.</li>
<li>Samlade slutsatser från Hagainitiativets frukostmöte om lönsamt klimatarbete</li>
</ul>
<p>- Ny masteruppsats om näringslivets lönsamma hållbarhetsarbete</p>
<ul>
<li>Frågor till Linnéa Haeggström, ny samordningsansvarig för Hagainitiativet</li>
</ul>
<p><a href="http://us6.campaign-archive2.com/?u=3a7db5c8e3f52352154e1692d&amp;id=f0daa13e9c">Läs mer</a></p>
