{"id":4783,"date":"2015-03-06T11:58:00","date_gmt":"2015-03-06T10:58:00","guid":{"rendered":"https:\/\/www.hagainitiativet.se\/?post_type=inlagg&#038;p=4783"},"modified":"2022-08-12T11:59:43","modified_gmt":"2022-08-12T09:59:43","slug":"intervju-katarina-luhr-miljoborgarrad-stockholms-stad","status":"publish","type":"inlagg","link":"https:\/\/www.hagainitiativet.se\/en\/inlagg\/intervju-katarina-luhr-miljoborgarrad-stockholms-stad\/","title":{"rendered":"Intervju: Katarina Luhr, milj\u00f6borgarr\u00e5d Stockholms stad"},"content":{"rendered":"","protected":false},"excerpt":{"rendered":"","protected":false},"featured_media":4785,"parent":0,"template":"","kategori":[18,17],"class_list":["post-4783","inlagg","type-inlagg","status-publish","has-post-thumbnail","hentry","kategori-intervjuer","kategori-nyheter"],"meta_box":{"show_post_en":"0","text":"<p>Hur ser Stockholms klimatm\u00e5l ut och hur har ni motiverat att ni har detta m\u00e5l?\u00a0-All forskning visar att vi m\u00e5ste b\u00f6ja den globala utsl\u00e4ppskurvan av koldioxid senast 2020, vilket inneb\u00e4r att ett land som Sverige i princip m\u00e5ste vara fossilfritt till 2030-2040 eftersom fattigare l\u00e4nder beh\u00f6ver en l\u00e4ngre omst\u00e4llningstid. Vi har d\u00e4rf\u00f6r sk\u00e4rpt kravet p\u00e5 fossilfritt Stockholm fr\u00e5n 2050 till 2040, som vi anser kommer vara m\u00f6jligt att n\u00e5...\u00a0<a href=\"http:\/\/us6.campaign-archive2.com\/?u=3a7db5c8e3f52352154e1692d&amp;id=f0daa13e9c\">L\u00e4s mer<\/a><\/p>\n","qoute":"","name":"","title-company":""},"_links":{"self":[{"href":"https:\/\/www.hagainitiativet.se\/en\/wp-json\/wp\/v2\/inlagg\/4783","targetHints":{"allow":["GET"]}}],"collection":[{"href":"https:\/\/www.hagainitiativet.se\/en\/wp-json\/wp\/v2\/inlagg"}],"about":[{"href":"https:\/\/www.hagainitiativet.se\/en\/wp-json\/wp\/v2\/types\/inlagg"}],"wp:featuredmedia":[{"embeddable":true,"href":"https:\/\/www.hagainitiativet.se\/en\/wp-json\/wp\/v2\/media\/4785"}],"wp:attachment":[{"href":"https:\/\/www.hagainitiativet.se\/en\/wp-json\/wp\/v2\/media?parent=4783"}],"wp:term":[{"taxonomy":"kategori","embeddable":true,"href":"https:\/\/www.hagainitiativet.se\/en\/wp-json\/wp\/v2\/kategori?post=4783"}],"curies":[{"name":"wp","href":"https:\/\/api.w.org\/{rel}","templated":true}]}}

Intervju: Katarina Luhr, miljöborgarråd Stockholms stad

<p>Hur ser Stockholms klimatmål ut och hur har ni motiverat att ni har detta mål? -All forskning visar att vi måste böja den globala utsläppskurvan av koldioxid senast 2020, vilket innebär att ett land som Sverige i princip måste vara fossilfritt till 2030-2040 eftersom fattigare länder behöver en längre omställningstid. Vi har därför skärpt kravet på fossilfritt Stockholm från 2050 till 2040, som vi anser kommer vara möjligt att nå... <a href="http://us6.campaign-archive2.com/?u=3a7db5c8e3f52352154e1692d&amp;id=f0daa13e9c">Läs mer</a></p>
