{"id":4818,"date":"2015-10-13T12:13:00","date_gmt":"2015-10-13T10:13:00","guid":{"rendered":"https:\/\/www.hagainitiativet.se\/?post_type=inlagg&#038;p=4818"},"modified":"2022-08-12T12:13:50","modified_gmt":"2022-08-12T10:13:50","slug":"hoj-klimatmalen-rejalt-det-gynnar-foretagen","status":"publish","type":"inlagg","link":"https:\/\/www.hagainitiativet.se\/en\/inlagg\/hoj-klimatmalen-rejalt-det-gynnar-foretagen\/","title":{"rendered":"H\u00f6j klimatm\u00e5len rej\u00e4lt \u2013 det gynnar f\u00f6retagen"},"content":{"rendered":"","protected":false},"excerpt":{"rendered":"","protected":false},"featured_media":4820,"parent":0,"template":"","kategori":[17],"class_list":["post-4818","inlagg","type-inlagg","status-publish","has-post-thumbnail","hentry","kategori-nyheter"],"meta_box":{"show_post_en":"0","text":"<p>H\u00f6gt satta m\u00e5l i klimatpolitiken stimulerar innovationstakten, reducerar kostnader och st\u00e4rker v\u00e5ra varum\u00e4rken och konkurrenskraft. Vi v\u00e4lkomnar regeringens nya klimatm\u00e5l. Nu beh\u00f6vs konkreta beslut. Det skriver Hagas VD:ar i G\u00f6teborgs-Posten.<\/p>\n<p>L\u00e4s hela artikeln i G\u00f6teborgs-Posten\u00a0<a href=\"http:\/\/www.gp.se\/nyheter\/debatt\/1.2859454-hoj-klimatmalen-rejalt-det-gynnar-foretagen\">h\u00e4r.<\/a><\/p>\n","qoute":"","name":"","title-company":""},"_links":{"self":[{"href":"https:\/\/www.hagainitiativet.se\/en\/wp-json\/wp\/v2\/inlagg\/4818","targetHints":{"allow":["GET"]}}],"collection":[{"href":"https:\/\/www.hagainitiativet.se\/en\/wp-json\/wp\/v2\/inlagg"}],"about":[{"href":"https:\/\/www.hagainitiativet.se\/en\/wp-json\/wp\/v2\/types\/inlagg"}],"wp:featuredmedia":[{"embeddable":true,"href":"https:\/\/www.hagainitiativet.se\/en\/wp-json\/wp\/v2\/media\/4820"}],"wp:attachment":[{"href":"https:\/\/www.hagainitiativet.se\/en\/wp-json\/wp\/v2\/media?parent=4818"}],"wp:term":[{"taxonomy":"kategori","embeddable":true,"href":"https:\/\/www.hagainitiativet.se\/en\/wp-json\/wp\/v2\/kategori?post=4818"}],"curies":[{"name":"wp","href":"https:\/\/api.w.org\/{rel}","templated":true}]}}

Höj klimatmålen rejält – det gynnar företagen

<p>Högt satta mål i klimatpolitiken stimulerar innovationstakten, reducerar kostnader och stärker våra varumärken och konkurrenskraft. Vi välkomnar regeringens nya klimatmål. Nu behövs konkreta beslut. Det skriver Hagas VD:ar i Göteborgs-Posten.</p>
<p>Läs hela artikeln i Göteborgs-Posten <a href="http://www.gp.se/nyheter/debatt/1.2859454-hoj-klimatmalen-rejalt-det-gynnar-foretagen">här.</a></p>
