{"id":4830,"date":"2016-03-21T12:19:00","date_gmt":"2016-03-21T11:19:00","guid":{"rendered":"https:\/\/www.hagainitiativet.se\/?post_type=inlagg&#038;p=4830"},"modified":"2022-08-12T12:29:13","modified_gmt":"2022-08-12T10:29:13","slug":"stark-svenska-koldioxidsnala-foretag-internationellt","status":"publish","type":"inlagg","link":"https:\/\/www.hagainitiativet.se\/en\/inlagg\/stark-svenska-koldioxidsnala-foretag-internationellt\/","title":{"rendered":"St\u00e4rk svenska koldioxidsn\u00e5la f\u00f6retag internationellt"},"content":{"rendered":"","protected":false},"excerpt":{"rendered":"","protected":false},"featured_media":4832,"parent":0,"template":"","kategori":[17],"class_list":["post-4830","inlagg","type-inlagg","status-publish","has-post-thumbnail","hentry","kategori-nyheter"],"meta_box":{"show_post_en":"0","text":"<p>Sverige har en unik chans att ta en plats i v\u00e4rlden. Redan nu ligger m\u00e5nga svenska f\u00f6retag l\u00e5ngt fram i klimatfr\u00e5gan. N\u00e4r nu \u00f6vriga v\u00e4rlden b\u00f6rjar vakna kommer marknaden explodera f\u00f6r klimatsmarta produkter. Men f\u00f6retag i resten av v\u00e4rlden st\u00e5r inte stilla \u2013 det kr\u00e4vs att vi parallellt med att vi marknadsf\u00f6r v\u00e5ra produkter internationellt bygger v\u00e5r framtida konkurrenskraft, \u00e4ven ur ett klimatperspektiv.<\/p>\n<p>Det skriver Hagas 15 kommunikations- och h\u00e5llbarhetschefer i en debattartikel i Aktuell H\u00e5llbarhet.<\/p>\n<p><a href=\"http:\/\/www.aktuellhallbarhet.se\/hagainitiativet-stark-svenska-koldioxidsnala-foretag-internationellt\/\">L\u00e4s debattartikeln h\u00e4r<\/a><\/p>\n","qoute":"","name":"","title-company":""},"_links":{"self":[{"href":"https:\/\/www.hagainitiativet.se\/en\/wp-json\/wp\/v2\/inlagg\/4830","targetHints":{"allow":["GET"]}}],"collection":[{"href":"https:\/\/www.hagainitiativet.se\/en\/wp-json\/wp\/v2\/inlagg"}],"about":[{"href":"https:\/\/www.hagainitiativet.se\/en\/wp-json\/wp\/v2\/types\/inlagg"}],"wp:featuredmedia":[{"embeddable":true,"href":"https:\/\/www.hagainitiativet.se\/en\/wp-json\/wp\/v2\/media\/4832"}],"wp:attachment":[{"href":"https:\/\/www.hagainitiativet.se\/en\/wp-json\/wp\/v2\/media?parent=4830"}],"wp:term":[{"taxonomy":"kategori","embeddable":true,"href":"https:\/\/www.hagainitiativet.se\/en\/wp-json\/wp\/v2\/kategori?post=4830"}],"curies":[{"name":"wp","href":"https:\/\/api.w.org\/{rel}","templated":true}]}}

Stärk svenska koldioxidsnåla företag internationellt

<p>Sverige har en unik chans att ta en plats i världen. Redan nu ligger många svenska företag långt fram i klimatfrågan. När nu övriga världen börjar vakna kommer marknaden explodera för klimatsmarta produkter. Men företag i resten av världen står inte stilla – det krävs att vi parallellt med att vi marknadsför våra produkter internationellt bygger vår framtida konkurrenskraft, även ur ett klimatperspektiv.</p>
<p>Det skriver Hagas 15 kommunikations- och hållbarhetschefer i en debattartikel i Aktuell Hållbarhet.</p>
<p><a href="http://www.aktuellhallbarhet.se/hagainitiativet-stark-svenska-koldioxidsnala-foretag-internationellt/">Läs debattartikeln här</a></p>
