{"id":4842,"date":"2016-06-16T12:35:00","date_gmt":"2016-06-16T10:35:00","guid":{"rendered":"https:\/\/www.hagainitiativet.se\/?post_type=inlagg&#038;p=4842"},"modified":"2022-08-12T12:35:51","modified_gmt":"2022-08-12T10:35:51","slug":"haga-i-almedalen-2016%ef%bf%bc","status":"publish","type":"inlagg","link":"https:\/\/www.hagainitiativet.se\/en\/inlagg\/haga-i-almedalen-2016%ef%bf%bc\/","title":{"rendered":"Haga i Almedalen 2016\ufffc"},"content":{"rendered":"","protected":false},"excerpt":{"rendered":"","protected":false},"featured_media":4844,"parent":0,"template":"","kategori":[17],"class_list":["post-4842","inlagg","type-inlagg","status-publish","has-post-thumbnail","hentry","kategori-nyheter"],"meta_box":{"show_post_en":"0","text":"<p>I \u00e5r arrangerar Haga fyra seminarier i Almedalen. Varmt v\u00e4lkommen!<\/p>\n<p>&nbsp;<\/p>\n<p><strong>Agenda 2030 - en katalysator eller bromskloss f\u00f6r v\u00e4lf\u00e4rden?\u00a0<\/strong><strong>Tid och plats:<\/strong>\u00a0M\u00e5ndag 4 juli, 9.00-11.30, Landsh\u00f6vdingens tr\u00e4dg\u00e5rd, Korsgatan 4 (frukost serveras fr\u00e5n 8.30, lunch fr\u00e5n 11.30)\u00a0<strong>Arrang\u00f6r:\u00a0<\/strong>Hagainitiativet, Misum \u2013 Handelsh\u00f6gskolan, Stockholm Environment Institute\u00a0<a href=\"http:\/\/hagainitiativet.se\/almedalen-agenda-2030-en-katalysator-eller-bromskloss-for-valfarden\/\">L\u00e4s mer om seminariet h\u00e4r<\/a><\/p>\n<p><strong>Hur kan n\u00e4ringslivet bidra till h\u00e5llbar konsumtion?\u00a0<\/strong><strong>Tid och plats:\u00a0<\/strong>Tisdag 5 juli, 11.00-12.30, Landsh\u00f6vdingens tr\u00e4dg\u00e5rd, Korsgatan 4\u00a0<strong>Arrang\u00f6r:\u00a0<\/strong>Hagainitiativet\u00a0<a href=\"http:\/\/hagainitiativet.se\/almedalen-hur-kan-naringslivet-bidra-till-hallbar-konsumtion\/\">L\u00e4s mer om seminariet h\u00e4r<\/a><\/p>\n<p><strong>Post milj\u00f6m\u00e5lsberedningen \u2013 hur \u00f6kar vi Sveriges v\u00e4lf\u00e4rd mot klimatm\u00e5len 2045? Tid och plats:<\/strong>\u00a0Tisdag 5 juli, 14.30 - 15.30,\u00a0Mellangatan 7\u00a0<strong>Arrang\u00f6r:<\/strong>\u00a0Hagainitiativet och L\u00f6fbergs\u00a0<a href=\"http:\/\/www.almedalsveckan.info\/event\/user-view\/40379?redir=\">L\u00e4s mer om seminariet h\u00e4r<\/a><\/p>\n<p><strong>Vd med fika \u2013 politiker fr\u00e5gar ut vd:ar om klimat och milj\u00f6\u00a0<\/strong><strong>Tid och plats:<\/strong>\u00a0Onsdag 6 juli 11.45-12.45, Dagens Nyheters t\u00e4lt, Strandv\u00e4gen 4\u00a0<strong>Arrang\u00f6r:<\/strong>\u00a0Hagainitiativet och L\u00f6fbergs\u00a0<a href=\"http:\/\/hagainitiativet.se\/almedalen-vd-med-fika-politiker-fragar-ut-vdar-om-klimat-och-miljo\/\">L\u00e4s mer om seminariet h\u00e4r<\/a><\/p>\n","qoute":"","name":"","title-company":""},"_links":{"self":[{"href":"https:\/\/www.hagainitiativet.se\/en\/wp-json\/wp\/v2\/inlagg\/4842","targetHints":{"allow":["GET"]}}],"collection":[{"href":"https:\/\/www.hagainitiativet.se\/en\/wp-json\/wp\/v2\/inlagg"}],"about":[{"href":"https:\/\/www.hagainitiativet.se\/en\/wp-json\/wp\/v2\/types\/inlagg"}],"wp:featuredmedia":[{"embeddable":true,"href":"https:\/\/www.hagainitiativet.se\/en\/wp-json\/wp\/v2\/media\/4844"}],"wp:attachment":[{"href":"https:\/\/www.hagainitiativet.se\/en\/wp-json\/wp\/v2\/media?parent=4842"}],"wp:term":[{"taxonomy":"kategori","embeddable":true,"href":"https:\/\/www.hagainitiativet.se\/en\/wp-json\/wp\/v2\/kategori?post=4842"}],"curies":[{"name":"wp","href":"https:\/\/api.w.org\/{rel}","templated":true}]}}

<p>I år arrangerar Haga fyra seminarier i Almedalen. Varmt välkommen!</p>
<p>&nbsp;</p>
<p><strong>Agenda 2030 - en katalysator eller bromskloss för välfärden? </strong><strong>Tid och plats:</strong> Måndag 4 juli, 9.00-11.30, Landshövdingens trädgård, Korsgatan 4 (frukost serveras från 8.30, lunch från 11.30) <strong>Arrangör: </strong>Hagainitiativet, Misum – Handelshögskolan, Stockholm Environment Institute <a href="http://hagainitiativet.se/almedalen-agenda-2030-en-katalysator-eller-bromskloss-for-valfarden/">Läs mer om seminariet här</a></p>
<p><strong>Hur kan näringslivet bidra till hållbar konsumtion? </strong><strong>Tid och plats: </strong>Tisdag 5 juli, 11.00-12.30, Landshövdingens trädgård, Korsgatan 4 <strong>Arrangör: </strong>Hagainitiativet <a href="http://hagainitiativet.se/almedalen-hur-kan-naringslivet-bidra-till-hallbar-konsumtion/">Läs mer om seminariet här</a></p>
<p><strong>Post miljömålsberedningen – hur ökar vi Sveriges välfärd mot klimatmålen 2045? Tid och plats:</strong> Tisdag 5 juli, 14.30 - 15.30, Mellangatan 7 <strong>Arrangör:</strong> Hagainitiativet och Löfbergs <a href="http://www.almedalsveckan.info/event/user-view/40379?redir=">Läs mer om seminariet här</a></p>
<p><strong>Vd med fika – politiker frågar ut vd:ar om klimat och miljö </strong><strong>Tid och plats:</strong> Onsdag 6 juli 11.45-12.45, Dagens Nyheters tält, Strandvägen 4 <strong>Arrangör:</strong> Hagainitiativet och Löfbergs <a href="http://hagainitiativet.se/almedalen-vd-med-fika-politiker-fragar-ut-vdar-om-klimat-och-miljo/">Läs mer om seminariet här</a></p>
