{"id":4878,"date":"2022-05-13T11:30:00","date_gmt":"2022-05-13T09:30:00","guid":{"rendered":"https:\/\/www.hagainitiativet.se\/?post_type=inlagg&#038;p=4878"},"modified":"2022-08-15T11:31:15","modified_gmt":"2022-08-15T09:31:15","slug":"oppet-brev-till-kommissionen-infor-eus-energiplan-repowereu","status":"publish","type":"inlagg","link":"https:\/\/www.hagainitiativet.se\/en\/inlagg\/oppet-brev-till-kommissionen-infor-eus-energiplan-repowereu\/","title":{"rendered":"\u00d6ppet brev till kommissionen inf\u00f6r EU:s energiplan REPowerEU"},"content":{"rendered":"","protected":false},"excerpt":{"rendered":"","protected":false},"featured_media":4880,"parent":0,"template":"","kategori":[17],"class_list":["post-4878","inlagg","type-inlagg","status-publish","has-post-thumbnail","hentry","kategori-nyheter"],"meta_box":{"show_post_en":"0","text":"<p>I ett \u00f6ppet brev till kommissionens ordf\u00f6rande Ursula von der Leyen, inf\u00f6r publiceringen av energiplanen REPowerEU, har 140 vd:ar och aff\u00e4rsn\u00e4tverk fr\u00e5n hela Europa visat sitt st\u00f6d f\u00f6r EU:s m\u00e5l att fasa ut beroendet av rysk gas, olja och kol som ett viktigt steg mot att stabilisera den nuvarande energis\u00e4kerheten och priskriserna.<\/p>\n<p><em>\"At the core of the current energy security and price crises sits an overdependence on volatile, imported fossil gas, oil and coal. The EU must continue to chart a path towards the Paris Agreement\u2019s 1.5\u00b0C target through ambition and action. Measures taken in response to the invasion of Ukraine must prioritise structural and just solutions that can deliver on the green and digital transition and respond to the level of emergency that we face. We would also like to stress the importance of ensuring an ambitious and effective \u201cFit for 55\u201d package, that could both boost efforts to move away from fossil fuels and increase the competitiveness of European industry.\"<\/em><\/p>\n<p>Nu finns ett momentum f\u00f6r en energiomst\u00e4llning. De kommande m\u00e5naderna \u00e4r kritiska f\u00f6r n\u00e4ringslivet att visa sitt st\u00f6d till att p\u00e5skynda EU:s energiomst\u00e4llning, ambitionerna i Green Deal och f\u00f6r ett sammanh\u00e4ngande och ambiti\u00f6st Fit for 55-paket, och d\u00e4rmed bana v\u00e4g f\u00f6r en klimatneutral ekonomi.<\/p>\n<p>L\u00e4s \u00f6ppet brev\u00a0<a href=\"https:\/\/drive.google.com\/file\/d\/18oWUDg5qVngCWXo9QPBPZBIKdVfmdaJ4\/view\">h\u00e4r<\/a><br \/>\nSe film\u00a0<a href=\"https:\/\/www.youtube.com\/watch?v=XZZEagswxsQ&amp;t=16s\">h\u00e4r<\/a><\/p>\n","qoute":"","name":"","title-company":""},"_links":{"self":[{"href":"https:\/\/www.hagainitiativet.se\/en\/wp-json\/wp\/v2\/inlagg\/4878","targetHints":{"allow":["GET"]}}],"collection":[{"href":"https:\/\/www.hagainitiativet.se\/en\/wp-json\/wp\/v2\/inlagg"}],"about":[{"href":"https:\/\/www.hagainitiativet.se\/en\/wp-json\/wp\/v2\/types\/inlagg"}],"wp:featuredmedia":[{"embeddable":true,"href":"https:\/\/www.hagainitiativet.se\/en\/wp-json\/wp\/v2\/media\/4880"}],"wp:attachment":[{"href":"https:\/\/www.hagainitiativet.se\/en\/wp-json\/wp\/v2\/media?parent=4878"}],"wp:term":[{"taxonomy":"kategori","embeddable":true,"href":"https:\/\/www.hagainitiativet.se\/en\/wp-json\/wp\/v2\/kategori?post=4878"}],"curies":[{"name":"wp","href":"https:\/\/api.w.org\/{rel}","templated":true}]}}

Öppet brev till kommissionen inför EU:s energiplan REPowerEU

<p>I ett öppet brev till kommissionens ordförande Ursula von der Leyen, inför publiceringen av energiplanen REPowerEU, har 140 vd:ar och affärsnätverk från hela Europa visat sitt stöd för EU:s mål att fasa ut beroendet av rysk gas, olja och kol som ett viktigt steg mot att stabilisera den nuvarande energisäkerheten och priskriserna.</p>
<p><em>"At the core of the current energy security and price crises sits an overdependence on volatile, imported fossil gas, oil and coal. The EU must continue to chart a path towards the Paris Agreement’s 1.5°C target through ambition and action. Measures taken in response to the invasion of Ukraine must prioritise structural and just solutions that can deliver on the green and digital transition and respond to the level of emergency that we face. We would also like to stress the importance of ensuring an ambitious and effective “Fit for 55” package, that could both boost efforts to move away from fossil fuels and increase the competitiveness of European industry."</em></p>
<p>Nu finns ett momentum för en energiomställning. De kommande månaderna är kritiska för näringslivet att visa sitt stöd till att påskynda EU:s energiomställning, ambitionerna i Green Deal och för ett sammanhängande och ambitiöst Fit for 55-paket, och därmed bana väg för en klimatneutral ekonomi.</p>
<p>Läs öppet brev <a href="https://drive.google.com/file/d/18oWUDg5qVngCWXo9QPBPZBIKdVfmdaJ4/view">här</a><br />
Se film <a href="https://www.youtube.com/watch?v=XZZEagswxsQ&amp;t=16s">här</a></p>
