{"id":4891,"date":"2022-04-20T11:40:00","date_gmt":"2022-04-20T09:40:00","guid":{"rendered":"https:\/\/www.hagainitiativet.se\/?post_type=inlagg&#038;p=4891"},"modified":"2023-01-18T12:41:45","modified_gmt":"2023-01-18T11:41:45","slug":"webinarium-foretagens-storsta-utmaning-under-2020-talet-hur-kan-utslappen-minska-i-vardekedjan-2","status":"publish","type":"inlagg","link":"https:\/\/www.hagainitiativet.se\/en\/inlagg\/webinarium-foretagens-storsta-utmaning-under-2020-talet-hur-kan-utslappen-minska-i-vardekedjan-2\/","title":{"rendered":"Webbinarium: F\u00f6retagens st\u00f6rsta utmaning under 2020-talet &#8211; hur kan utsl\u00e4ppen minska i v\u00e4rdekedjan?"},"content":{"rendered":"","protected":false},"excerpt":{"rendered":"","protected":false},"featured_media":4885,"parent":0,"template":"","kategori":[17],"class_list":["post-4891","inlagg","type-inlagg","status-publish","has-post-thumbnail","hentry","kategori-nyheter"],"meta_box":{"show_post_en":"0","text":"<p>Hur kan f\u00f6retag minska utsl\u00e4pp i v\u00e4rdekedjan? Vilka \u00e4r de stora utmaningarna? Hur kan samarbete fr\u00e4mja detta? Hur st\u00e4ller f\u00f6retag krav i v\u00e4rdekedjan? Hur kan nya aff\u00e4rsmodeller bidra till minskade utsl\u00e4pp? Vilka f\u00f6ruts\u00e4ttningar kr\u00e4vs fr\u00e5n politiken? Ny rapport fr\u00e5n Hagainitiativet \u201dMinskade utsl\u00e4pp i v\u00e4rdekedjan \u2013 s\u00e5 h\u00e4r g\u00f6r 21 f\u00f6retag\u201d.<\/p>\n<p><b>Datum:<\/b>\u00a011 maj 2022<br \/>\n<b>Tid:<\/b>\u00a008.00 \u2013 09.00<br \/>\n<b>Var:<\/b>\u00a0Digitalt<\/p>\n<p><b>Medverkande<\/b><br \/>\nJakob Rehme, professor i industriell ekonomi, Link\u00f6pings Universitet<br \/>\nErik Wottrich, h\u00e5llbarhetschef, Tele2<br \/>\nMaria Sandell, h\u00e5llbarhetschef, JM<br \/>\nMaria H\u00e4ger, kvalitets- och h\u00e5llbarhetsdirekt\u00f6r, HKScan Sweden<br \/>\nUlf Wikstr\u00f6m, h\u00e5llbarhetschef, Stockholm Exergi<br \/>\nFredrik Nilz\u00e9n, h\u00e5llbarhetschef, Swedbank<br \/>\nJudith Wolst, digital strateg, partner SusTechable<br \/>\nMalin Redmo, Hagainitiativet<br \/>\nUlrika Erkenborn Rugumayo, Hagainitiativet<br \/>\nNina Ekelund, generalsekreterare, Hagainitiativet<\/p>\n","qoute":"<p>Lyssna p\u00e5 webinariet\u00a0<a href=\"https:\/\/www.youtube.com\/watch?v=LmimpaSWS0I\">h\u00e4r<\/a><\/p>\n","name":"","title-company":""},"_links":{"self":[{"href":"https:\/\/www.hagainitiativet.se\/en\/wp-json\/wp\/v2\/inlagg\/4891","targetHints":{"allow":["GET"]}}],"collection":[{"href":"https:\/\/www.hagainitiativet.se\/en\/wp-json\/wp\/v2\/inlagg"}],"about":[{"href":"https:\/\/www.hagainitiativet.se\/en\/wp-json\/wp\/v2\/types\/inlagg"}],"wp:featuredmedia":[{"embeddable":true,"href":"https:\/\/www.hagainitiativet.se\/en\/wp-json\/wp\/v2\/media\/4885"}],"wp:attachment":[{"href":"https:\/\/www.hagainitiativet.se\/en\/wp-json\/wp\/v2\/media?parent=4891"}],"wp:term":[{"taxonomy":"kategori","embeddable":true,"href":"https:\/\/www.hagainitiativet.se\/en\/wp-json\/wp\/v2\/kategori?post=4891"}],"curies":[{"name":"wp","href":"https:\/\/api.w.org\/{rel}","templated":true}]}}

Webbinarium: Företagens största utmaning under 2020-talet &#8211; hur kan utsläppen minska i värdekedjan?

<p>Hur kan företag minska utsläpp i värdekedjan? Vilka är de stora utmaningarna? Hur kan samarbete främja detta? Hur ställer företag krav i värdekedjan? Hur kan nya affärsmodeller bidra till minskade utsläpp? Vilka förutsättningar krävs från politiken? Ny rapport från Hagainitiativet ”Minskade utsläpp i värdekedjan – så här gör 21 företag”.</p>
<p><b>Datum:</b> 11 maj 2022<br />
<b>Tid:</b> 08.00 – 09.00<br />
<b>Var:</b> Digitalt</p>
<p><b>Medverkande</b><br />
Jakob Rehme, professor i industriell ekonomi, Linköpings Universitet<br />
Erik Wottrich, hållbarhetschef, Tele2<br />
Maria Sandell, hållbarhetschef, JM<br />
Maria Häger, kvalitets- och hållbarhetsdirektör, HKScan Sweden<br />
Ulf Wikström, hållbarhetschef, Stockholm Exergi<br />
Fredrik Nilzén, hållbarhetschef, Swedbank<br />
Judith Wolst, digital strateg, partner SusTechable<br />
Malin Redmo, Hagainitiativet<br />
Ulrika Erkenborn Rugumayo, Hagainitiativet<br />
Nina Ekelund, generalsekreterare, Hagainitiativet</p>

<p>Lyssna på webinariet <a href="https://www.youtube.com/watch?v=LmimpaSWS0I">här</a></p>
