{"id":4904,"date":"2021-12-22T11:46:00","date_gmt":"2021-12-22T10:46:00","guid":{"rendered":"https:\/\/www.hagainitiativet.se\/?post_type=inlagg&#038;p=4904"},"modified":"2022-08-15T11:47:28","modified_gmt":"2022-08-15T09:47:28","slug":"nordic-webinar-how-business-and-policy-move-together-to-limit-global-warming-to-1-5c-2","status":"publish","type":"inlagg","link":"https:\/\/www.hagainitiativet.se\/en\/inlagg\/nordic-webinar-how-business-and-policy-move-together-to-limit-global-warming-to-1-5c-2\/","title":{"rendered":"Nordic webinar: How business and policy move together to limit global warming to 1.5\u00b0C"},"content":{"rendered":"","protected":false},"excerpt":{"rendered":"","protected":false},"featured_media":4906,"parent":0,"template":"","kategori":[17],"class_list":["post-4904","inlagg","type-inlagg","status-publish","has-post-thumbnail","hentry","kategori-nyheter"],"meta_box":{"show_post_en":"0","text":"<p>An interview study among leading businesses in the Nordics on raised climate ambitions, shows that Nordic business leaders are concerned about climate change and its consequences and have expressed the need to ramp up climate actions. All of the CEOs regarded climate change as a threat. Nordic companies can play a key role delivering climate solutions worldwide and help their customers and countries to align with the 1.5\u00b0C target. In this webinar, we wish for policy interventions from Nordic ministers and business leaders to build on the unique, forward-leaning position of the Nordics in climate transformation.<\/p>\n<p>The report will be launched at this Nordic webinar.<\/p>\n<p><strong>When:<\/strong>\u00a011 January 2022 at 10.00 - 11.00 CET<br \/>\n<strong>Where:\u00a0<\/strong>Online via\u00a0<a href=\"https:\/\/youtu.be\/QcK22VLnOrE\">youtube<\/a><br \/>\n<strong>Register\u00a0<a href=\"https:\/\/www.eventbrite.com\/e\/how-business-and-policy-move-together-to-limit-global-warming-to-15c-tickets-227838660567\">here<\/a><\/strong><\/p>\n<p>Speakers:<br \/>\n<strong>Paula Lehtom\u00e4ki<\/strong>, Secretary-General Nordic Council of Ministers<br \/>\n<strong>Emma Kari<\/strong>, Minister of the Environment and Climate Change (Finland)<br \/>\n<strong>Espen Barth Eide<\/strong>, Minister of Climate and the Environment (Norway)<br \/>\n<strong>Annika Strandh\u00e4ll<\/strong>, Minister of Climate and the Environment (Sweden)<br \/>\n<strong>Gu\u00f0laugur \u00de\u00f3r \u00de\u00f3r\u00f0arson<\/strong>, Minister for the Environment, Energy and Climate (Iceland)<br \/>\n<strong>Remi Eriksen<\/strong>, Group President and CEO, DNV<br \/>\n<strong>S\u00f8ren Skou<\/strong>, CEO, A.P. Moller - Maersk<br \/>\n<strong>Hannu Kein\u00e4nen<\/strong>, President and CEO, Ensto<br \/>\n<strong>Jan Mostr\u00f6m<\/strong>, President and CEO, LKAB<br \/>\n<strong>Bj\u00f8rn Kj\u00e6rand Haugland<\/strong>, CEO Skift - N\u00e6ringslivets klimaledere (Norway)<br \/>\n<strong>Jouni Keronen<\/strong>, CEO Climate Leadership Coalition (Finland)<br \/>\n<strong>Nina Ekelund<\/strong>, Executive Director Hagainitiativet (Sweden)<\/p>\n","qoute":"","name":"","title-company":""},"_links":{"self":[{"href":"https:\/\/www.hagainitiativet.se\/en\/wp-json\/wp\/v2\/inlagg\/4904","targetHints":{"allow":["GET"]}}],"collection":[{"href":"https:\/\/www.hagainitiativet.se\/en\/wp-json\/wp\/v2\/inlagg"}],"about":[{"href":"https:\/\/www.hagainitiativet.se\/en\/wp-json\/wp\/v2\/types\/inlagg"}],"wp:featuredmedia":[{"embeddable":true,"href":"https:\/\/www.hagainitiativet.se\/en\/wp-json\/wp\/v2\/media\/4906"}],"wp:attachment":[{"href":"https:\/\/www.hagainitiativet.se\/en\/wp-json\/wp\/v2\/media?parent=4904"}],"wp:term":[{"taxonomy":"kategori","embeddable":true,"href":"https:\/\/www.hagainitiativet.se\/en\/wp-json\/wp\/v2\/kategori?post=4904"}],"curies":[{"name":"wp","href":"https:\/\/api.w.org\/{rel}","templated":true}]}}

<p>An interview study among leading businesses in the Nordics on raised climate ambitions, shows that Nordic business leaders are concerned about climate change and its consequences and have expressed the need to ramp up climate actions. All of the CEOs regarded climate change as a threat. Nordic companies can play a key role delivering climate solutions worldwide and help their customers and countries to align with the 1.5°C target. In this webinar, we wish for policy interventions from Nordic ministers and business leaders to build on the unique, forward-leaning position of the Nordics in climate transformation.</p>
<p>The report will be launched at this Nordic webinar.</p>
<p><strong>When:</strong> 11 January 2022 at 10.00 - 11.00 CET<br />
<strong>Where: </strong>Online via <a href="https://youtu.be/QcK22VLnOrE">youtube</a><br />
<strong>Register <a href="https://www.eventbrite.com/e/how-business-and-policy-move-together-to-limit-global-warming-to-15c-tickets-227838660567">here</a></strong></p>
<p>Speakers:<br />
<strong>Paula Lehtomäki</strong>, Secretary-General Nordic Council of Ministers<br />
<strong>Emma Kari</strong>, Minister of the Environment and Climate Change (Finland)<br />
<strong>Espen Barth Eide</strong>, Minister of Climate and the Environment (Norway)<br />
<strong>Annika Strandhäll</strong>, Minister of Climate and the Environment (Sweden)<br />
<strong>Guðlaugur Þór Þórðarson</strong>, Minister for the Environment, Energy and Climate (Iceland)<br />
<strong>Remi Eriksen</strong>, Group President and CEO, DNV<br />
<strong>Søren Skou</strong>, CEO, A.P. Moller - Maersk<br />
<strong>Hannu Keinänen</strong>, President and CEO, Ensto<br />
<strong>Jan Moström</strong>, President and CEO, LKAB<br />
<strong>Bjørn Kjærand Haugland</strong>, CEO Skift - Næringslivets klimaledere (Norway)<br />
<strong>Jouni Keronen</strong>, CEO Climate Leadership Coalition (Finland)<br />
<strong>Nina Ekelund</strong>, Executive Director Hagainitiativet (Sweden)</p>
