{"id":4907,"date":"2021-12-17T11:48:00","date_gmt":"2021-12-17T10:48:00","guid":{"rendered":"https:\/\/www.hagainitiativet.se\/?post_type=inlagg&#038;p=4907"},"modified":"2022-08-15T11:49:46","modified_gmt":"2022-08-15T09:49:46","slug":"debatt-omstallningen-ar-har-dags-att-politiken-levererar","status":"publish","type":"inlagg","link":"https:\/\/www.hagainitiativet.se\/en\/inlagg\/debatt-omstallningen-ar-har-dags-att-politiken-levererar\/","title":{"rendered":"Debatt: Omst\u00e4llningen \u00e4r h\u00e4r \u2013 dags att politiken levererar"},"content":{"rendered":"","protected":false},"excerpt":{"rendered":"","protected":false},"featured_media":4909,"parent":0,"template":"","kategori":[17],"class_list":["post-4907","inlagg","type-inlagg","status-publish","has-post-thumbnail","hentry","kategori-nyheter"],"meta_box":{"show_post_en":"0","text":"<p>Idag skriver Hagainitiativets f\u00f6retags-vd:ar en debattartikel i Dagens industri d\u00e4r de i en tillbakablick fr\u00e5n 2030.<\/p>\n<p>COP26 var fyllt av initiativ fr\u00e5n n\u00e4ringslivet, l\u00e4nder och organisationer som trycker p\u00e5 f\u00f6r\u00a0<a href=\"https:\/\/calloncarbon.com\/\">h\u00f6jda koldioxidpriser<\/a>, hejda avskogningen, minska metanavg\u00e5ng och snabba upp n\u00e4ringslivets omst\u00e4llning mot nettonoll. 2020-talet kommer att refereras till som \u201domst\u00e4llnings\u00e5ren\u201d d\u00e4r stora investeringar g\u00f6rs. Ett aktivt klimatledarskap kommer att vara avg\u00f6rande n\u00e4r vi g\u00f6r en tillbakablick fr\u00e5n 2030:<\/p>\n<p>1. 2030 betalar koldioxidutsl\u00e4ppen sina faktiska kostnader.<br \/>\n2. 2030 genomf\u00f6rs utsl\u00e4ppsminskningar i hela v\u00e4rdekedjan och f\u00f6retagen redovisar sitt arbete f\u00f6r att n\u00e5 sina nettonollm\u00e5l.<br \/>\n3. 2030 \u00e4r klimatpolitiken en naturlig del av handelspolitiken.<br \/>\n4. 2030 \u00e4r f\u00f6retagsv\u00e4rlden en kontinent av samarbeten mot nettonoll.<br \/>\n5. 2030 har konsumtionsutsl\u00e4ppen halverats med cirkul\u00e4ra fl\u00f6den.<br \/>\n6. 2030 har vi sett innovationer och skalbarhet i ett \u00e5rtionde.<br \/>\n7. 2030 hanteras klimatanpassning strategiskt h\u00e4r och globalt.<\/p>\n<p>Nu n\u00e4r COP26 har avslutats \u00e4r v\u00e5rt fokus att f\u00e5 jobbet gjort och vi vill jobba strategiskt med andra f\u00f6r att steg f\u00f6r steg ta oss \u00e5t r\u00e4tt h\u00e5ll.<\/p>\n<p>Ylva Wess\u00e9n, vd och koncernchef, Folksam<br \/>\nPer Arfvidsson, vVD, Lantm\u00e4nnen<br \/>\nAnders Fredriksson, vd, L\u00f6fbergs<br \/>\nLars Appelqvist, vd, HKScan Sweden AB<br \/>\nMagnus Heimburg, vd Preem AB<br \/>\nFredrik Pettersson, vd Stena Recycling AB<br \/>\nAnders Egelrud, vd Stockholm Exergi<br \/>\nJohan Skoglund, vd och koncernchef JM<br \/>\nSofie Eliasson Morsink, vd Coca-Cola Europacific Partners Sverige<br \/>\nJoachim Knudsen, vd McDonald's Sverige<\/p>\n","qoute":"<p>Omst\u00e4llnings\u00e5ren under 2020-talet \u00e4r i full g\u00e5ng. Vi vd:ar som representerar Hagainitiativet, ser fortsatt stort behov av att n\u00e4ringsliv och politiker engagerar sig strategiskt i EU:s arbete f\u00f6r att p\u00e5skynda klimatomst\u00e4llningen och gynna konkurrenskraftiga klimatl\u00f6sningar samt i det internationella klimatarbetet.<\/p>\n<p>Ylva Wess\u00e9n, vd och koncernchef, Folksam<br \/>\nPer Arfvidsson, vVD, Lantm\u00e4nnen<br \/>\nAnders Fredriksson, vd, L\u00f6fbergs<br \/>\nLars Appelqvist, vd, HKScan Sweden AB<br \/>\nMagnus Heimburg, vd Preem AB<br \/>\nFredrik Pettersson, vd Stena Recycling AB<br \/>\nAnders Egelrud, vd Stockholm Exergi<br \/>\nJohan Skoglund, vd och koncernchef JM<br \/>\nSofie Eliasson Morsink, vd Coca-Cola Europacific Partners Sverige<br \/>\nJoachim Knudsen, vd McDonald's Sverige<\/p>\n","name":"","title-company":""},"_links":{"self":[{"href":"https:\/\/www.hagainitiativet.se\/en\/wp-json\/wp\/v2\/inlagg\/4907","targetHints":{"allow":["GET"]}}],"collection":[{"href":"https:\/\/www.hagainitiativet.se\/en\/wp-json\/wp\/v2\/inlagg"}],"about":[{"href":"https:\/\/www.hagainitiativet.se\/en\/wp-json\/wp\/v2\/types\/inlagg"}],"wp:featuredmedia":[{"embeddable":true,"href":"https:\/\/www.hagainitiativet.se\/en\/wp-json\/wp\/v2\/media\/4909"}],"wp:attachment":[{"href":"https:\/\/www.hagainitiativet.se\/en\/wp-json\/wp\/v2\/media?parent=4907"}],"wp:term":[{"taxonomy":"kategori","embeddable":true,"href":"https:\/\/www.hagainitiativet.se\/en\/wp-json\/wp\/v2\/kategori?post=4907"}],"curies":[{"name":"wp","href":"https:\/\/api.w.org\/{rel}","templated":true}]}}

Debatt: Omställningen är här – dags att politiken levererar

<p>Idag skriver Hagainitiativets företags-vd:ar en debattartikel i Dagens industri där de i en tillbakablick från 2030.</p>
<p>COP26 var fyllt av initiativ från näringslivet, länder och organisationer som trycker på för <a href="https://calloncarbon.com/">höjda koldioxidpriser</a>, hejda avskogningen, minska metanavgång och snabba upp näringslivets omställning mot nettonoll. 2020-talet kommer att refereras till som ”omställningsåren” där stora investeringar görs. Ett aktivt klimatledarskap kommer att vara avgörande när vi gör en tillbakablick från 2030:</p>
<p>1. 2030 betalar koldioxidutsläppen sina faktiska kostnader.<br />
2. 2030 genomförs utsläppsminskningar i hela värdekedjan och företagen redovisar sitt arbete för att nå sina nettonollmål.<br />
3. 2030 är klimatpolitiken en naturlig del av handelspolitiken.<br />
4. 2030 är företagsvärlden en kontinent av samarbeten mot nettonoll.<br />
5. 2030 har konsumtionsutsläppen halverats med cirkulära flöden.<br />
6. 2030 har vi sett innovationer och skalbarhet i ett årtionde.<br />
7. 2030 hanteras klimatanpassning strategiskt här och globalt.</p>
<p>Nu när COP26 har avslutats är vårt fokus att få jobbet gjort och vi vill jobba strategiskt med andra för att steg för steg ta oss åt rätt håll.</p>
<p>Ylva Wessén, vd och koncernchef, Folksam<br />
Per Arfvidsson, vVD, Lantmännen<br />
Anders Fredriksson, vd, Löfbergs<br />
Lars Appelqvist, vd, HKScan Sweden AB<br />
Magnus Heimburg, vd Preem AB<br />
Fredrik Pettersson, vd Stena Recycling AB<br />
Anders Egelrud, vd Stockholm Exergi<br />
Johan Skoglund, vd och koncernchef JM<br />
Sofie Eliasson Morsink, vd Coca-Cola Europacific Partners Sverige<br />
Joachim Knudsen, vd McDonald's Sverige</p>

<p>Omställningsåren under 2020-talet är i full gång. Vi vd:ar som representerar Hagainitiativet, ser fortsatt stort behov av att näringsliv och politiker engagerar sig strategiskt i EU:s arbete för att påskynda klimatomställningen och gynna konkurrenskraftiga klimatlösningar samt i det internationella klimatarbetet.</p>
<p>Ylva Wessén, vd och koncernchef, Folksam<br />
Per Arfvidsson, vVD, Lantmännen<br />
Anders Fredriksson, vd, Löfbergs<br />
Lars Appelqvist, vd, HKScan Sweden AB<br />
Magnus Heimburg, vd Preem AB<br />
Fredrik Pettersson, vd Stena Recycling AB<br />
Anders Egelrud, vd Stockholm Exergi<br />
Johan Skoglund, vd och koncernchef JM<br />
Sofie Eliasson Morsink, vd Coca-Cola Europacific Partners Sverige<br />
Joachim Knudsen, vd McDonald's Sverige</p>
