{"id":4924,"date":"2021-09-13T13:17:00","date_gmt":"2021-09-13T11:17:00","guid":{"rendered":"https:\/\/www.hagainitiativet.se\/?post_type=inlagg&#038;p=4924"},"modified":"2022-08-15T13:18:33","modified_gmt":"2022-08-15T11:18:33","slug":"se-ett-ar-kvar-klimatpolitiken-i-valet-i-efterhand","status":"publish","type":"inlagg","link":"https:\/\/www.hagainitiativet.se\/en\/inlagg\/se-ett-ar-kvar-klimatpolitiken-i-valet-i-efterhand\/","title":{"rendered":"Se &#8221;Ett \u00e5r kvar &#8211; klimatpolitiken i valet&#8221; i efterhand"},"content":{"rendered":"","protected":false},"excerpt":{"rendered":"","protected":false},"featured_media":4926,"parent":0,"template":"","kategori":[17],"class_list":["post-4924","inlagg","type-inlagg","status-publish","has-post-thumbnail","hentry","kategori-nyheter"],"meta_box":{"show_post_en":"0","text":"<p>Missade du webinariet \"Ett \u00e5r kvar - klimatpolitiken i valen\"? Se webinariet i efterhand genom att klicka p\u00e5 l\u00e4nkarna till h\u00f6ger.<\/p>\n<p>Vi har bjudit in partiernas klimattalespersoner f\u00f6r att dyka ner i partiernas klimatpolitik:<\/p>\n<ul>\n<li>Kommer 2022 vara ett klimatval?<\/li>\n<li>Vilka \u00e4r partiernas viktigaste klimat- och milj\u00f6fr\u00e5gor?<\/li>\n<li>Hur svarar politiken upp p\u00e5 n\u00e4ringslivets omst\u00e4llningsbehov?<\/li>\n<\/ul>\n<p><strong>Medverkande:<\/strong><br \/>\nChristofer Fjellner (M)<br \/>\nRickard Nordin (C)<br \/>\nKjell-Arne Ottosson (KD)<br \/>\nLorentz Tovatt (MP)<br \/>\nMarlene Burwick (S)<br \/>\nJens Holm (V)<br \/>\nHelena Gellerman (L)<br \/>\nKarin B\u00e4ckstrand, professor, SU samt ledamot i Klimatpolitiska r\u00e5det<br \/>\nKarin Stenmar, h\u00e5llbarhetschef, Folksam<br \/>\nUlf Wikstr\u00f6m, h\u00e5llbarhetschef, Stockholm Exergi<br \/>\nDeniz Butros, policy- och kommunikationsansvarig, Hagainitiativet<br \/>\nNina Ekelund, generalsekreterare, Hagainitiativet<\/p>\n","qoute":"<p><a href=\"https:\/\/www.hagainitiativet.se\/files\/2021-09\/1631527231_del-1-webinarium.mp4\">\/files\/2021-09\/1631527231_del-1-webinarium.mp4<\/a><\/p>\n<p><a href=\"https:\/\/www.hagainitiativet.se\/files\/2021-09\/del-2-webinarium.mp4\">\/files\/2021-09\/del-2-webinarium.mp4<\/a><\/p>\n","name":"","title-company":""},"_links":{"self":[{"href":"https:\/\/www.hagainitiativet.se\/en\/wp-json\/wp\/v2\/inlagg\/4924","targetHints":{"allow":["GET"]}}],"collection":[{"href":"https:\/\/www.hagainitiativet.se\/en\/wp-json\/wp\/v2\/inlagg"}],"about":[{"href":"https:\/\/www.hagainitiativet.se\/en\/wp-json\/wp\/v2\/types\/inlagg"}],"wp:featuredmedia":[{"embeddable":true,"href":"https:\/\/www.hagainitiativet.se\/en\/wp-json\/wp\/v2\/media\/4926"}],"wp:attachment":[{"href":"https:\/\/www.hagainitiativet.se\/en\/wp-json\/wp\/v2\/media?parent=4924"}],"wp:term":[{"taxonomy":"kategori","embeddable":true,"href":"https:\/\/www.hagainitiativet.se\/en\/wp-json\/wp\/v2\/kategori?post=4924"}],"curies":[{"name":"wp","href":"https:\/\/api.w.org\/{rel}","templated":true}]}}

Se &#8221;Ett år kvar &#8211; klimatpolitiken i valet&#8221; i efterhand

<p>Missade du webinariet "Ett år kvar - klimatpolitiken i valen"? Se webinariet i efterhand genom att klicka på länkarna till höger.</p>
<p>Vi har bjudit in partiernas klimattalespersoner för att dyka ner i partiernas klimatpolitik:</p>
<ul>
<li>Kommer 2022 vara ett klimatval?</li>
<li>Vilka är partiernas viktigaste klimat- och miljöfrågor?</li>
<li>Hur svarar politiken upp på näringslivets omställningsbehov?</li>
</ul>
<p><strong>Medverkande:</strong><br />
Christofer Fjellner (M)<br />
Rickard Nordin (C)<br />
Kjell-Arne Ottosson (KD)<br />
Lorentz Tovatt (MP)<br />
Marlene Burwick (S)<br />
Jens Holm (V)<br />
Helena Gellerman (L)<br />
Karin Bäckstrand, professor, SU samt ledamot i Klimatpolitiska rådet<br />
Karin Stenmar, hållbarhetschef, Folksam<br />
Ulf Wikström, hållbarhetschef, Stockholm Exergi<br />
Deniz Butros, policy- och kommunikationsansvarig, Hagainitiativet<br />
Nina Ekelund, generalsekreterare, Hagainitiativet</p>
