{"id":4987,"date":"2020-09-16T14:05:00","date_gmt":"2020-09-16T12:05:00","guid":{"rendered":"https:\/\/www.hagainitiativet.se\/?post_type=inlagg&#038;p=4987"},"modified":"2022-08-15T14:06:22","modified_gmt":"2022-08-15T12:06:22","slug":"150-foretagsledare-och-investerare-driver-pa-skarpare-klimatmal-i-eu","status":"publish","type":"inlagg","link":"https:\/\/www.hagainitiativet.se\/en\/inlagg\/150-foretagsledare-och-investerare-driver-pa-skarpare-klimatmal-i-eu\/","title":{"rendered":"150 f\u00f6retagsledare och investerare driver p\u00e5 skarpare klimatm\u00e5l i EU"},"content":{"rendered":"","protected":false},"excerpt":{"rendered":"","protected":false},"featured_media":4989,"parent":0,"template":"","kategori":[17],"class_list":["post-4987","inlagg","type-inlagg","status-publish","has-post-thumbnail","hentry","kategori-nyheter"],"meta_box":{"show_post_en":"0","text":"<p>Hagainitiativet g\u00e5r ihop med flera svenska och utl\u00e4ndska bolag och investerare f\u00f6r att driva p\u00e5 EU att anta vassare klimatm\u00e5l.<\/p>\n<p>Det \u00f6ppna brevet, som riktar sig till EU-kommissionen och statsministrar i Europa, uppmanar till politiskt mod. En ambiti\u00f6s klimatpolitik \u00e4r inte bara n\u00f6dv\u00e4ndig f\u00f6r att klara 1,5-gradersm\u00e5let, det \u00e4r ocks\u00e5 en m\u00f6jlighet att s\u00e4kra en h\u00e5llbar och konkurrenskraftig ekonomi. Brevet uppmanar politikerna till:<\/p>\n<ul>\n<li>Leva upp till ambitionerna som finns i European Green Deal.<\/li>\n<li>Komma med h\u00e5llbara \u00e5terh\u00e4mtningsplaner post Corona som s\u00e4krar gr\u00f6na investeringar som leder till klimatneutralitet.<\/li>\n<li>Komma \u00f6verens om att minska v\u00e4xthusgasutsl\u00e4ppen med minst 55 procent till 2030.<\/li>\n<\/ul>\n<p>De nya 2030-m\u00e5len ska vara en del av EU:s National Determined Contribution (NDC) som l\u00e4mnas in inf\u00f6r klimattoppm\u00f6tet COP26 senast 2020.<\/p>\n<p><a href=\"https:\/\/www.corporateleadersgroup.com\/reports-evidence-and-insights\/ceos-urge-eu-to-raise-emissions-targets\" target=\"_blank\" rel=\"noopener\">L\u00e4s hela brevet h\u00e4r.<\/a><\/p>\n","qoute":"","name":"","title-company":""},"_links":{"self":[{"href":"https:\/\/www.hagainitiativet.se\/en\/wp-json\/wp\/v2\/inlagg\/4987","targetHints":{"allow":["GET"]}}],"collection":[{"href":"https:\/\/www.hagainitiativet.se\/en\/wp-json\/wp\/v2\/inlagg"}],"about":[{"href":"https:\/\/www.hagainitiativet.se\/en\/wp-json\/wp\/v2\/types\/inlagg"}],"wp:featuredmedia":[{"embeddable":true,"href":"https:\/\/www.hagainitiativet.se\/en\/wp-json\/wp\/v2\/media\/4989"}],"wp:attachment":[{"href":"https:\/\/www.hagainitiativet.se\/en\/wp-json\/wp\/v2\/media?parent=4987"}],"wp:term":[{"taxonomy":"kategori","embeddable":true,"href":"https:\/\/www.hagainitiativet.se\/en\/wp-json\/wp\/v2\/kategori?post=4987"}],"curies":[{"name":"wp","href":"https:\/\/api.w.org\/{rel}","templated":true}]}}

150 företagsledare och investerare driver på skarpare klimatmål i EU

<p>Hagainitiativet går ihop med flera svenska och utländska bolag och investerare för att driva på EU att anta vassare klimatmål.</p>
<p>Det öppna brevet, som riktar sig till EU-kommissionen och statsministrar i Europa, uppmanar till politiskt mod. En ambitiös klimatpolitik är inte bara nödvändig för att klara 1,5-gradersmålet, det är också en möjlighet att säkra en hållbar och konkurrenskraftig ekonomi. Brevet uppmanar politikerna till:</p>
<ul>
<li>Leva upp till ambitionerna som finns i European Green Deal.</li>
<li>Komma med hållbara återhämtningsplaner post Corona som säkrar gröna investeringar som leder till klimatneutralitet.</li>
<li>Komma överens om att minska växthusgasutsläppen med minst 55 procent till 2030.</li>
</ul>
<p>De nya 2030-målen ska vara en del av EU:s National Determined Contribution (NDC) som lämnas in inför klimattoppmötet COP26 senast 2020.</p>
<p><a href="https://www.corporateleadersgroup.com/reports-evidence-and-insights/ceos-urge-eu-to-raise-emissions-targets" target="_blank" rel="noopener">Läs hela brevet här.</a></p>
